{"id":141,"date":"2015-03-17T07:13:24","date_gmt":"2015-03-17T07:13:24","guid":{"rendered":"http:\/\/blogsaverroes.juntadeandalucia.es\/pre\/ceip\/?page_id=141"},"modified":"2022-10-20T14:17:21","modified_gmt":"2022-10-20T14:17:21","slug":"escolarizacion","status":"publish","type":"page","link":"https:\/\/blogsaverroes.juntadeandalucia.es\/ceipsantarita\/escolarizacion\/","title":{"rendered":"Escolarizaci\u00f3n"},"content":{"rendered":"<h4 style=\"text-align: justify\">Del 1 al 31 de marzo comienza el periodo ordinario de escolarizaci\u00f3n con la presentaci\u00f3n de solicitudes para el curso escolar 22\/23.<\/h4>\n<h3>El <span style=\"color: #3366ff\">calendario <\/span>de todo el proceso es el siguiente:<\/h3>\n<ul>\n<li>\n<h4><strong>PRESENTACI\u00d3N SOLICITUDES<\/strong>: <span style=\"color: #3366ff\">del 1 al 31 de Marzo<\/span><\/h4>\n<\/li>\n<li>\n<h4><strong>PUBLICACI\u00d3N DE SOLICITUDES RECIBIDAS Y BAREMADAS <\/strong>: <span style=\"color: #3366ff\">14 de abril<\/span><\/h4>\n<\/li>\n<li>\n<h4><strong>SORTEO P\u00daBLICO PARA DESEMPATE<\/strong>: <span style=\"color: #3366ff\">11 de mayo<\/span><\/h4>\n<\/li>\n<li>\n<h4><strong>PUBLICACI\u00d3N LISTAS DE ADMITIDOS<\/strong>: <span style=\"color: #3366ff\">12 de mayo<\/span><\/h4>\n<\/li>\n<li>\n<h4><strong>PUBLICACI\u00d3N LISTAS ADJUDICACION PUESTO ALUMNADO NO ADMITIDO<\/strong>: <span style=\"color: #3366ff\">20 de mayo<\/span><\/h4>\n<\/li>\n<li>\n<h4><strong>MATRICULACI\u00d3N<\/strong>: <span style=\"color: #3366ff\">del 1 al 8 de junio<\/span><\/h4>\n<\/li>\n<li>\n<h4><strong>PUBLICACI\u00d3N VACANTES DESPU\u00c9S DE LA CERTIFICACI\u00d3N DE MATR\u00cdCULA<\/strong>: <span style=\"color: #3366ff\">22 de junio<\/span><\/h4>\n<\/li>\n<li>\n<h4><strong>MATRICULACI\u00d3N CON OCASI\u00d3N DE VACANTE<\/strong>: <span style=\"color: #3366ff\">22 y 23 de junio<\/span><\/h4>\n<\/li>\n<\/ul>\n<h4 style=\"text-align: justify\"><b><span style=\"color: #3366ff\">VACANTES de nue<\/span>stro centro para el curso 22\/23:<\/b><\/h4>\n<table style=\"border-collapse: collapse;width: 102.305%;height: 80px\">\n<tbody>\n<tr>\n<td style=\"width: 10%;text-align: center\"><strong>CURSOS<\/strong><\/td>\n<td style=\"width: 10%;text-align: center\">\n<h5><span style=\"color: #3366ff\"><strong>I-3 a\u00f1os<\/strong><\/span><\/h5>\n<\/td>\n<td style=\"width: 10%;text-align: center\">\n<h5><span style=\"color: #3366ff\"><strong>I- 4 a\u00f1os<\/strong><\/span><\/h5>\n<\/td>\n<td style=\"width: 10%;text-align: center\">\n<h5><span style=\"color: #3366ff\"><strong>I- 5 a\u00f1os<\/strong><\/span><\/h5>\n<\/td>\n<td style=\"width: 10%;text-align: center\">\n<h5><span style=\"color: #3366ff\"><strong>1\u00ba P<\/strong><\/span><\/h5>\n<\/td>\n<td style=\"width: 10%;text-align: center\">\n<h5><span style=\"color: #3366ff\"><strong>2\u00ba P<\/strong><\/span><\/h5>\n<\/td>\n<td style=\"width: 10%;text-align: center\">\n<h5><span style=\"color: #3366ff\"><strong>3\u00ba P<\/strong><\/span><\/h5>\n<\/td>\n<td style=\"width: 10%;text-align: center\">\n<h5><span style=\"color: #3366ff\"><strong>4\u00ba P<\/strong><\/span><\/h5>\n<\/td>\n<td style=\"width: 10%;text-align: center\">\n<h5><span style=\"color: #3366ff\"><strong>5\u00ba P<\/strong><\/span><\/h5>\n<\/td>\n<td style=\"width: 10%;text-align: center\">\n<h5><span style=\"color: #3366ff\"><strong>6\u00ba P<\/strong><\/span><\/h5>\n<\/td>\n<\/tr>\n<tr>\n<td style=\"width: 10%;text-align: center\"><strong>VACANTES<\/strong><\/td>\n<td style=\"width: 10%;text-align: center\">\n<h4>25<\/h4>\n<\/td>\n<td style=\"width: 10%;text-align: center\">\n<h4>10<\/h4>\n<\/td>\n<td style=\"width: 10%;text-align: center\">\n<h4>0<\/h4>\n<\/td>\n<td style=\"width: 10%;text-align: center\">\n<h4>0<\/h4>\n<\/td>\n<td style=\"width: 10%;text-align: center\">\n<h4>0<\/h4>\n<\/td>\n<td style=\"width: 10%;text-align: center\">\n<h4>2<\/h4>\n<\/td>\n<td style=\"width: 10%;text-align: center\">\n<h4>0<\/h4>\n<\/td>\n<td style=\"width: 10%;text-align: center\">\n<h4>15<\/h4>\n<\/td>\n<td style=\"width: 10%;text-align: center\">\n<h4>6<\/h4>\n<\/td>\n<\/tr>\n<\/tbody>\n<\/table>\n<p><a title=\"Proceso para la matriculaci\u00f3n 22\/23\" href=\"https:\/\/view.genial.ly\/628688c2cae8bf0012dc1a66\/interactive-content-ceip-santa-rita-matriculacion-2223\">https:\/\/view.genial.ly\/628688c2cae8bf0012dc1a66\/interactive-content-ceip-santa-rita-matriculacion-2223<\/a><\/p>\n<h3 style=\"text-align: justify\"><strong>Para m\u00e1s informaci\u00f3n puede acceder al portal de escolarizaci\u00f3n de la Junta de Andaluc\u00eda haciendo clic en la imagen.<\/strong><\/h3>\n<p><a href=\"https:\/\/www.juntadeandalucia.es\/educacion\/portals\/web\/escolarizacion\/infantil-a-bachillerato\" rel=\"attachment wp-att-2883\"><img loading=\"lazy\" decoding=\"async\" class=\"aligncenter size-medium wp-image-2883\" src=\"https:\/\/blogsaverroes.juntadeandalucia.es\/ceipsantarita\/files\/2021\/03\/escolarizacion-300x105.jpg\" alt=\"\" width=\"300\" height=\"105\" srcset=\"https:\/\/blogsaverroes.juntadeandalucia.es\/ceipsantarita\/files\/2021\/03\/escolarizacion-300x105.jpg 300w, https:\/\/blogsaverroes.juntadeandalucia.es\/ceipsantarita\/files\/2021\/03\/escolarizacion-768x270.jpg 768w, https:\/\/blogsaverroes.juntadeandalucia.es\/ceipsantarita\/files\/2021\/03\/escolarizacion.jpg 909w\" sizes=\"(max-width: 300px) 100vw, 300px\" \/><\/a><\/p>\n","protected":false},"excerpt":{"rendered":"<p>Del 1 al 31 de marzo comienza el periodo ordinario de escolarizaci\u00f3n con la presentaci\u00f3n de solicitudes para el curso escolar 22\/23. El calendario de todo el proceso es el siguiente: PRESENTACI\u00d3N SOLICITUDES: del 1 al 31 de Marzo PUBLICACI\u00d3N DE SOLICITUDES RECIBIDAS Y BAREMADAS : 14 de abril SORTEO P\u00daBLICO PARA DESEMPATE: 11 de &hellip; <a href=\"https:\/\/blogsaverroes.juntadeandalucia.es\/ceipsantarita\/escolarizacion\/\" class=\"more-link\">Seguir leyendo <span class=\"screen-reader-text\">Escolarizaci\u00f3n<\/span> <span class=\"meta-nav\">&rarr;<\/span><\/a><\/p>\n","protected":false},"author":1,"featured_media":0,"parent":0,"menu_order":0,"comment_status":"closed","ping_status":"open","template":"","meta":{"ngg_post_thumbnail":0,"footnotes":"","_mc_calendar":[]},"aioseo_notices":[],"_links":{"self":[{"href":"https:\/\/blogsaverroes.juntadeandalucia.es\/ceipsantarita\/wp-json\/wp\/v2\/pages\/141"}],"collection":[{"href":"https:\/\/blogsaverroes.juntadeandalucia.es\/ceipsantarita\/wp-json\/wp\/v2\/pages"}],"about":[{"href":"https:\/\/blogsaverroes.juntadeandalucia.es\/ceipsantarita\/wp-json\/wp\/v2\/types\/page"}],"author":[{"embeddable":true,"href":"https:\/\/blogsaverroes.juntadeandalucia.es\/ceipsantarita\/wp-json\/wp\/v2\/users\/1"}],"replies":[{"embeddable":true,"href":"https:\/\/blogsaverroes.juntadeandalucia.es\/ceipsantarita\/wp-json\/wp\/v2\/comments?post=141"}],"version-history":[{"count":25,"href":"https:\/\/blogsaverroes.juntadeandalucia.es\/ceipsantarita\/wp-json\/wp\/v2\/pages\/141\/revisions"}],"predecessor-version":[{"id":3231,"href":"https:\/\/blogsaverroes.juntadeandalucia.es\/ceipsantarita\/wp-json\/wp\/v2\/pages\/141\/revisions\/3231"}],"wp:attachment":[{"href":"https:\/\/blogsaverroes.juntadeandalucia.es\/ceipsantarita\/wp-json\/wp\/v2\/media?parent=141"}],"curies":[{"name":"wp","href":"https:\/\/api.w.org\/{rel}","templated":true}]}}