{"id":2385,"date":"2020-09-01T09:00:05","date_gmt":"2020-09-01T09:00:05","guid":{"rendered":"https:\/\/blogsaverroes.juntadeandalucia.es\/ceipsantarita\/?page_id=2385"},"modified":"2025-11-07T13:34:20","modified_gmt":"2025-11-07T13:34:20","slug":"plan-de-igualdad-2","status":"publish","type":"page","link":"https:\/\/blogsaverroes.juntadeandalucia.es\/ceipsantarita\/planes-y-proyectos\/plan-de-igualdad-2\/","title":{"rendered":"Plan de igualdad"},"content":{"rendered":"<h4><a href=\"https:\/\/blogsaverroes.juntadeandalucia.es\/ceipsantarita\/planes-y-proyectos\/plan-de-igualdad-2\/descarga-1\/\" rel=\"attachment wp-att-2972\"><img loading=\"lazy\" decoding=\"async\" class=\"aligncenter size-full wp-image-2972\" src=\"https:\/\/blogsaverroes.juntadeandalucia.es\/ceipsantarita\/files\/2022\/06\/descarga-1.jpg\" alt=\"\" width=\"263\" height=\"150\"><\/a><\/h4>\n<h4 style=\"text-align: justify\"><strong>El Plan de Igualdad recoge las actuaciones del centro en materia de igualdad, coeducaci\u00f3n y prevenci\u00f3n de la violencia de g\u00e9nero, incluyendo cualquier forma de discriminaci\u00f3n, acoso u hostigamiento, basado en la idea de la inferioridad o superioridad de cualquier orientaci\u00f3n sexual o en la expresi\u00f3n de una identidad de g\u00e9nero diferente a la asignada al nacer.<\/strong><\/h4>\n<h4 style=\"text-align: justify\">Este Plan comparte Blog con el Pacto de Estado para la eliminaci\u00f3n de la violencia de g\u00e9nero ya que en nuestro centro son proyectos que se complementan.<\/h4>\n<h4>Pica en <a href=\"https:\/\/uncolegioenigualdad.blogspot.com\/\">AQU\u00cd<\/a> para acceder.<\/h4>\n<h4><strong>Para conocer nuestra programaci\u00f3n para el curso&nbsp; escolar 18\/19 hacer CLICK en la imagen.<\/strong><\/h4>\n<p><a href=\"https:\/\/drive.google.com\/open?id=1IXhJDaQrwdLtHn8PVLKt8CPN-RoZTYHf\"><img loading=\"lazy\" decoding=\"async\" class=\"aligncenter size-medium wp-image-2566\" src=\"https:\/\/blogsaverroes.juntadeandalucia.es\/ceipsantarita\/files\/2019\/03\/IGUALDAD5-300x123.png\" alt=\"PLAN DE IGUALDAD 18-19\" width=\"300\" height=\"123\" srcset=\"https:\/\/blogsaverroes.juntadeandalucia.es\/ceipsantarita\/files\/2019\/03\/IGUALDAD5-300x123.png 300w, https:\/\/blogsaverroes.juntadeandalucia.es\/ceipsantarita\/files\/2019\/03\/IGUALDAD5-24x10.png 24w, https:\/\/blogsaverroes.juntadeandalucia.es\/ceipsantarita\/files\/2019\/03\/IGUALDAD5-36x15.png 36w, https:\/\/blogsaverroes.juntadeandalucia.es\/ceipsantarita\/files\/2019\/03\/IGUALDAD5-48x20.png 48w, https:\/\/blogsaverroes.juntadeandalucia.es\/ceipsantarita\/files\/2019\/03\/IGUALDAD5.png 351w\" sizes=\"(max-width: 300px) 100vw, 300px\" \/><\/a><\/p>\n<h4>&nbsp;<\/h4>\n<h4><strong>Para conocer nuestra programaci\u00f3n para el curso&nbsp; escolar 19\/20 hacer CLICK en la imagen.<\/strong><\/h4>\n<p><a href=\"https:\/\/view.genial.ly\/5f9af6c387f1e30d1b77a283\/presentation-plan-de-igualdad-de-genero-2021\" rel=\"attachment wp-att-2976\"><img loading=\"lazy\" decoding=\"async\" class=\"aligncenter size-medium wp-image-2976\" src=\"https:\/\/blogsaverroes.juntadeandalucia.es\/ceipsantarita\/files\/2022\/06\/descarga-1-300x118.png\" alt=\"\" width=\"300\" height=\"118\" srcset=\"https:\/\/blogsaverroes.juntadeandalucia.es\/ceipsantarita\/files\/2022\/06\/descarga-1-300x118.png 300w, https:\/\/blogsaverroes.juntadeandalucia.es\/ceipsantarita\/files\/2022\/06\/descarga-1.png 358w\" sizes=\"(max-width: 300px) 100vw, 300px\" \/><\/a><\/p>\n<h4>&nbsp;<\/h4>\n<h4><strong>Para conocer nuestra programaci\u00f3n para el curso&nbsp; escolar 20\/21 hacer CLICK en la imagen.<\/strong><\/h4>\n<p><a href=\"https:\/\/blogsaverroes.juntadeandalucia.es\/ceipsantarita\/planes-y-proyectos\/plan-de-igualdad-2\/descarga-2-2\/\" rel=\"attachment wp-att-2975\"><img loading=\"lazy\" decoding=\"async\" class=\"aligncenter wp-image-2975\" src=\"https:\/\/blogsaverroes.juntadeandalucia.es\/ceipsantarita\/files\/2022\/06\/descarga-2-300x150.jpg\" alt=\"\" width=\"294\" height=\"147\" srcset=\"https:\/\/blogsaverroes.juntadeandalucia.es\/ceipsantarita\/files\/2022\/06\/descarga-2-300x150.jpg 300w, https:\/\/blogsaverroes.juntadeandalucia.es\/ceipsantarita\/files\/2022\/06\/descarga-2.jpg 318w\" sizes=\"(max-width: 294px) 100vw, 294px\" \/><\/a><\/p>\n<h4>&nbsp;<\/h4>\n<h4><strong>Para conocer nuestra programaci\u00f3n para el curso&nbsp; escolar 21\/22 hacer CLICK en la imagen.<\/strong><\/h4>\n<p style=\"text-align: center\"><a href=\"https:\/\/blogsaverroes.juntadeandalucia.es\/ceipsantarita\/planes-y-proyectos\/plan-de-igualdad-2\/descarga-3\/\" rel=\"attachment wp-att-2973\"><img loading=\"lazy\" decoding=\"async\" class=\"aligncenter size-medium wp-image-2973\" src=\"https:\/\/blogsaverroes.juntadeandalucia.es\/ceipsantarita\/files\/2022\/06\/descarga-3-300x139.jpg\" alt=\"\" width=\"300\" height=\"139\" srcset=\"https:\/\/blogsaverroes.juntadeandalucia.es\/ceipsantarita\/files\/2022\/06\/descarga-3-300x139.jpg 300w, https:\/\/blogsaverroes.juntadeandalucia.es\/ceipsantarita\/files\/2022\/06\/descarga-3.jpg 330w\" sizes=\"(max-width: 300px) 100vw, 300px\" \/><\/a><\/p>\n<p>&nbsp;<\/p>\n<p>&nbsp;<\/p>\n<p>&nbsp;<\/p>\n<p><a href=\"https:\/\/blogsaverroes.juntadeandalucia.es\/ceipsantarita\/planes-y-proyectos\/plan-de-igualdad-2\/plan-de-igualdad-santa-rita-2526\/\" rel=\"attachment wp-att-3313\">PLAN DE IGUALDAD SANTA RITA 25\/26<\/a><a href=\"https:\/\/blogsaverroes.juntadeandalucia.es\/ceipsantarita\/planes-y-proyectos\/plan-de-igualdad-2\/plan-de-igualdad-25-26-port\/\" rel=\"attachment wp-att-3314\"><br \/>\n<img loading=\"lazy\" decoding=\"async\" class=\"aligncenter size-medium wp-image-3314\" src=\"https:\/\/blogsaverroes.juntadeandalucia.es\/ceipsantarita\/files\/2025\/11\/PLAN-DE-IGUALDAD-25-26-PORT-209x300.png\" alt=\"\" width=\"209\" height=\"300\" srcset=\"https:\/\/blogsaverroes.juntadeandalucia.es\/ceipsantarita\/files\/2025\/11\/PLAN-DE-IGUALDAD-25-26-PORT-209x300.png 209w, https:\/\/blogsaverroes.juntadeandalucia.es\/ceipsantarita\/files\/2025\/11\/PLAN-DE-IGUALDAD-25-26-PORT.png 664w\" sizes=\"(max-width: 209px) 100vw, 209px\" \/><\/a><\/p>\n","protected":false},"excerpt":{"rendered":"<p>El Plan de Igualdad recoge las actuaciones del centro en materia de igualdad, coeducaci\u00f3n y prevenci\u00f3n de la violencia de g\u00e9nero, incluyendo cualquier forma de discriminaci\u00f3n, acoso u hostigamiento, basado en la idea de la inferioridad o superioridad de cualquier orientaci\u00f3n sexual o en la expresi\u00f3n de una identidad de g\u00e9nero diferente a la asignada &hellip; <a href=\"https:\/\/blogsaverroes.juntadeandalucia.es\/ceipsantarita\/planes-y-proyectos\/plan-de-igualdad-2\/\" class=\"more-link\">Seguir leyendo <span class=\"screen-reader-text\">Plan de igualdad<\/span> <span class=\"meta-nav\">&rarr;<\/span><\/a><\/p>\n","protected":false},"author":6059,"featured_media":0,"parent":44,"menu_order":0,"comment_status":"closed","ping_status":"closed","template":"","meta":{"ngg_post_thumbnail":0,"footnotes":"","_mc_calendar":[]},"aioseo_notices":[],"_links":{"self":[{"href":"https:\/\/blogsaverroes.juntadeandalucia.es\/ceipsantarita\/wp-json\/wp\/v2\/pages\/2385"}],"collection":[{"href":"https:\/\/blogsaverroes.juntadeandalucia.es\/ceipsantarita\/wp-json\/wp\/v2\/pages"}],"about":[{"href":"https:\/\/blogsaverroes.juntadeandalucia.es\/ceipsantarita\/wp-json\/wp\/v2\/types\/page"}],"author":[{"embeddable":true,"href":"https:\/\/blogsaverroes.juntadeandalucia.es\/ceipsantarita\/wp-json\/wp\/v2\/users\/6059"}],"replies":[{"embeddable":true,"href":"https:\/\/blogsaverroes.juntadeandalucia.es\/ceipsantarita\/wp-json\/wp\/v2\/comments?post=2385"}],"version-history":[{"count":11,"href":"https:\/\/blogsaverroes.juntadeandalucia.es\/ceipsantarita\/wp-json\/wp\/v2\/pages\/2385\/revisions"}],"predecessor-version":[{"id":3315,"href":"https:\/\/blogsaverroes.juntadeandalucia.es\/ceipsantarita\/wp-json\/wp\/v2\/pages\/2385\/revisions\/3315"}],"up":[{"embeddable":true,"href":"https:\/\/blogsaverroes.juntadeandalucia.es\/ceipsantarita\/wp-json\/wp\/v2\/pages\/44"}],"wp:attachment":[{"href":"https:\/\/blogsaverroes.juntadeandalucia.es\/ceipsantarita\/wp-json\/wp\/v2\/media?parent=2385"}],"curies":[{"name":"wp","href":"https:\/\/api.w.org\/{rel}","templated":true}]}}