{"id":2390,"date":"2019-03-10T19:01:08","date_gmt":"2019-03-10T19:01:08","guid":{"rendered":"https:\/\/blogsaverroes.juntadeandalucia.es\/ceipsantarita\/?page_id=2390"},"modified":"2025-11-07T12:04:44","modified_gmt":"2025-11-07T12:04:44","slug":"proyecto-educativo-2","status":"publish","type":"page","link":"https:\/\/blogsaverroes.juntadeandalucia.es\/ceipsantarita\/proyecto-educativo-2\/","title":{"rendered":"Proyecto educativo"},"content":{"rendered":"<h4 style=\"text-align: justify\"><strong>&nbsp;El proyecto educativo constituye las se\u00f1as de identidad del centro docente y expresa la educaci\u00f3n que desea y va a desarrollar en unas condiciones concretas, por lo que contempla los valores, los objetivos y las prioridades de actuaci\u00f3n, no limit\u00e1ndose s\u00f3lo a los aspectos curriculares, sino tambi\u00e9n a aquellos otros que, desde un punto de vista cultural, hacen del centro un elemento dinamizador de la zona donde est\u00e1 ubicado.<\/strong><\/h4>\n<h4 style=\"text-align: justify\"><strong>El proyecto educativo define los objetivos particulares que el centro se propone alcanzar, partiendo de nuestra realidad y tomando como referencia la<\/strong><\/h4>\n<h3 class=\"documento-tit\">Ley Org\u00e1nica 3\/2020, de 29 de diciembre, por la que se modifica la Ley Org\u00e1nica 2\/2006, de 3 de mayo, de Educaci\u00f3n, <strong>acerca de los principios que orientan cada una de las etapas educativas que se imparten en el mismo y las correspondientes prescripciones acerca del curr\u00edculo.<\/strong><\/h3>\n<h4><strong>Para conocer nuestro Proyecto Educativo, pulsar sobre la imagen.<\/strong><\/h4>\n<p><a href=\"https:\/\/drive.google.com\/drive\/u\/1\/recent\"><img loading=\"lazy\" decoding=\"async\" class=\"wp-image-3307 size-medium aligncenter\" src=\"https:\/\/blogsaverroes.juntadeandalucia.es\/ceipsantarita\/files\/2025\/11\/PORTADA_page-0001-212x300.jpg\" alt=\"\" width=\"212\" height=\"300\" srcset=\"https:\/\/blogsaverroes.juntadeandalucia.es\/ceipsantarita\/files\/2025\/11\/PORTADA_page-0001-212x300.jpg 212w, https:\/\/blogsaverroes.juntadeandalucia.es\/ceipsantarita\/files\/2025\/11\/PORTADA_page-0001-724x1024.jpg 724w, https:\/\/blogsaverroes.juntadeandalucia.es\/ceipsantarita\/files\/2025\/11\/PORTADA_page-0001-768x1087.jpg 768w, https:\/\/blogsaverroes.juntadeandalucia.es\/ceipsantarita\/files\/2025\/11\/PORTADA_page-0001-1085x1536.jpg 1085w, https:\/\/blogsaverroes.juntadeandalucia.es\/ceipsantarita\/files\/2025\/11\/PORTADA_page-0001.jpg 1130w\" sizes=\"(max-width: 212px) 100vw, 212px\" \/><\/a><\/p>\n","protected":false},"excerpt":{"rendered":"<p>&nbsp;El proyecto educativo constituye las se\u00f1as de identidad del centro docente y expresa la educaci\u00f3n que desea y va a desarrollar en unas condiciones concretas, por lo que contempla los valores, los objetivos y las prioridades de actuaci\u00f3n, no limit\u00e1ndose s\u00f3lo a los aspectos curriculares, sino tambi\u00e9n a aquellos otros que, desde un punto de &hellip; <a href=\"https:\/\/blogsaverroes.juntadeandalucia.es\/ceipsantarita\/proyecto-educativo-2\/\" class=\"more-link\">Seguir leyendo <span class=\"screen-reader-text\">Proyecto educativo<\/span> <span class=\"meta-nav\">&rarr;<\/span><\/a><\/p>\n","protected":false},"author":6059,"featured_media":0,"parent":0,"menu_order":0,"comment_status":"closed","ping_status":"closed","template":"","meta":{"ngg_post_thumbnail":0,"footnotes":"","_mc_calendar":[]},"aioseo_notices":[],"_links":{"self":[{"href":"https:\/\/blogsaverroes.juntadeandalucia.es\/ceipsantarita\/wp-json\/wp\/v2\/pages\/2390"}],"collection":[{"href":"https:\/\/blogsaverroes.juntadeandalucia.es\/ceipsantarita\/wp-json\/wp\/v2\/pages"}],"about":[{"href":"https:\/\/blogsaverroes.juntadeandalucia.es\/ceipsantarita\/wp-json\/wp\/v2\/types\/page"}],"author":[{"embeddable":true,"href":"https:\/\/blogsaverroes.juntadeandalucia.es\/ceipsantarita\/wp-json\/wp\/v2\/users\/6059"}],"replies":[{"embeddable":true,"href":"https:\/\/blogsaverroes.juntadeandalucia.es\/ceipsantarita\/wp-json\/wp\/v2\/comments?post=2390"}],"version-history":[{"count":8,"href":"https:\/\/blogsaverroes.juntadeandalucia.es\/ceipsantarita\/wp-json\/wp\/v2\/pages\/2390\/revisions"}],"predecessor-version":[{"id":3309,"href":"https:\/\/blogsaverroes.juntadeandalucia.es\/ceipsantarita\/wp-json\/wp\/v2\/pages\/2390\/revisions\/3309"}],"wp:attachment":[{"href":"https:\/\/blogsaverroes.juntadeandalucia.es\/ceipsantarita\/wp-json\/wp\/v2\/media?parent=2390"}],"curies":[{"name":"wp","href":"https:\/\/api.w.org\/{rel}","templated":true}]}}