{"id":2394,"date":"2019-03-10T19:02:07","date_gmt":"2019-03-10T19:02:07","guid":{"rendered":"https:\/\/blogsaverroes.juntadeandalucia.es\/ceipsantarita\/?page_id=2394"},"modified":"2019-03-11T12:23:51","modified_gmt":"2019-03-11T12:23:51","slug":"proyecto-de-gestion","status":"publish","type":"page","link":"https:\/\/blogsaverroes.juntadeandalucia.es\/ceipsantarita\/proyecto-de-gestion\/","title":{"rendered":"Proyecto de Gesti\u00f3n"},"content":{"rendered":"<h4 style=\"text-align: justify\"><strong>&nbsp;El proyecto de gesti\u00f3n recoge la ordenaci\u00f3n y utilizaci\u00f3n de los recursos del centro, tanto materiales como humanos.<\/strong><\/h4>\n<h4><strong>Para conocer nuestro Proyecto de gesti\u00f3n, pulsar en la imagen.<\/strong><\/h4>\n<p>&nbsp;<\/p>\n<p><a href=\"https:\/\/drive.google.com\/open?id=1z7KA1IS5cIPKs34es6_Ui3W1x-89ssH_\"><img loading=\"lazy\" decoding=\"async\" class=\"aligncenter size-medium wp-image-2413\" src=\"https:\/\/blogsaverroes.juntadeandalucia.es\/ceipsantarita\/files\/2019\/03\/PORTADA-PROYECTO-DE-GESTION-187x300.jpg\" alt=\"PROYECTO DE GESTION\" width=\"187\" height=\"300\" srcset=\"https:\/\/blogsaverroes.juntadeandalucia.es\/ceipsantarita\/files\/2019\/03\/PORTADA-PROYECTO-DE-GESTION-187x300.jpg 187w, https:\/\/blogsaverroes.juntadeandalucia.es\/ceipsantarita\/files\/2019\/03\/PORTADA-PROYECTO-DE-GESTION-15x24.jpg 15w, https:\/\/blogsaverroes.juntadeandalucia.es\/ceipsantarita\/files\/2019\/03\/PORTADA-PROYECTO-DE-GESTION-22x36.jpg 22w, https:\/\/blogsaverroes.juntadeandalucia.es\/ceipsantarita\/files\/2019\/03\/PORTADA-PROYECTO-DE-GESTION-30x48.jpg 30w, https:\/\/blogsaverroes.juntadeandalucia.es\/ceipsantarita\/files\/2019\/03\/PORTADA-PROYECTO-DE-GESTION.jpg 435w\" sizes=\"(max-width: 187px) 100vw, 187px\" \/><\/a><\/p>\n","protected":false},"excerpt":{"rendered":"<p>&nbsp;El proyecto de gesti\u00f3n recoge la ordenaci\u00f3n y utilizaci\u00f3n de los recursos del centro, tanto materiales como humanos. Para conocer nuestro Proyecto de gesti\u00f3n, pulsar en la imagen. &nbsp;<\/p>\n","protected":false},"author":6059,"featured_media":0,"parent":0,"menu_order":0,"comment_status":"closed","ping_status":"closed","template":"","meta":{"ngg_post_thumbnail":0,"footnotes":"","_mc_calendar":[]},"aioseo_notices":[],"_links":{"self":[{"href":"https:\/\/blogsaverroes.juntadeandalucia.es\/ceipsantarita\/wp-json\/wp\/v2\/pages\/2394"}],"collection":[{"href":"https:\/\/blogsaverroes.juntadeandalucia.es\/ceipsantarita\/wp-json\/wp\/v2\/pages"}],"about":[{"href":"https:\/\/blogsaverroes.juntadeandalucia.es\/ceipsantarita\/wp-json\/wp\/v2\/types\/page"}],"author":[{"embeddable":true,"href":"https:\/\/blogsaverroes.juntadeandalucia.es\/ceipsantarita\/wp-json\/wp\/v2\/users\/6059"}],"replies":[{"embeddable":true,"href":"https:\/\/blogsaverroes.juntadeandalucia.es\/ceipsantarita\/wp-json\/wp\/v2\/comments?post=2394"}],"version-history":[{"count":4,"href":"https:\/\/blogsaverroes.juntadeandalucia.es\/ceipsantarita\/wp-json\/wp\/v2\/pages\/2394\/revisions"}],"predecessor-version":[{"id":2424,"href":"https:\/\/blogsaverroes.juntadeandalucia.es\/ceipsantarita\/wp-json\/wp\/v2\/pages\/2394\/revisions\/2424"}],"wp:attachment":[{"href":"https:\/\/blogsaverroes.juntadeandalucia.es\/ceipsantarita\/wp-json\/wp\/v2\/media?parent=2394"}],"curies":[{"name":"wp","href":"https:\/\/api.w.org\/{rel}","templated":true}]}}

Proyecto de Gestión

<h4 style="text-align: justify"><strong>&nbsp;El proyecto de gestión recoge la ordenación y utilización de los recursos del centro, tanto materiales como humanos.</strong></h4>
<h4><strong>Para conocer nuestro Proyecto de gestión, pulsar en la imagen.</strong></h4>
<p>&nbsp;</p>
<p><a href="https://drive.google.com/open?id=1z7KA1IS5cIPKs34es6_Ui3W1x-89ssH_"><img loading="lazy" decoding="async" class="aligncenter size-medium wp-image-2413" src="https://blogsaverroes.juntadeandalucia.es/ceipsantarita/files/2019/03/PORTADA-PROYECTO-DE-GESTION-187x300.jpg" alt="PROYECTO DE GESTION" width="187" height="300" srcset="https://blogsaverroes.juntadeandalucia.es/ceipsantarita/files/2019/03/PORTADA-PROYECTO-DE-GESTION-187x300.jpg 187w, https://blogsaverroes.juntadeandalucia.es/ceipsantarita/files/2019/03/PORTADA-PROYECTO-DE-GESTION-15x24.jpg 15w, https://blogsaverroes.juntadeandalucia.es/ceipsantarita/files/2019/03/PORTADA-PROYECTO-DE-GESTION-22x36.jpg 22w, https://blogsaverroes.juntadeandalucia.es/ceipsantarita/files/2019/03/PORTADA-PROYECTO-DE-GESTION-30x48.jpg 30w, https://blogsaverroes.juntadeandalucia.es/ceipsantarita/files/2019/03/PORTADA-PROYECTO-DE-GESTION.jpg 435w" sizes="(max-width: 187px) 100vw, 187px" /></a></p>

<p>&nbsp;El proyecto de gestión recoge la ordenación y utilización de los recursos del centro, tanto materiales como humanos. Para conocer nuestro Proyecto de gestión, pulsar en la imagen. &nbsp;</p>
