{"id":2594,"date":"2019-03-18T09:37:33","date_gmt":"2019-03-18T09:37:33","guid":{"rendered":"https:\/\/blogsaverroes.juntadeandalucia.es\/ceipsantarita\/?page_id=2594"},"modified":"2022-06-13T19:00:34","modified_gmt":"2022-06-13T19:00:34","slug":"plan-de-salud-laboral-y-prl","status":"publish","type":"page","link":"https:\/\/blogsaverroes.juntadeandalucia.es\/ceipsantarita\/plan-de-salud-laboral-y-prl\/","title":{"rendered":"Plan de autoprotecci\u00f3n escolar"},"content":{"rendered":"<h4 style=\"text-align: justify\"><strong>El Plan de autoprotecci\u00f3n escolar es el documento que recoge el conjunto de medidas dise\u00f1adas e implantadas para evitar la materializaci\u00f3n de situaciones de emergencia, y en su caso, para minimizar las consecuencias derivadas de un siniestro y optimizar los recursos disponibles existentes al respecto.<\/strong><\/h4>\n<h4 style=\"text-align: justify\"><strong>Toda esa informaci\u00f3n debe estar recogida y dada a conocer a todos los ocupantes del centro para evitar respuestas improvisadas que conduzcan a la desorganizaci\u00f3n y al caos durante una eventual y urgente evacuaci\u00f3n o confinamiento.<\/strong><\/h4>\n<h4><strong>Para conocer nuestro Plan de Autoprotecci\u00f3n pulsar en la imagen.<\/strong><\/h4>\n<p><a href=\"https:\/\/drive.google.com\/open?id=1Ix0fB9Z0GvvG4oCGpptiD6A1ofaI80HK\"><img loading=\"lazy\" decoding=\"async\" class=\"aligncenter size-medium wp-image-2608\" src=\"https:\/\/blogsaverroes.juntadeandalucia.es\/ceipsantarita\/files\/2019\/03\/plan-autoproteccion-208x300.jpg\" alt=\"\" width=\"208\" height=\"300\" srcset=\"https:\/\/blogsaverroes.juntadeandalucia.es\/ceipsantarita\/files\/2019\/03\/plan-autoproteccion-208x300.jpg 208w, https:\/\/blogsaverroes.juntadeandalucia.es\/ceipsantarita\/files\/2019\/03\/plan-autoproteccion-17x24.jpg 17w, https:\/\/blogsaverroes.juntadeandalucia.es\/ceipsantarita\/files\/2019\/03\/plan-autoproteccion-25x36.jpg 25w, https:\/\/blogsaverroes.juntadeandalucia.es\/ceipsantarita\/files\/2019\/03\/plan-autoproteccion-33x48.jpg 33w, https:\/\/blogsaverroes.juntadeandalucia.es\/ceipsantarita\/files\/2019\/03\/plan-autoproteccion.jpg 467w\" sizes=\"(max-width: 208px) 100vw, 208px\" \/><\/a><\/p>\n<p>&nbsp;<\/p>\n","protected":false},"excerpt":{"rendered":"<p>El Plan de autoprotecci\u00f3n escolar es el documento que recoge el conjunto de medidas dise\u00f1adas e implantadas para evitar la materializaci\u00f3n de situaciones de emergencia, y en su caso, para minimizar las consecuencias derivadas de un siniestro y optimizar los recursos disponibles existentes al respecto. Toda esa informaci\u00f3n debe estar recogida y dada a conocer &hellip; <a href=\"https:\/\/blogsaverroes.juntadeandalucia.es\/ceipsantarita\/plan-de-salud-laboral-y-prl\/\" class=\"more-link\">Seguir leyendo <span class=\"screen-reader-text\">Plan de autoprotecci\u00f3n escolar<\/span> <span class=\"meta-nav\">&rarr;<\/span><\/a><\/p>\n","protected":false},"author":6059,"featured_media":0,"parent":0,"menu_order":0,"comment_status":"closed","ping_status":"closed","template":"","meta":{"ngg_post_thumbnail":0,"footnotes":"","_mc_calendar":[]},"aioseo_notices":[],"_links":{"self":[{"href":"https:\/\/blogsaverroes.juntadeandalucia.es\/ceipsantarita\/wp-json\/wp\/v2\/pages\/2594"}],"collection":[{"href":"https:\/\/blogsaverroes.juntadeandalucia.es\/ceipsantarita\/wp-json\/wp\/v2\/pages"}],"about":[{"href":"https:\/\/blogsaverroes.juntadeandalucia.es\/ceipsantarita\/wp-json\/wp\/v2\/types\/page"}],"author":[{"embeddable":true,"href":"https:\/\/blogsaverroes.juntadeandalucia.es\/ceipsantarita\/wp-json\/wp\/v2\/users\/6059"}],"replies":[{"embeddable":true,"href":"https:\/\/blogsaverroes.juntadeandalucia.es\/ceipsantarita\/wp-json\/wp\/v2\/comments?post=2594"}],"version-history":[{"count":3,"href":"https:\/\/blogsaverroes.juntadeandalucia.es\/ceipsantarita\/wp-json\/wp\/v2\/pages\/2594\/revisions"}],"predecessor-version":[{"id":2609,"href":"https:\/\/blogsaverroes.juntadeandalucia.es\/ceipsantarita\/wp-json\/wp\/v2\/pages\/2594\/revisions\/2609"}],"wp:attachment":[{"href":"https:\/\/blogsaverroes.juntadeandalucia.es\/ceipsantarita\/wp-json\/wp\/v2\/media?parent=2594"}],"curies":[{"name":"wp","href":"https:\/\/api.w.org\/{rel}","templated":true}]}}