{"id":645,"date":"2022-10-28T21:13:02","date_gmt":"2022-10-28T20:13:02","guid":{"rendered":"https:\/\/blogsaverroes.juntadeandalucia.es\/ceipsantateresadejesus\/?page_id=645"},"modified":"2024-02-16T13:03:00","modified_gmt":"2024-02-16T12:03:00","slug":"tutoriales-tde","status":"publish","type":"page","link":"https:\/\/blogsaverroes.juntadeandalucia.es\/ceipsantateresadejesus\/tutoriales-tde\/","title":{"rendered":"Tutoriales TDE"},"content":{"rendered":"<p><a href=\"https:\/\/www.youtube.com\/watch?v=KHzzuL2mjjg&amp;list=PL8De6Amws90UybbpFSewM6Lxo_UQ539T3\">Consulta de calificaciones<\/a><\/p>\n<p><a href=\"https:\/\/www.youtube.com\/watch?v=MhsOG3JunCY&amp;list=PLQUwUJU9roNOMAlMD5cB982D_mbsPSGUQ\"><span style=\"font-weight: 400\">Punto de recogida, autorizaciones y firmas<\/span><\/a><\/p>\n<p><a href=\"https:\/\/descargarpasen.com\/recuperar-la-contrasena-ipasen\"><span style=\"font-weight: 400\">Recuperaci\u00f3n de contrase\u00f1a (texto)<\/span><\/a><\/p>\n<p><a href=\"https:\/\/www.youtube.com\/watch?v=OR7r9OcG8sE&amp;t=5s\">Recuperaci\u00f3n de contrase\u00f1a (v\u00eddeo)<\/a><\/p>\n","protected":false},"excerpt":{"rendered":"<p>Consulta de calificaciones Punto de recogida, autorizaciones y firmas Recuperaci\u00f3n de contrase\u00f1a (texto) Recuperaci\u00f3n de contrase\u00f1a (v\u00eddeo)<\/p>\n","protected":false},"author":16038,"featured_media":0,"parent":0,"menu_order":0,"comment_status":"closed","ping_status":"closed","template":"","meta":{"ngg_post_thumbnail":0,"footnotes":""},"aioseo_notices":[],"_links":{"self":[{"href":"https:\/\/blogsaverroes.juntadeandalucia.es\/ceipsantateresadejesus\/wp-json\/wp\/v2\/pages\/645"}],"collection":[{"href":"https:\/\/blogsaverroes.juntadeandalucia.es\/ceipsantateresadejesus\/wp-json\/wp\/v2\/pages"}],"about":[{"href":"https:\/\/blogsaverroes.juntadeandalucia.es\/ceipsantateresadejesus\/wp-json\/wp\/v2\/types\/page"}],"author":[{"embeddable":true,"href":"https:\/\/blogsaverroes.juntadeandalucia.es\/ceipsantateresadejesus\/wp-json\/wp\/v2\/users\/16038"}],"replies":[{"embeddable":true,"href":"https:\/\/blogsaverroes.juntadeandalucia.es\/ceipsantateresadejesus\/wp-json\/wp\/v2\/comments?post=645"}],"version-history":[{"count":9,"href":"https:\/\/blogsaverroes.juntadeandalucia.es\/ceipsantateresadejesus\/wp-json\/wp\/v2\/pages\/645\/revisions"}],"predecessor-version":[{"id":1914,"href":"https:\/\/blogsaverroes.juntadeandalucia.es\/ceipsantateresadejesus\/wp-json\/wp\/v2\/pages\/645\/revisions\/1914"}],"wp:attachment":[{"href":"https:\/\/blogsaverroes.juntadeandalucia.es\/ceipsantateresadejesus\/wp-json\/wp\/v2\/media?parent=645"}],"curies":[{"name":"wp","href":"https:\/\/api.w.org\/{rel}","templated":true}]}}