{"id":198,"date":"2015-03-17T09:55:36","date_gmt":"2015-03-17T09:55:36","guid":{"rendered":"http:\/\/blogsaverroes.juntadeandalucia.es\/pre\/ceip\/?page_id=198"},"modified":"2023-09-19T15:39:27","modified_gmt":"2023-09-19T15:39:27","slug":"que-es-el-ampa","status":"publish","type":"page","link":"https:\/\/blogsaverroes.juntadeandalucia.es\/ceipsantateresaestepa\/que-es-el-ampa\/","title":{"rendered":"AMPA"},"content":{"rendered":"<p><a href=\"https:\/\/blogsaverroes.juntadeandalucia.es\/ceipsantateresaestepa\/files\/2023\/09\/WhatsApp-Image-2023-09-18-at-19.00.34.jpeg\"><img loading=\"lazy\" decoding=\"async\" class=\"alignnone size-full wp-image-3949\" src=\"https:\/\/blogsaverroes.juntadeandalucia.es\/ceipsantateresaestepa\/files\/2023\/09\/WhatsApp-Image-2023-09-18-at-19.00.34.jpeg\" alt=\"\" width=\"1080\" height=\"1080\" srcset=\"https:\/\/blogsaverroes.juntadeandalucia.es\/ceipsantateresaestepa\/files\/2023\/09\/WhatsApp-Image-2023-09-18-at-19.00.34.jpeg 1080w, https:\/\/blogsaverroes.juntadeandalucia.es\/ceipsantateresaestepa\/files\/2023\/09\/WhatsApp-Image-2023-09-18-at-19.00.34-300x300.jpeg 300w, https:\/\/blogsaverroes.juntadeandalucia.es\/ceipsantateresaestepa\/files\/2023\/09\/WhatsApp-Image-2023-09-18-at-19.00.34-1024x1024.jpeg 1024w, https:\/\/blogsaverroes.juntadeandalucia.es\/ceipsantateresaestepa\/files\/2023\/09\/WhatsApp-Image-2023-09-18-at-19.00.34-150x150.jpeg 150w, https:\/\/blogsaverroes.juntadeandalucia.es\/ceipsantateresaestepa\/files\/2023\/09\/WhatsApp-Image-2023-09-18-at-19.00.34-768x768.jpeg 768w, https:\/\/blogsaverroes.juntadeandalucia.es\/ceipsantateresaestepa\/files\/2023\/09\/WhatsApp-Image-2023-09-18-at-19.00.34-80x80.jpeg 80w, https:\/\/blogsaverroes.juntadeandalucia.es\/ceipsantateresaestepa\/files\/2023\/09\/WhatsApp-Image-2023-09-18-at-19.00.34-320x320.jpeg 320w\" sizes=\"(max-width: 1080px) 100vw, 1080px\" \/><\/a><\/p>\n<p style=\"text-align: left\"><a href=\"http:\/\/blogsaverroes.juntadeandalucia.es\/ceipsantateresaestepa\/files\/2015\/03\/familia.png\">PRIMER CONCURSO DE PUERTAS NAVIDE\u00d1AS. ORGANIZADO POR AMPA EL CAHIZ<\/a><\/p>\n<p style=\"text-align: left\">&nbsp;<\/p>\nngg_shortcode_0_placeholder\n<p style=\"text-align: left\"><a href=\"http:\/\/blogsaverroes.juntadeandalucia.es\/ceipsantateresaestepa\/files\/2015\/03\/familia.png\"><br \/>\n<img loading=\"lazy\" decoding=\"async\" class=\"aligncenter wp-image-243 size-medium\" src=\"http:\/\/blogsaverroes.juntadeandalucia.es\/ceipsantateresaestepa\/files\/2015\/03\/familia-300x193.png\" alt=\"\" width=\"300\" height=\"193\" srcset=\"https:\/\/blogsaverroes.juntadeandalucia.es\/ceipsantateresaestepa\/files\/2015\/03\/familia-300x193.png 300w, https:\/\/blogsaverroes.juntadeandalucia.es\/ceipsantateresaestepa\/files\/2015\/03\/familia-1024x661.png 1024w, https:\/\/blogsaverroes.juntadeandalucia.es\/ceipsantateresaestepa\/files\/2015\/03\/familia.png 1280w\" sizes=\"(max-width: 300px) 100vw, 300px\" \/><\/a>El <strong>AMPA<\/strong> es una asociaci\u00f3n sin \u00e1nimo de lucro que formada por los padres y madres de todo el alumnado del Colegio.<\/p>\n<p>Es un punto de encuentro y de trabajo independiente, abierto y plural.<\/p>\n<p>Desde el AMPA podemos contribuir a la mejora de la calidad de la educaci\u00f3n, la convivencia del centro y de las instalaciones.<\/p>\n<h3>\u00bfpor qu\u00e9 es importante vuestra participaci\u00f3n?<\/h3>\n<p>En el colegio existen espacios de participaci\u00f3n, siendo el AMPA &nbsp;el \u00fanico espacio de participaci\u00f3n aut\u00f3nomo de padres y madres. El AMPA es importante porque:<\/p>\n<ul>\n<li>Somos corresponsables de la educaci\u00f3n que nuestros hijos\/as reciben en el colegio.<\/li>\n<li>Es un espacio para aportar iniciativas y trabajar con la direcci\u00f3n del Centro, sin depender de esta.<\/li>\n<\/ul>\n<h3>\u00bfc\u00f3mo puedes participar?<\/h3>\n<p>Participar en el AMPA es muy f\u00e1cil y cada uno decide el nivel de implicaci\u00f3n.<\/p>\n<ul>\n<li>Podemos asociarnos en cualquier momento, aunque se entrega a las familias una ficha de inscripci\u00f3n con la matr\u00edcula en la que se indica la cuota anual por cada familia (la cuota es por familia no por ni\u00f1o\/a)<\/li>\n<li>Podemos tambi\u00e9n participar a trav\u00e9s de las asambleas, incorpor\u00e1ndote a las reuniones&nbsp;abiertas que se convoquen.<\/li>\n<li>Podemos colaborar en los diferentes grupos de trabajo o&nbsp;en actividades puntuales que se organizan desde el AMPA a lo largo del curso.<\/li>\n<li>Podemos proponer iniciativas, plantear temas de debate, organizar actividades, etc., &nbsp;dirigi\u00e9ndote a cualquier miembro de la junta directiva o a trav\u00e9s del blog.<\/li>\n<\/ul>\n<p>Como ves, hay muchas formas de participar y es muy importante que m\u00e1s padres y madres pasemos a la participa-ACCI\u00d3N,&nbsp;&nbsp;de forma activa y colectiva.<\/p>\n<h3>\u00bfpara qu\u00e9 sirve?<\/h3>\n<ul>\n<li>Para defender y velar por el derecho a una educaci\u00f3n de calidad, democr\u00e1tica, atendiendo a las necesidades de todos los ni\u00f1os\/as &nbsp;y cr\u00edtica.<\/li>\n<li>Para promover la participaci\u00f3n de padres y madres en la vida del centro, defendiendo los intereses del alumnado y de toda la comunidad educativa.<\/li>\n<li>Para buscar soluciones de forma colectiva a temas relacionados con la ense\u00f1anza y educaci\u00f3n de nuestros hijos\/as.<\/li>\n<li>Para crear espacios de encuentro y trabajo en el resto de la comunidad educativa y con el entorno.<\/li>\n<li>Para crear espacios de reflexi\u00f3n y participaci\u00f3n compartida sobre la educaci\u00f3n de nuestros hijos\/as<br \/>\nPara participar en la gesti\u00f3n del colegio.<\/li>\n<\/ul>\n<h3>\u00bfc\u00f3mo se financia?<\/h3>\n<p>El AMPA &nbsp;se financia a trav\u00e9s de las cuotas de socios\/as.<br \/>\nLa cuota de socios\/as es el \u00fanico pago que realizan las familias y que gestiona el AMPA para el beneficio exclusivo de la comunidad educativa y en definitiva de la educaci\u00f3n que reciben&nbsp; nuestros hijos\/as en el centro.<\/p>\n<p class=\"western\" lang=\"es-ES\">En este apartado, reservado para la AMPA \u00bb El Cahiz \u00bb iremos colocando todo lo que ellos nos proporcionen: objetivos, componentes, actividades, cursos, talleres, etc.<\/p>\n<p class=\"western\" lang=\"es-ES\">La AMPA El Cah\u00edz es una Asociaci\u00f3n formada por padres y madres de alumnos\/as del CEIP Santa Teresa de Estepa. Representa a las familias ante la comunidad educativa. Nuestra asociaci\u00f3n promueve iniciativas de mejora en el colegio donde estudian nuestros\/as hijos\/as. Presta ayuda y colaboraci\u00f3n a las familias en temas que afectan a la educaci\u00f3n de sus hijos\/as, participando en las actividades del colegio y desarrollando nuevos proyectos. Nuestra asociaci\u00f3n es aconfesional, apol\u00edtica y sin \u00e1nimo de lucro. Nuestro m\u00e1ximo inter\u00e9s es la educaci\u00f3n de nuestros hijos\/as y por eso fomentamos la relaci\u00f3n entre las familias y la Escuela.<\/p>\n<p class=\"western\" lang=\"es-ES\">Son funciones de la AMPA:<\/p>\n<p class=\"western\" lang=\"es-ES\">&#8211; Informar y asesorar a los padres y madres de las actividades propias de la AMPA de forma individual y colectiva.<\/p>\n<p class=\"western\" lang=\"es-ES\">&#8211; Potenciar la formaci\u00f3n para la participaci\u00f3n de la familia en la vida del centro y en sus \u00f3rganos de gobierno.<\/p>\n<p class=\"western\" lang=\"es-ES\">&#8211; Promover la calidad educativa.<\/p>\n<p class=\"western\" lang=\"es-ES\">&#8211; Colaborar, con el profesorado y el alumnado, para el buen funcionamiento del Centro.<\/p>\n<p class=\"western\" lang=\"es-ES\">&#8211; Fomentar la convivencia entre la comunidad educativa.<\/p>\n<p class=\"western\" lang=\"es-ES\">&#8211; Realizar actividades de car\u00e1cter educativo que refuercen los valores y objetivos del Proyecto Educativo del Centro.<\/p>\n<p class=\"western\" lang=\"es-ES\">&#8211; Facilitar las actividades educativas y todo aquello que establezcan sus Estatutos o que, puntualmente, sea necesario.<\/p>\n<p class=\"western\" lang=\"es-ES\"><a href=\"http:\/\/blogsaverroes.juntadeandalucia.es\/ceipsantateresaestepa\/files\/2016\/03\/objetivos_del_AMPA.pdf\">OBJETIVOS DEL AMPA<\/a><\/p>\n<p class=\"western\" lang=\"es-ES\"><a href=\"http:\/\/blogsaverroes.juntadeandalucia.es\/ceipsantateresaestepa\/files\/2016\/03\/Salvavidas.pdf\">ENLACE INFORMACI\u00d3N SOBRE EL DESA<\/a><\/p>\n","protected":false},"excerpt":{"rendered":"<p>PRIMER CONCURSO DE PUERTAS NAVIDE\u00d1AS. ORGANIZADO POR AMPA EL CAHIZ &nbsp; El AMPA es una asociaci\u00f3n sin \u00e1nimo de lucro que formada por los padres y madres de todo el&#46;&#46;&#46;<\/p>\n","protected":false},"author":1,"featured_media":0,"parent":0,"menu_order":0,"comment_status":"open","ping_status":"open","template":"page-templates\/child-menu.php","meta":{"ngg_post_thumbnail":0,"footnotes":"","_mc_calendar":[]},"aioseo_notices":[],"_links":{"self":[{"href":"https:\/\/blogsaverroes.juntadeandalucia.es\/ceipsantateresaestepa\/wp-json\/wp\/v2\/pages\/198"}],"collection":[{"href":"https:\/\/blogsaverroes.juntadeandalucia.es\/ceipsantateresaestepa\/wp-json\/wp\/v2\/pages"}],"about":[{"href":"https:\/\/blogsaverroes.juntadeandalucia.es\/ceipsantateresaestepa\/wp-json\/wp\/v2\/types\/page"}],"author":[{"embeddable":true,"href":"https:\/\/blogsaverroes.juntadeandalucia.es\/ceipsantateresaestepa\/wp-json\/wp\/v2\/users\/1"}],"replies":[{"embeddable":true,"href":"https:\/\/blogsaverroes.juntadeandalucia.es\/ceipsantateresaestepa\/wp-json\/wp\/v2\/comments?post=198"}],"version-history":[{"count":15,"href":"https:\/\/blogsaverroes.juntadeandalucia.es\/ceipsantateresaestepa\/wp-json\/wp\/v2\/pages\/198\/revisions"}],"predecessor-version":[{"id":3957,"href":"https:\/\/blogsaverroes.juntadeandalucia.es\/ceipsantateresaestepa\/wp-json\/wp\/v2\/pages\/198\/revisions\/3957"}],"wp:attachment":[{"href":"https:\/\/blogsaverroes.juntadeandalucia.es\/ceipsantateresaestepa\/wp-json\/wp\/v2\/media?parent=198"}],"curies":[{"name":"wp","href":"https:\/\/api.w.org\/{rel}","templated":true}]}}

<p><a href="https://blogsaverroes.juntadeandalucia.es/ceipsantateresaestepa/files/2023/09/WhatsApp-Image-2023-09-18-at-19.00.34.jpeg"><img loading="lazy" decoding="async" class="alignnone size-full wp-image-3949" src="https://blogsaverroes.juntadeandalucia.es/ceipsantateresaestepa/files/2023/09/WhatsApp-Image-2023-09-18-at-19.00.34.jpeg" alt="" width="1080" height="1080" srcset="https://blogsaverroes.juntadeandalucia.es/ceipsantateresaestepa/files/2023/09/WhatsApp-Image-2023-09-18-at-19.00.34.jpeg 1080w, https://blogsaverroes.juntadeandalucia.es/ceipsantateresaestepa/files/2023/09/WhatsApp-Image-2023-09-18-at-19.00.34-300x300.jpeg 300w, https://blogsaverroes.juntadeandalucia.es/ceipsantateresaestepa/files/2023/09/WhatsApp-Image-2023-09-18-at-19.00.34-1024x1024.jpeg 1024w, https://blogsaverroes.juntadeandalucia.es/ceipsantateresaestepa/files/2023/09/WhatsApp-Image-2023-09-18-at-19.00.34-150x150.jpeg 150w, https://blogsaverroes.juntadeandalucia.es/ceipsantateresaestepa/files/2023/09/WhatsApp-Image-2023-09-18-at-19.00.34-768x768.jpeg 768w, https://blogsaverroes.juntadeandalucia.es/ceipsantateresaestepa/files/2023/09/WhatsApp-Image-2023-09-18-at-19.00.34-80x80.jpeg 80w, https://blogsaverroes.juntadeandalucia.es/ceipsantateresaestepa/files/2023/09/WhatsApp-Image-2023-09-18-at-19.00.34-320x320.jpeg 320w" sizes="(max-width: 1080px) 100vw, 1080px" /></a></p>
<p style="text-align: left"><a href="http://blogsaverroes.juntadeandalucia.es/ceipsantateresaestepa/files/2015/03/familia.png">PRIMER CONCURSO DE PUERTAS NAVIDEÑAS. ORGANIZADO POR AMPA EL CAHIZ</a></p>
<p style="text-align: left">&nbsp;</p>
ngg_shortcode_0_placeholder
<p style="text-align: left"><a href="http://blogsaverroes.juntadeandalucia.es/ceipsantateresaestepa/files/2015/03/familia.png"><br />
<img loading="lazy" decoding="async" class="aligncenter wp-image-243 size-medium" src="http://blogsaverroes.juntadeandalucia.es/ceipsantateresaestepa/files/2015/03/familia-300x193.png" alt="" width="300" height="193" srcset="https://blogsaverroes.juntadeandalucia.es/ceipsantateresaestepa/files/2015/03/familia-300x193.png 300w, https://blogsaverroes.juntadeandalucia.es/ceipsantateresaestepa/files/2015/03/familia-1024x661.png 1024w, https://blogsaverroes.juntadeandalucia.es/ceipsantateresaestepa/files/2015/03/familia.png 1280w" sizes="(max-width: 300px) 100vw, 300px" /></a>El <strong>AMPA</strong> es una asociación sin ánimo de lucro que formada por los padres y madres de todo el alumnado del Colegio.</p>
<p>Es un punto de encuentro y de trabajo independiente, abierto y plural.</p>
<p>Desde el AMPA podemos contribuir a la mejora de la calidad de la educación, la convivencia del centro y de las instalaciones.</p>
<h3>¿por qué es importante vuestra participación?</h3>
<p>En el colegio existen espacios de participación, siendo el AMPA &nbsp;el único espacio de participación autónomo de padres y madres. El AMPA es importante porque:</p>
<ul>
<li>Somos corresponsables de la educación que nuestros hijos/as reciben en el colegio.</li>
<li>Es un espacio para aportar iniciativas y trabajar con la dirección del Centro, sin depender de esta.</li>
</ul>
<h3>¿cómo puedes participar?</h3>
<p>Participar en el AMPA es muy fácil y cada uno decide el nivel de implicación.</p>
<ul>
<li>Podemos asociarnos en cualquier momento, aunque se entrega a las familias una ficha de inscripción con la matrícula en la que se indica la cuota anual por cada familia (la cuota es por familia no por niño/a)</li>
<li>Podemos también participar a través de las asambleas, incorporándote a las reuniones&nbsp;abiertas que se convoquen.</li>
<li>Podemos colaborar en los diferentes grupos de trabajo o&nbsp;en actividades puntuales que se organizan desde el AMPA a lo largo del curso.</li>
<li>Podemos proponer iniciativas, plantear temas de debate, organizar actividades, etc., &nbsp;dirigiéndote a cualquier miembro de la junta directiva o a través del blog.</li>
</ul>
<p>Como ves, hay muchas formas de participar y es muy importante que más padres y madres pasemos a la participa-ACCIÓN,&nbsp;&nbsp;de forma activa y colectiva.</p>
<h3>¿para qué sirve?</h3>
<ul>
<li>Para defender y velar por el derecho a una educación de calidad, democrática, atendiendo a las necesidades de todos los niños/as &nbsp;y crítica.</li>
<li>Para promover la participación de padres y madres en la vida del centro, defendiendo los intereses del alumnado y de toda la comunidad educativa.</li>
<li>Para buscar soluciones de forma colectiva a temas relacionados con la enseñanza y educación de nuestros hijos/as.</li>
<li>Para crear espacios de encuentro y trabajo en el resto de la comunidad educativa y con el entorno.</li>
<li>Para crear espacios de reflexión y participación compartida sobre la educación de nuestros hijos/as<br />
Para participar en la gestión del colegio.</li>
</ul>
<h3>¿cómo se financia?</h3>
<p>El AMPA &nbsp;se financia a través de las cuotas de socios/as.<br />
La cuota de socios/as es el único pago que realizan las familias y que gestiona el AMPA para el beneficio exclusivo de la comunidad educativa y en definitiva de la educación que reciben&nbsp; nuestros hijos/as en el centro.</p>
<p class="western" lang="es-ES">En este apartado, reservado para la AMPA » El Cahiz » iremos colocando todo lo que ellos nos proporcionen: objetivos, componentes, actividades, cursos, talleres, etc.</p>
<p class="western" lang="es-ES">La AMPA El Cahíz es una Asociación formada por padres y madres de alumnos/as del CEIP Santa Teresa de Estepa. Representa a las familias ante la comunidad educativa. Nuestra asociación promueve iniciativas de mejora en el colegio donde estudian nuestros/as hijos/as. Presta ayuda y colaboración a las familias en temas que afectan a la educación de sus hijos/as, participando en las actividades del colegio y desarrollando nuevos proyectos. Nuestra asociación es aconfesional, apolítica y sin ánimo de lucro. Nuestro máximo interés es la educación de nuestros hijos/as y por eso fomentamos la relación entre las familias y la Escuela.</p>
<p class="western" lang="es-ES">Son funciones de la AMPA:</p>
<p class="western" lang="es-ES">&#8211; Informar y asesorar a los padres y madres de las actividades propias de la AMPA de forma individual y colectiva.</p>
<p class="western" lang="es-ES">&#8211; Potenciar la formación para la participación de la familia en la vida del centro y en sus órganos de gobierno.</p>
<p class="western" lang="es-ES">&#8211; Promover la calidad educativa.</p>
<p class="western" lang="es-ES">&#8211; Colaborar, con el profesorado y el alumnado, para el buen funcionamiento del Centro.</p>
<p class="western" lang="es-ES">&#8211; Fomentar la convivencia entre la comunidad educativa.</p>
<p class="western" lang="es-ES">&#8211; Realizar actividades de carácter educativo que refuercen los valores y objetivos del Proyecto Educativo del Centro.</p>
<p class="western" lang="es-ES">&#8211; Facilitar las actividades educativas y todo aquello que establezcan sus Estatutos o que, puntualmente, sea necesario.</p>
<p class="western" lang="es-ES"><a href="http://blogsaverroes.juntadeandalucia.es/ceipsantateresaestepa/files/2016/03/objetivos_del_AMPA.pdf">OBJETIVOS DEL AMPA</a></p>
<p class="western" lang="es-ES"><a href="http://blogsaverroes.juntadeandalucia.es/ceipsantateresaestepa/files/2016/03/Salvavidas.pdf">ENLACE INFORMACIÓN SOBRE EL DESA</a></p>

<p>PRIMER CONCURSO DE PUERTAS NAVIDEÑAS. ORGANIZADO POR AMPA EL CAHIZ &nbsp; El AMPA es una asociación sin ánimo de lucro que formada por los padres y madres de todo el&#46;&#46;&#46;</p>
