{"id":2870,"date":"2021-06-10T19:28:31","date_gmt":"2021-06-10T17:28:31","guid":{"rendered":"https:\/\/blogsaverroes.juntadeandalucia.es\/ceipsantateresalgeciras\/?page_id=2870"},"modified":"2021-06-22T19:40:16","modified_gmt":"2021-06-22T17:40:16","slug":"recursos-educativos","status":"publish","type":"page","link":"https:\/\/blogsaverroes.juntadeandalucia.es\/ceipsantateresalgeciras\/recursos-educativos\/","title":{"rendered":"RECURSOS EDUCATIVOS"},"content":{"rendered":"<p style=\"text-align: justify\">Este directorio de recursos educativos tiene como objeto favorecer la formaci\u00f3n integral del alumnado, ofrecer la oportunidad de ampliar contenidos, &nbsp;desarrollar la Competencia Digital de la comunidad educativa y dar a conocer aplicaciones \u00fatiles para la ense\u00f1anza.&nbsp;<\/p>\n<table style=\"border-collapse: collapse;width: 100.68696120689656%;height: 504px\">\n<tbody>\n<tr style=\"height: 26px\">\n<td style=\"width: 103.67237377528974%;height: 26px\" colspan=\"2\">&nbsp;<\/td>\n<\/tr>\n<tr style=\"height: 182px\">\n<td style=\"width: 26.20689655172414%;height: 182px\"><a href=\"https:\/\/es.duolingo.com\" target=\"_blank\" rel=\"noopener noreferrer\"><img loading=\"lazy\" decoding=\"async\" class=\"aligncenter wp-image-2871\" src=\"https:\/\/blogsaverroes.juntadeandalucia.es\/ceipsantateresalgeciras\/files\/2021\/06\/duolingo_webpl.jpg\" alt=\"\" width=\"131\" height=\"74\" srcset=\"https:\/\/blogsaverroes.juntadeandalucia.es\/ceipsantateresalgeciras\/files\/2021\/06\/duolingo_webpl.jpg 1200w, https:\/\/blogsaverroes.juntadeandalucia.es\/ceipsantateresalgeciras\/files\/2021\/06\/duolingo_webpl-300x170.jpg 300w, https:\/\/blogsaverroes.juntadeandalucia.es\/ceipsantateresalgeciras\/files\/2021\/06\/duolingo_webpl-1024x579.jpg 1024w, https:\/\/blogsaverroes.juntadeandalucia.es\/ceipsantateresalgeciras\/files\/2021\/06\/duolingo_webpl-768x435.jpg 768w\" sizes=\"(max-width: 131px) 100vw, 131px\" \/><\/a><\/td>\n<td style=\"width: 77.4654772235656%;text-align: left;height: 182px\"><span style=\"color: #000080\"><a style=\"color: #000080\" href=\"https:\/\/es.duolingo.com\" target=\"_blank\" rel=\"noopener noreferrer\">Duolingo<\/a><\/span> es una aplicaci\u00f3n gratuita para aprender idiomas online. Las lecciones se presentan de manera l\u00fadica, lo que permite aprender vocabulario a trav\u00e9s de distintos juegos y con un desarrollo muy ameno. En definitiva una herramienta perfecta para iniciarte en cualquiera de los 28 idiomas que tiene de una forma f\u00e1cil, divertida y eficaz.<\/td>\n<\/tr>\n<tr style=\"height: 182px\">\n<td style=\"width: 26.20689655172414%;height: 182px\"><a href=\"http:\/\/www.retomates.es\/?idw=tt&amp;idJuego=rinconluca\" target=\"_blank\" rel=\"noopener noreferrer\"><img loading=\"lazy\" decoding=\"async\" class=\"aligncenter wp-image-2888 \" src=\"https:\/\/blogsaverroes.juntadeandalucia.es\/ceipsantateresalgeciras\/files\/2021\/06\/amigos10.png\" alt=\"\" width=\"82\" height=\"82\"><\/a><\/td>\n<td style=\"width: 77.4654772235656%;height: 182px\">En <span style=\"color: #000080\"><a style=\"color: #000080\" href=\"http:\/\/www.retomates.es\/?idw=tt&amp;idJuego=rinconluca\" target=\"_blank\" rel=\"noopener noreferrer\">El rinc\u00f3n de Luca<\/a><\/span> encontrar\u00e9is juegos para trabajar las matem\u00e1ticas ABN. Entre esos juegos interactivos podemos destacar: Los amigos del 10, divide y vencer\u00e1s, palilleando o moneando. Tambi\u00e9n est\u00e1 disponible la App &nbsp;gratuita para Android. La versi\u00f3n para iPhone y iPad son de pago, por ello recomendamos la versi\u00f3n de escritorio para acceder de forma gratuita a todo el contenido.<\/td>\n<\/tr>\n<tr style=\"height: 10px\">\n<td style=\"width: 26.20689655172414%;height: 10px\"><img loading=\"lazy\" decoding=\"async\" class=\" wp-image-2942 aligncenter\" src=\"https:\/\/blogsaverroes.juntadeandalucia.es\/ceipsantateresalgeciras\/files\/2021\/06\/Captura-de-pantalla-2021-06-22-a-las-19.10.39.png\" alt=\"\" width=\"80\" height=\"78\"><\/td>\n<td style=\"width: 77.4654772235656%;text-align: justify;height: 10px\">\u00bfNunca has visto la ISS (Estaci\u00f3n Espacial Internacional) desde la Tierra? La ISS es un es un laboratorio cient\u00edfico que orbita en el espacio a aproximadamente 350 km de la Tierra. Si quieres ver el paso de la ISS por tu ciudad puedes ver las predicciones &nbsp;de los pr\u00f3ximos avistamientos en <span style=\"color: #000080\"><a style=\"color: #000080\" href=\"https:\/\/www.heavens-above.com\" target=\"_blank\" rel=\"noopener noreferrer\">Heavens-Above.<\/a> <\/span>Otras opciones m\u00e1s sencillas de usar son las aplicaciones para IOS <span style=\"color: #000080\"><a style=\"color: #000080\" href=\"https:\/\/apps.apple.com\/es\/app\/iss-detector\/id1198597805\" target=\"_blank\" rel=\"noopener noreferrer\">(ISS Detector<\/a>)<\/span> y para Android <span style=\"color: #000080\"><a style=\"color: #000080\" href=\"https:\/\/play.google.com\/store\/apps\/details?id=com.runar.issdetector\" target=\"_blank\" rel=\"noopener noreferrer\">(ISS Detector)<\/a>.<\/span><\/td>\n<\/tr>\n<tr style=\"height: 26px\">\n<td style=\"width: 26.20689655172414%;height: 26px\">&nbsp;<\/td>\n<td style=\"width: 77.4654772235656%;text-align: justify;height: 26px\">&nbsp;<\/td>\n<\/tr>\n<tr style=\"height: 26px\">\n<td style=\"width: 26.20689655172414%;height: 26px\">&nbsp;<\/td>\n<td style=\"width: 77.4654772235656%;text-align: justify;height: 26px\">&nbsp;<\/td>\n<\/tr>\n<tr style=\"height: 26px\">\n<td style=\"width: 26.20689655172414%;height: 26px\">&nbsp;<\/td>\n<td style=\"width: 77.4654772235656%;text-align: justify;height: 26px\">&nbsp;<\/td>\n<\/tr>\n<tr style=\"height: 26px\">\n<td style=\"width: 26.20689655172414%;height: 26px\">&nbsp;<\/td>\n<td style=\"width: 77.4654772235656%;text-align: justify;height: 26px\">&nbsp;<\/td>\n<\/tr>\n<\/tbody>\n<\/table>\n","protected":false},"excerpt":{"rendered":"<p>Este directorio de recursos educativos tiene como objeto favorecer la formaci\u00f3n integral del alumnado, ofrecer la oportunidad de ampliar contenidos, &nbsp;desarrollar la Competencia Digital de la comunidad educativa y dar a conocer aplicaciones \u00fatiles para la ense\u00f1anza.&nbsp; &nbsp; Duolingo es una aplicaci\u00f3n gratuita para aprender idiomas online. Las lecciones se presentan de manera l\u00fadica, lo &hellip; <\/p>\n<p class=\"link-more\"><a href=\"https:\/\/blogsaverroes.juntadeandalucia.es\/ceipsantateresalgeciras\/recursos-educativos\/\" class=\"more-link\">Continuar leyendo<span class=\"screen-reader-text\"> \u00abRECURSOS EDUCATIVOS\u00bb<\/span><\/a><\/p>\n","protected":false},"author":12123,"featured_media":0,"parent":0,"menu_order":0,"comment_status":"closed","ping_status":"closed","template":"","meta":{"ngg_post_thumbnail":0,"footnotes":""},"aioseo_notices":[],"_links":{"self":[{"href":"https:\/\/blogsaverroes.juntadeandalucia.es\/ceipsantateresalgeciras\/wp-json\/wp\/v2\/pages\/2870"}],"collection":[{"href":"https:\/\/blogsaverroes.juntadeandalucia.es\/ceipsantateresalgeciras\/wp-json\/wp\/v2\/pages"}],"about":[{"href":"https:\/\/blogsaverroes.juntadeandalucia.es\/ceipsantateresalgeciras\/wp-json\/wp\/v2\/types\/page"}],"author":[{"embeddable":true,"href":"https:\/\/blogsaverroes.juntadeandalucia.es\/ceipsantateresalgeciras\/wp-json\/wp\/v2\/users\/12123"}],"replies":[{"embeddable":true,"href":"https:\/\/blogsaverroes.juntadeandalucia.es\/ceipsantateresalgeciras\/wp-json\/wp\/v2\/comments?post=2870"}],"version-history":[{"count":17,"href":"https:\/\/blogsaverroes.juntadeandalucia.es\/ceipsantateresalgeciras\/wp-json\/wp\/v2\/pages\/2870\/revisions"}],"predecessor-version":[{"id":2945,"href":"https:\/\/blogsaverroes.juntadeandalucia.es\/ceipsantateresalgeciras\/wp-json\/wp\/v2\/pages\/2870\/revisions\/2945"}],"wp:attachment":[{"href":"https:\/\/blogsaverroes.juntadeandalucia.es\/ceipsantateresalgeciras\/wp-json\/wp\/v2\/media?parent=2870"}],"curies":[{"name":"wp","href":"https:\/\/api.w.org\/{rel}","templated":true}]}}