{"id":2267,"date":"2015-11-29T11:52:20","date_gmt":"2015-11-29T11:52:20","guid":{"rendered":"http:\/\/blogsaverroes.juntadeandalucia.es\/ceipsantesifon\/?page_id=2267"},"modified":"2023-11-25T11:50:28","modified_gmt":"2023-11-25T11:50:28","slug":"transporte-escolar","status":"publish","type":"page","link":"https:\/\/blogsaverroes.juntadeandalucia.es\/ceipsantesifon\/transporte-escolar\/","title":{"rendered":"Transporte escolar"},"content":{"rendered":"<p><a href=\"http:\/\/blogsaverroes.juntadeandalucia.es\/ceipsantesifon\/files\/2015\/11\/1347302514autobus-3.jpg\"><img loading=\"lazy\" decoding=\"async\" class=\" size-medium wp-image-2268 aligncenter\" src=\"http:\/\/blogsaverroes.juntadeandalucia.es\/ceipsantesifon\/files\/2015\/11\/1347302514autobus-3-300x217.jpg\" alt=\"1347302514autobus 3\" width=\"300\" height=\"217\" srcset=\"https:\/\/blogsaverroes.juntadeandalucia.es\/ceipsantesifon\/files\/2015\/11\/1347302514autobus-3-300x217.jpg 300w, https:\/\/blogsaverroes.juntadeandalucia.es\/ceipsantesifon\/files\/2015\/11\/1347302514autobus-3-700x507.jpg 700w, https:\/\/blogsaverroes.juntadeandalucia.es\/ceipsantesifon\/files\/2015\/11\/1347302514autobus-3.jpg 822w\" sizes=\"(max-width: 300px) 100vw, 300px\" \/><\/a><\/p>\n<p>El servicio de Transporte Escolar Ordinario recoge a alumnas y alumnos de los barrios de CASTALA, EL BELLICAR, VENTA NUEVA, EL CID, PE\u00d1ARRODADA, BUENOS AIRES, PAGO, SAN ROQUE, BENEJ\u00cd, ALCAUDIQUE, CALLE MARQU\u00c9S DE INIZA-PLACETA y LLANO DE V\u00cdLCHEZ &#8211; LOS CERRILLOS.<\/p>\n","protected":false},"excerpt":{"rendered":"<p>El servicio de Transporte Escolar Ordinario recoge a alumnas y alumnos de los barrios de CASTALA, EL BELLICAR, VENTA NUEVA, EL CID, PE\u00d1ARRODADA, BUENOS AIRES,&hellip;<\/p>\n","protected":false},"author":2318,"featured_media":0,"parent":0,"menu_order":0,"comment_status":"open","ping_status":"open","template":"","meta":{"ngg_post_thumbnail":0,"footnotes":"","_mc_calendar":[]},"aioseo_notices":[],"_links":{"self":[{"href":"https:\/\/blogsaverroes.juntadeandalucia.es\/ceipsantesifon\/wp-json\/wp\/v2\/pages\/2267"}],"collection":[{"href":"https:\/\/blogsaverroes.juntadeandalucia.es\/ceipsantesifon\/wp-json\/wp\/v2\/pages"}],"about":[{"href":"https:\/\/blogsaverroes.juntadeandalucia.es\/ceipsantesifon\/wp-json\/wp\/v2\/types\/page"}],"author":[{"embeddable":true,"href":"https:\/\/blogsaverroes.juntadeandalucia.es\/ceipsantesifon\/wp-json\/wp\/v2\/users\/2318"}],"replies":[{"embeddable":true,"href":"https:\/\/blogsaverroes.juntadeandalucia.es\/ceipsantesifon\/wp-json\/wp\/v2\/comments?post=2267"}],"version-history":[{"count":2,"href":"https:\/\/blogsaverroes.juntadeandalucia.es\/ceipsantesifon\/wp-json\/wp\/v2\/pages\/2267\/revisions"}],"predecessor-version":[{"id":3880,"href":"https:\/\/blogsaverroes.juntadeandalucia.es\/ceipsantesifon\/wp-json\/wp\/v2\/pages\/2267\/revisions\/3880"}],"wp:attachment":[{"href":"https:\/\/blogsaverroes.juntadeandalucia.es\/ceipsantesifon\/wp-json\/wp\/v2\/media?parent=2267"}],"curies":[{"name":"wp","href":"https:\/\/api.w.org\/{rel}","templated":true}]}}