{"id":1191,"date":"2023-02-28T08:45:38","date_gmt":"2023-02-28T07:45:38","guid":{"rendered":"https:\/\/blogsaverroes.juntadeandalucia.es\/ceipsantiagolalinea\/?page_id=1191"},"modified":"2024-11-25T20:12:34","modified_gmt":"2024-11-25T19:12:34","slug":"consejo-escolar","status":"publish","type":"page","link":"https:\/\/blogsaverroes.juntadeandalucia.es\/ceipsantiagolalinea\/consejo-escolar\/","title":{"rendered":"Consejo Escolar"},"content":{"rendered":"<p>[et_pb_section fb_built=&#8221;1&#8243; _builder_version=&#8221;4.16&#8243; background_color=&#8221;#FFFFFF&#8221; global_colors_info=&#8221;{}&#8221;][et_pb_row _builder_version=&#8221;4.16&#8243; background_size=&#8221;initial&#8221; background_position=&#8221;top_left&#8221; background_repeat=&#8221;repeat&#8221; global_colors_info=&#8221;{}&#8221;][et_pb_column type=&#8221;4_4&#8243; _builder_version=&#8221;4.16&#8243; custom_padding=&#8221;|||&#8221; global_colors_info=&#8221;{}&#8221; custom_padding__hover=&#8221;|||&#8221;][et_pb_text _builder_version=&#8221;4.24.2&#8243; background_size=&#8221;initial&#8221; background_position=&#8221;top_left&#8221; background_repeat=&#8221;repeat&#8221; hover_enabled=&#8221;0&#8243; global_colors_info=&#8221;{}&#8221; sticky_enabled=&#8221;0&#8243;]<\/p>\n<p><img loading=\"lazy\" decoding=\"async\" class=\"size-medium wp-image-1192 aligncenter\" src=\"https:\/\/blogsaverroes.juntadeandalucia.es\/ceipsantiagolalinea\/files\/2023\/02\/Consejo-Escolar-300x155.jpg\" alt=\"\" width=\"300\" height=\"155\"><\/p>\n<p>Es el \u00d3rgano Colegiado de Gobierno a trav\u00e9s del cual la comunidad educativa participa en el gobierno y control de nuestro Centro.<\/p>\n<p><strong>COMPOSICI\u00d3N DEL CONSEJO ESCOLAR. (CONSTITUCI\u00d3N DICIEMBRE DE&nbsp; 2022).<br \/><\/strong><\/p>\n<p><em><strong>EQUIPO DIRECTIVO.<\/strong><\/em><\/p>\n<ul>\n<li>PRESIDENCIA: Juan Luis Serrano Pedrosa.<\/li>\n<li>JEFATURA DE ESTUDIOS: Ver\u00f3nica Ca\u00f1ete Marfil.<\/li>\n<li>SECRETAR\u00cdA: M\u00aa del Carmen Delgado Moreno.<\/li>\n<\/ul>\n<p><em><strong>REPRESENTANTES SECTOR PROFESORADO.<\/strong><\/em><\/p>\n<ul>\n<li>D\u00aa Tamara Ardanez Garc\u00eda.<\/li>\n<li>D\u00aa Patricia Bl\u00e1zquez Prieto.<\/li>\n<li>D\u00aa Silvia Calero Bar\u00f3n.<\/li>\n<li>D. Jes\u00fas Cort\u00e9s Pend\u00f3n.<\/li>\n<li>D\u00aa Paula Fortes Guti\u00e9rrez.<\/li>\n<\/ul>\n<p><em><strong>REPRESENTANTES SECTOR MADRES\/PADRES DEL ALUMNADO.<\/strong><\/em><\/p>\n<ul>\n<li>D\u00aa Patricia Arroyo Pescada.<\/li>\n<li>D\u00aa Joaquina Barrull Barrull.<\/li>\n<li>D\u00aa Araceli Becerra Aguilar.<\/li>\n<li>D\u00aa Manuela Enciso Vel\u00e1zqquez.<\/li>\n<li>D\u00aa Amaranta Garc\u00eda del R\u00edo.<\/li>\n<\/ul>\n<div id=\"cc-m-11262491095\" class=\"j-module n j-textWithImage \">\n<div>\n<div id=\"cc-m-textwithimage-11262491095\" class=\"cc-m-textwithimage-inline-rte\">\n<p><em><strong>REPRESENTANTE DEL AYUNTAMIENTO.<\/strong><\/em><\/p>\n<ul>\n<li>D. Iv\u00e1n Novo Valero.<\/li>\n<\/ul>\n<p><em><strong>REPRESENTANTE DEL AMPA &#8220;JARDINES&#8221;.<\/strong><\/em><\/p>\n<ul>\n<li>D\u00aa Jennifer Mart\u00ednez G\u00f3mez.<\/li>\n<\/ul>\n<p><strong><em>IMPULSOR DE MEDIDAS PARA EL FOMENTO DE LA IGUALDAD ENTRE&nbsp; HOMBRES Y&nbsp;&nbsp; MUJERES.<\/em><\/strong><\/p>\n<ul>\n<li>D\u00aa Mar\u00eda P\u00e9rez Villaba.<\/li>\n<\/ul>\n<\/div>\n<\/div>\n<div class=\"cc-clear\">&nbsp;Todos ellos han sido elegidos por los distintos sectores a los que representan y su duraci\u00f3n ser\u00e1 de dos a\u00f1os.<\/div>\n<\/div>\n<div id=\"cc-m-7387450995\" class=\"j-module n j-text \">\n<p><a href=\"https:\/\/blogsaverroes.juntadeandalucia.es\/ceipmiguelzubeldia\/files\/2019\/05\/1538153745.jpg\"><img loading=\"lazy\" decoding=\"async\" class=\"size-full wp-image-2397 aligncenter\" src=\"https:\/\/blogsaverroes.juntadeandalucia.es\/ceipmiguelzubeldia\/files\/2019\/05\/1538153745.jpg\" alt=\"\" width=\"200\" height=\"232\"><\/a>&nbsp;<\/p>\n<p><strong>Competencias<\/strong><\/p>\n<p><span id=\"page3R_mcid3\" class=\"markedContent\"><span dir=\"ltr\" role=\"presentation\">El Consejo Escolar del centro tendr\u00e1 las siguientes competencias:<\/span><\/span><span id=\"page3R_mcid4\" class=\"markedContent\"><\/span><\/p>\n<p>a) Aprobar y evaluar los proyectos y las normas a los que se refiere el cap\u00edtulo II del t\u00edtulo V de la presente Ley.<br \/>b) Aprobar y evaluar la programaci\u00f3n general anual del centro, sin perjuicio de las competencias del Claustro del profesorado en relaci\u00f3n con la planificaci\u00f3n y organizaci\u00f3n docente.<br \/>c) Conocer las candidaturas a la direcci\u00f3n y los proyectos de direcci\u00f3n presentados por los candidatos.<br \/>d) Participar en la selecci\u00f3n del director o directora del centro en los t\u00e9rminos que la presente Ley establece. Ser informado del nombramiento y cese de los dem\u00e1s miembros del equipo directivo. En su caso, previo acuerdo de sus miembros, adoptado por mayor\u00eda de dos tercios, proponer la revocaci\u00f3n del nombramiento del director o directora.<br \/>e) Decidir sobre la admisi\u00f3n del alumnado con sujeci\u00f3n a lo establecido en esta Ley y disposiciones que la desarrollen.<br \/>f) Impulsar la adopci\u00f3n y seguimiento de medidas educativas que fomenten el reconocimiento y protecci\u00f3n de los derechos de la infancia.<br \/>g) Proponer medidas e iniciativas que favorezcan los estilos de vida saludable, la convivencia en el centro, la igualdad efectiva de mujeres y hombres, la no discriminaci\u00f3n, la prevenci\u00f3n del acoso escolar y de la violencia de g\u00e9nero y la resoluci\u00f3n pac\u00edfica de conflictos en todos los \u00e1mbitos de la vida personal, familiar y social.<br \/>h) Conocer las conductas contrarias a la convivencia y la aplicaci\u00f3n de las medidas educativas, de mediaci\u00f3n y correctoras velando por que se ajusten a la normativa vigente. Cuando las medidas correctoras adoptadas por el director o directora correspondan a conductas del alumnado que perjudiquen gravemente la convivencia del centro, el Consejo Escolar, a instancia de padres, madres o tutores legales o, en su caso, del alumnado, podr\u00e1 revisar la decisi\u00f3n adoptada y proponer, en su caso, las medidas oportunas.<br \/>i) Promover progresivamente la conservaci\u00f3n y renovaci\u00f3n de las instalaciones y equipo escolar para la mejora de la calidad y la sostenibilidad y aprobar la obtenci\u00f3n de recursos complementarios de acuerdo con lo establecido en el art\u00edculo 122.3.<br \/>j) Fijar las directrices para la colaboraci\u00f3n, con fines educativos y culturales, con las Administraciones locales y con otros centros, entidades y organismos.<br \/>k) Analizar y valorar el funcionamiento general del centro, la evoluci\u00f3n del rendimiento escolar y los resultados de las evaluaciones internas y externas en las que participe el centro.<br \/>l) Elaborar propuestas e informes, a iniciativa propia o a petici\u00f3n de la Administraci\u00f3n competente, sobre el funcionamiento del centro y la mejora de la calidad de la gesti\u00f3n, as\u00ed como sobre aquellos otros aspectos relacionados con la calidad de la misma.<br \/>m) Aprobar el proyecto de presupuesto del centro.<br \/>n) Cualesquiera otras que le sean atribuidas por la Administraci\u00f3n educativa.<\/p>\n<p><strong>COMISIONES DEL CONSEJO ESCOLAR<\/strong><\/p>\n<p><strong>Comisi\u00f3n Permanente:<\/strong><\/p>\n<ul>\n<li>D. Juan Luis Serrano Pedrosa.<\/li>\n<li>D\u00aa Ver\u00f3nica Ca\u00f1ete Marfil.<\/li>\n<li>D. Jes\u00fas Cort\u00e9s Pend\u00f3n.<\/li>\n<li>D\u00aa Francisco Manuel May\u00e9n Herrera.<\/li>\n<li>D\u00aa Jennifer Mart\u00ednez G\u00f3mez.<\/li>\n<li>D. Iv\u00e1n Novo Valero.<\/li>\n<\/ul>\n<p><strong>Comisi\u00f3n de Convivencia:<\/strong><\/p>\n<ul>\n<li>D. Juan Luis Serrano Pedrosa.<\/li>\n<li>D\u00aa Ver\u00f3nica Ca\u00f1ete Marfil.<\/li>\n<li>D\u00aa M\u00aa del Carmen Delgado Moreno.<\/li>\n<li>D\u00aa Joaquina Barrull Barrull.<\/li>\n<li>D\u00aa Lorena Mart\u00edn Casuso.<\/li>\n<li>D. Francisco May\u00e9n Herrera.<\/li>\n<li>D\u00aa Jennifer Mart\u00ednez G\u00f3mez.<\/li>\n<\/ul>\n<p><strong>Comisi\u00f3n de Evaluaci\u00f3n:<\/strong><\/p>\n<ul>\n<li>D. Juan Luis Serrano Pedrosa.<\/li>\n<li>D\u00aa Ver\u00f3nica Ca\u00f1ete Marfil.<\/li>\n<li>D. Jes\u00fas Cort\u00e9s Pend\u00f3n.<\/li>\n<li>D. Francisco May\u00e9n Herrera.<\/li>\n<\/ul>\n<p><strong>&nbsp;<\/strong><strong>Comisi\u00f3n del Programa de Gratuidad de Libros de Texto:<\/strong><\/p>\n<ul>\n<li>D. Juan Luis Serrano Pedrosa.<\/li>\n<li>D\u00aa Ver\u00f3nica Ca\u00f1ete Marfil.<\/li>\n<li>D\u00aa M\u00aa del Carmen Delgado Moreno.<\/li>\n<li>D. Jes\u00fas Cort\u00e9s Pend\u00f3n.<\/li>\n<li>D\u00aa Lorena Mart\u00edn Casuso.<\/li>\n<li>D\u00aa Jennifer Mart\u00ednez G\u00f3mez.<\/li>\n<li>D. Iv\u00e1n Novo Valero..<\/li>\n<\/ul>\n<\/div>\n<p>[\/et_pb_text][\/et_pb_column][\/et_pb_row][\/et_pb_section]<\/p>\n","protected":false},"excerpt":{"rendered":"<p>Es el \u00d3rgano Colegiado de Gobierno a trav\u00e9s del cual la comunidad educativa participa en el gobierno y control de nuestro Centro. COMPOSICI\u00d3N DEL CONSEJO ESCOLAR. (CONSTITUCI\u00d3N DICIEMBRE DE&nbsp; 2022). EQUIPO DIRECTIVO. PRESIDENCIA: Juan Luis Serrano Pedrosa. JEFATURA DE ESTUDIOS: Ver\u00f3nica Ca\u00f1ete Marfil. SECRETAR\u00cdA: M\u00aa del Carmen Delgado Moreno. REPRESENTANTES SECTOR PROFESORADO. D\u00aa Tamara Ardanez [&hellip;]<\/p>\n","protected":false},"author":17575,"featured_media":0,"parent":0,"menu_order":0,"comment_status":"closed","ping_status":"closed","template":"","meta":{"_et_pb_use_builder":"on","_et_pb_old_content":"<p><img class=\"size-medium wp-image-1192 aligncenter\" src=\"https:\/\/blogsaverroes.juntadeandalucia.es\/ceipsantiagolalinea\/files\/2023\/02\/Consejo-Escolar-300x155.jpg\" alt=\"\" width=\"300\" height=\"155\"><\/p><p>Es el \u00d3rgano Colegiado de Gobierno a trav\u00e9s del cual la comunidad educativa participa en el gobierno y control de nuestro Centro.<\/p><p><strong>COMPOSICI\u00d3N DEL CONSEJO ESCOLAR. (CONSTITUCI\u00d3N DICIEMBRE DE\u00a0 2022).<br><\/strong><\/p><p><em><strong>EQUIPO DIRECTIVO.<\/strong><\/em><\/p><ul><li>PRESIDENCIA: Juan Luis Serrano Pedrosa.<\/li><li>JEFATURA DE ESTUDIOS: Ver\u00f3nica Ca\u00f1ete Marfil.<\/li><li>SECRETAR\u00cdA: M\u00aa del Carmen Delgado Moreno.<\/li><\/ul><p><em><strong>REPRESENTANTES SECTOR PROFESORADO.<\/strong><\/em><\/p><ul><li>D. Juan Carlos Cobos Rodr\u00edguez.<\/li><li>D. Jes\u00fas Cort\u00e9s Pend\u00f3n.<\/li><li>D\u00aa Paula Fortes Guti\u00e9rrez.<\/li><li>D\u00aa Isabel Moreno Jim\u00e9nez.<\/li><li>D\u00aa Manuela S\u00e1nchez Mayoral.<\/li><\/ul><p><em><strong>REPRESENTANTES SECTOR MADRES\/PADRES DEL ALUMNADO.<\/strong><\/em><\/p><ul><li>D\u00aa Joaquina Barrull Barrull.<\/li><li>D\u00aa Raquel Bejerano Alc\u00e1ntara.<\/li><li>D\u00aa Antonia Galera Fresnada.<\/li><li>D\u00aa Lorena Mart\u00edn Casuso.<\/li><li>D\u00aa Jennifer Mart\u00ednez G\u00f3mez.<\/li><li>D.Francisco manuel May\u00e9n Herrera.<\/li><\/ul><div id=\"cc-m-11262491095\" class=\"j-module n j-textWithImage \"><div><div id=\"cc-m-textwithimage-11262491095\" class=\"cc-m-textwithimage-inline-rte\"><p><em><strong>REPRESENTANTE DEL AYUNTAMIENTO.<\/strong><\/em><\/p><ul><li>D. Manuel Abell\u00e1n San Rom\u00e1n.<\/li><\/ul><p><em><strong>REPRESENTANTE DEL AMPA \"JARDINES\".<\/strong><\/em><\/p><ul><li>D\u00aa Mar\u00eda Jes\u00fas Medina Gil.<\/li><\/ul><p><strong><em>IMPULSOR DE MEDIDAS PARA EL FOMENTO DE LA IGUALDAD ENTRE\u00a0 HOMBRES Y\u00a0\u00a0 MUJERES.<\/em><\/strong><\/p><ul><li>D\u00aa Mar\u00eda del Carmen Delgado Moreno.<\/li><\/ul><\/div><\/div><div class=\"cc-clear\">\u00a0Todos ellos han sido elegidos por los distintos sectores a los que representan y su duraci\u00f3n ser\u00e1 de dos a\u00f1os.<\/div><\/div><div id=\"cc-m-7387450995\" class=\"j-module n j-text \"><p><a href=\"https:\/\/blogsaverroes.juntadeandalucia.es\/ceipmiguelzubeldia\/files\/2019\/05\/1538153745.jpg\"><img class=\"size-full wp-image-2397 aligncenter\" src=\"https:\/\/blogsaverroes.juntadeandalucia.es\/ceipmiguelzubeldia\/files\/2019\/05\/1538153745.jpg\" alt=\"\" width=\"200\" height=\"232\"><\/a>\u00a0<\/p><p><strong>Competencias<\/strong><\/p><p><span id=\"page3R_mcid3\" class=\"markedContent\"><span dir=\"ltr\" role=\"presentation\">El Consejo Escolar del centro tendr\u00e1 las siguientes competencias:<\/span><\/span><span id=\"page3R_mcid4\" class=\"markedContent\"><\/span><\/p><p>a) Aprobar y evaluar los proyectos y las normas a los que se refiere el cap\u00edtulo II del t\u00edtulo V de la presente Ley.<br>b) Aprobar y evaluar la programaci\u00f3n general anual del centro, sin perjuicio de las competencias del Claustro del profesorado en relaci\u00f3n con la planificaci\u00f3n y organizaci\u00f3n docente.<br>c) Conocer las candidaturas a la direcci\u00f3n y los proyectos de direcci\u00f3n presentados por los candidatos.<br>d) Participar en la selecci\u00f3n del director o directora del centro en los t\u00e9rminos que la presente Ley establece. Ser informado del nombramiento y cese de los dem\u00e1s miembros del equipo directivo. En su caso, previo acuerdo de sus miembros, adoptado por mayor\u00eda de dos tercios, proponer la revocaci\u00f3n del nombramiento del director o directora.<br>e) Decidir sobre la admisi\u00f3n del alumnado con sujeci\u00f3n a lo establecido en esta Ley y disposiciones que la desarrollen.<br>f) Impulsar la adopci\u00f3n y seguimiento de medidas educativas que fomenten el reconocimiento y protecci\u00f3n de los derechos de la infancia.<br>g) Proponer medidas e iniciativas que favorezcan los estilos de vida saludable, la convivencia en el centro, la igualdad efectiva de mujeres y hombres, la no discriminaci\u00f3n, la prevenci\u00f3n del acoso escolar y de la violencia de g\u00e9nero y la resoluci\u00f3n pac\u00edfica de conflictos en todos los \u00e1mbitos de la vida personal, familiar y social.<br>h) Conocer las conductas contrarias a la convivencia y la aplicaci\u00f3n de las medidas educativas, de mediaci\u00f3n y correctoras velando por que se ajusten a la normativa vigente. Cuando las medidas correctoras adoptadas por el director o directora correspondan a conductas del alumnado que perjudiquen gravemente la convivencia del centro, el Consejo Escolar, a instancia de padres, madres o tutores legales o, en su caso, del alumnado, podr\u00e1 revisar la decisi\u00f3n adoptada y proponer, en su caso, las medidas oportunas.<br>i) Promover progresivamente la conservaci\u00f3n y renovaci\u00f3n de las instalaciones y equipo escolar para la mejora de la calidad y la sostenibilidad y aprobar la obtenci\u00f3n de recursos complementarios de acuerdo con lo establecido en el art\u00edculo 122.3.<br>j) Fijar las directrices para la colaboraci\u00f3n, con fines educativos y culturales, con las Administraciones locales y con otros centros, entidades y organismos.<br>k) Analizar y valorar el funcionamiento general del centro, la evoluci\u00f3n del rendimiento escolar y los resultados de las evaluaciones internas y externas en las que participe el centro.<br>l) Elaborar propuestas e informes, a iniciativa propia o a petici\u00f3n de la Administraci\u00f3n competente, sobre el funcionamiento del centro y la mejora de la calidad de la gesti\u00f3n, as\u00ed como sobre aquellos otros aspectos relacionados con la calidad de la misma.<br>m) Aprobar el proyecto de presupuesto del centro.<br>n) Cualesquiera otras que le sean atribuidas por la Administraci\u00f3n educativa.<\/p><p><strong>COMISIONES DEL CONSEJO ESCOLAR<\/strong><\/p><p><strong>Comisi\u00f3n Permanente:<\/strong><\/p><ul><li>D. Juan Luis Serrano Pedrosa.<\/li><li>D\u00aa Ver\u00f3nica Ca\u00f1ete Marfil.<\/li><li>D\u00aa M\u00aa del Carmen Delgado Moreno.<\/li><li>D. Jes\u00fas Cort\u00e9s Pend\u00f3n.<\/li><li>D\u00aa Raquel Bejerano Alc\u00e1ntara.<\/li><li>D\u00aa Mar\u00eda Jes\u00fas Medina Gil.<\/li><li>D. Manuel Abell\u00e1n San Rom\u00e1n.<\/li><\/ul><p><strong>Comisi\u00f3n de Convivencia:<\/strong><\/p><ul><li>D. Juan Luis Serrano Pedrosa.<\/li><li>D\u00aa Ver\u00f3nica Ca\u00f1ete Marfil.<\/li><li>D\u00aa M\u00aa del Carmen Delgado Moreno.<\/li><li>D. Juan Carlos Cobos Rodr\u00edguez.<\/li><li>D\u00aa Manuela S\u00e1nchez Mayoral.<\/li><li>D\u00aa Joaquina Barrull Barrull.<\/li><li>D\u00aa Antonia Galera Fresnada.<\/li><li>D\u00aa Lorena Mart\u00edn Casuso.<\/li><li>D\u00aa Jennifer Mart\u00ednez G\u00f3mez.<\/li><\/ul><p><strong>Comisi\u00f3n de Evaluaci\u00f3n:<\/strong><\/p><ul><li>D. Juan Luis Serrano Pedrosa.<\/li><li>D\u00aa Ver\u00f3nica Ca\u00f1ete Marfil.<\/li><li>D\u00aa M\u00aa del Carmen Delgado Moreno.<\/li><li>D. Jes\u00fas Cort\u00e9s Pend\u00f3n.<\/li><li>D\u00aa Raquel Bejerano Alc\u00e1ntara.<\/li><\/ul><p><strong>\u00a0<\/strong><strong>Comisi\u00f3n del Programa de Gratuidad de Libros de Texto:<\/strong><\/p><ul><li>D. Juan Luis Serrano Pedrosa.<\/li><li>D\u00aa Ver\u00f3nica Ca\u00f1ete Marfil.<\/li><li>D\u00aa M\u00aa del Carmen Delgado Moreno.<\/li><li>D. Jes\u00fas Cort\u00e9s Pend\u00f3n.<\/li><li>D\u00aa Raquel Bejerano Alc\u00e1ntara.<\/li><li>D\u00aa Mar\u00eda Jes\u00fas Medina Gil.<\/li><li>D. Manuel Abell\u00e1n San Rom\u00e1n.<\/li><\/ul><\/div>","_et_gb_content_width":"","ngg_post_thumbnail":0,"footnotes":""},"aioseo_notices":[],"_links":{"self":[{"href":"https:\/\/blogsaverroes.juntadeandalucia.es\/ceipsantiagolalinea\/wp-json\/wp\/v2\/pages\/1191"}],"collection":[{"href":"https:\/\/blogsaverroes.juntadeandalucia.es\/ceipsantiagolalinea\/wp-json\/wp\/v2\/pages"}],"about":[{"href":"https:\/\/blogsaverroes.juntadeandalucia.es\/ceipsantiagolalinea\/wp-json\/wp\/v2\/types\/page"}],"author":[{"embeddable":true,"href":"https:\/\/blogsaverroes.juntadeandalucia.es\/ceipsantiagolalinea\/wp-json\/wp\/v2\/users\/17575"}],"replies":[{"embeddable":true,"href":"https:\/\/blogsaverroes.juntadeandalucia.es\/ceipsantiagolalinea\/wp-json\/wp\/v2\/comments?post=1191"}],"version-history":[{"count":11,"href":"https:\/\/blogsaverroes.juntadeandalucia.es\/ceipsantiagolalinea\/wp-json\/wp\/v2\/pages\/1191\/revisions"}],"predecessor-version":[{"id":3970,"href":"https:\/\/blogsaverroes.juntadeandalucia.es\/ceipsantiagolalinea\/wp-json\/wp\/v2\/pages\/1191\/revisions\/3970"}],"wp:attachment":[{"href":"https:\/\/blogsaverroes.juntadeandalucia.es\/ceipsantiagolalinea\/wp-json\/wp\/v2\/media?parent=1191"}],"curies":[{"name":"wp","href":"https:\/\/api.w.org\/{rel}","templated":true}]}}