{"id":1445,"date":"2023-03-01T00:09:22","date_gmt":"2023-02-28T23:09:22","guid":{"rendered":"https:\/\/blogsaverroes.juntadeandalucia.es\/ceipsantiagolalinea\/?page_id=1445"},"modified":"2026-04-01T07:32:35","modified_gmt":"2026-04-01T06:32:35","slug":"creciendo-en-salud","status":"publish","type":"page","link":"https:\/\/blogsaverroes.juntadeandalucia.es\/ceipsantiagolalinea\/creciendo-en-salud\/","title":{"rendered":"Creciendo en Salud."},"content":{"rendered":"<p class=\"Estilo21 Estilo25\" style=\"text-align: left\" align=\"center\"><span style=\"font-size: 14pt\"><strong>Creciendo en salud .<\/strong><\/span><\/p>\n<p style=\"text-align: left\" align=\"center\"><img loading=\"lazy\" decoding=\"async\" class=\"alignnone size-full wp-image-1575\" src=\"https:\/\/blogsaverroes.juntadeandalucia.es\/ceipsantiagolalinea\/files\/2023\/03\/Creciendo-en-salud-1.png\" alt=\"\" width=\"200\" height=\"141\"><\/p>\n<p class=\"Estilo21 Estilo25\" style=\"text-align: left\" align=\"center\">El programa&nbsp;<span class=\"Estilo23\">pretende sensibilizar de la necesidad de practicar buenos h\u00e1bitos saludables entre los alumnos de la comunidad educativa y sus familiares. Se realizan actividades diversas que abarcan desde aprender y mejorar el cuidado de los dientes hasta actuaciones relacionadas con la buena alimentaci\u00f3n y el ejercicio f\u00edsico. Nuestro centro adem\u00e1s est\u00e1 adscrito al programa de fruta y leche con la colaboraci\u00f3n de la Consejer\u00eda de Agricultura y Pesca de la Junta de Andaluc\u00eda para el consumo de frutas por parte de los alumnos. <\/span><\/p>\n<p class=\"Estilo16 Estilo24\" align=\"justify\"><span class=\"Estilo23\">Esta coordinado por el maestro de PT, D. Carlos Flores Valle..<\/span><\/p>\n","protected":false},"excerpt":{"rendered":"<p>Creciendo en salud . El programa&nbsp;pretende sensibilizar de la necesidad de practicar buenos h\u00e1bitos saludables entre los alumnos de la comunidad educativa y sus familiares. Se realizan actividades diversas que abarcan desde aprender y mejorar el cuidado de los dientes hasta actuaciones relacionadas con la buena alimentaci\u00f3n y el ejercicio f\u00edsico. Nuestro centro adem\u00e1s est\u00e1 [&hellip;]<\/p>\n","protected":false},"author":17575,"featured_media":0,"parent":0,"menu_order":0,"comment_status":"closed","ping_status":"closed","template":"","meta":{"_et_pb_use_builder":"","_et_pb_old_content":"","_et_gb_content_width":"","ngg_post_thumbnail":0,"footnotes":""},"aioseo_notices":[],"_links":{"self":[{"href":"https:\/\/blogsaverroes.juntadeandalucia.es\/ceipsantiagolalinea\/wp-json\/wp\/v2\/pages\/1445"}],"collection":[{"href":"https:\/\/blogsaverroes.juntadeandalucia.es\/ceipsantiagolalinea\/wp-json\/wp\/v2\/pages"}],"about":[{"href":"https:\/\/blogsaverroes.juntadeandalucia.es\/ceipsantiagolalinea\/wp-json\/wp\/v2\/types\/page"}],"author":[{"embeddable":true,"href":"https:\/\/blogsaverroes.juntadeandalucia.es\/ceipsantiagolalinea\/wp-json\/wp\/v2\/users\/17575"}],"replies":[{"embeddable":true,"href":"https:\/\/blogsaverroes.juntadeandalucia.es\/ceipsantiagolalinea\/wp-json\/wp\/v2\/comments?post=1445"}],"version-history":[{"count":5,"href":"https:\/\/blogsaverroes.juntadeandalucia.es\/ceipsantiagolalinea\/wp-json\/wp\/v2\/pages\/1445\/revisions"}],"predecessor-version":[{"id":6571,"href":"https:\/\/blogsaverroes.juntadeandalucia.es\/ceipsantiagolalinea\/wp-json\/wp\/v2\/pages\/1445\/revisions\/6571"}],"wp:attachment":[{"href":"https:\/\/blogsaverroes.juntadeandalucia.es\/ceipsantiagolalinea\/wp-json\/wp\/v2\/media?parent=1445"}],"curies":[{"name":"wp","href":"https:\/\/api.w.org\/{rel}","templated":true}]}}