{"id":1447,"date":"2023-03-01T00:09:35","date_gmt":"2023-02-28T23:09:35","guid":{"rendered":"https:\/\/blogsaverroes.juntadeandalucia.es\/ceipsantiagolalinea\/?page_id=1447"},"modified":"2026-04-01T07:52:44","modified_gmt":"2026-04-01T06:52:44","slug":"aldea","status":"publish","type":"page","link":"https:\/\/blogsaverroes.juntadeandalucia.es\/ceipsantiagolalinea\/aldea\/","title":{"rendered":"Aldea."},"content":{"rendered":"<p><strong><span style=\"font-size: 14pt\">Programa ALDEA .<\/span><\/strong><\/p>\n<p class=\"Estilo16 Estilo26\" style=\"text-align: left\" align=\"center\"><img loading=\"lazy\" decoding=\"async\" class=\"alignnone size-full wp-image-1571\" src=\"https:\/\/blogsaverroes.juntadeandalucia.es\/ceipsantiagolalinea\/files\/2023\/03\/ALDEA-2.png\" alt=\"\" width=\"200\" height=\"133\"><\/p>\n<p class=\"Estilo23\" align=\"justify\">El objetivo del programa es desarrollar valores medio ambientales en el centro escolar mediante el acercamiento al mundo de las plantas. Dentro de las actividades que se llevan a cabo se encuentra la organizaci\u00f3n y mantenimiento del huerto escolar, el cuidado del arbolado del colegio y la mejora del mismo mediante su repoblaci\u00f3n, adem\u00e1s de actividades de reciclado.<\/p>\n<p class=\"Estilo23\" align=\"justify\">El plan esta coordinado por la profesora de D\u00f1a. Nieves Flethes Bernal, tutora del curso de 2\u00ba de educaci\u00f3n primaria.<\/p>\n","protected":false},"excerpt":{"rendered":"<p>Programa ALDEA . El objetivo del programa es desarrollar valores medio ambientales en el centro escolar mediante el acercamiento al mundo de las plantas. Dentro de las actividades que se llevan a cabo se encuentra la organizaci\u00f3n y mantenimiento del huerto escolar, el cuidado del arbolado del colegio y la mejora del mismo mediante su [&hellip;]<\/p>\n","protected":false},"author":17575,"featured_media":0,"parent":0,"menu_order":0,"comment_status":"closed","ping_status":"closed","template":"","meta":{"_et_pb_use_builder":"","_et_pb_old_content":"","_et_gb_content_width":"","ngg_post_thumbnail":0,"footnotes":""},"aioseo_notices":[],"_links":{"self":[{"href":"https:\/\/blogsaverroes.juntadeandalucia.es\/ceipsantiagolalinea\/wp-json\/wp\/v2\/pages\/1447"}],"collection":[{"href":"https:\/\/blogsaverroes.juntadeandalucia.es\/ceipsantiagolalinea\/wp-json\/wp\/v2\/pages"}],"about":[{"href":"https:\/\/blogsaverroes.juntadeandalucia.es\/ceipsantiagolalinea\/wp-json\/wp\/v2\/types\/page"}],"author":[{"embeddable":true,"href":"https:\/\/blogsaverroes.juntadeandalucia.es\/ceipsantiagolalinea\/wp-json\/wp\/v2\/users\/17575"}],"replies":[{"embeddable":true,"href":"https:\/\/blogsaverroes.juntadeandalucia.es\/ceipsantiagolalinea\/wp-json\/wp\/v2\/comments?post=1447"}],"version-history":[{"count":9,"href":"https:\/\/blogsaverroes.juntadeandalucia.es\/ceipsantiagolalinea\/wp-json\/wp\/v2\/pages\/1447\/revisions"}],"predecessor-version":[{"id":6577,"href":"https:\/\/blogsaverroes.juntadeandalucia.es\/ceipsantiagolalinea\/wp-json\/wp\/v2\/pages\/1447\/revisions\/6577"}],"wp:attachment":[{"href":"https:\/\/blogsaverroes.juntadeandalucia.es\/ceipsantiagolalinea\/wp-json\/wp\/v2\/media?parent=1447"}],"curies":[{"name":"wp","href":"https:\/\/api.w.org\/{rel}","templated":true}]}}

<p><strong><span style="font-size: 14pt">Programa ALDEA .</span></strong></p>
<p class="Estilo16 Estilo26" style="text-align: left" align="center"><img loading="lazy" decoding="async" class="alignnone size-full wp-image-1571" src="https://blogsaverroes.juntadeandalucia.es/ceipsantiagolalinea/files/2023/03/ALDEA-2.png" alt="" width="200" height="133"></p>
<p class="Estilo23" align="justify">El objetivo del programa es desarrollar valores medio ambientales en el centro escolar mediante el acercamiento al mundo de las plantas. Dentro de las actividades que se llevan a cabo se encuentra la organización y mantenimiento del huerto escolar, el cuidado del arbolado del colegio y la mejora del mismo mediante su repoblación, además de actividades de reciclado.</p>
<p class="Estilo23" align="justify">El plan esta coordinado por la profesora de Dña. Nieves Flethes Bernal, tutora del curso de 2º de educación primaria.</p>

<p>Programa ALDEA . El objetivo del programa es desarrollar valores medio ambientales en el centro escolar mediante el acercamiento al mundo de las plantas. Dentro de las actividades que se llevan a cabo se encuentra la organización y mantenimiento del huerto escolar, el cuidado del arbolado del colegio y la mejora del mismo mediante su [&hellip;]</p>
