{"id":1455,"date":"2023-03-01T00:11:32","date_gmt":"2023-02-28T23:11:32","guid":{"rendered":"https:\/\/blogsaverroes.juntadeandalucia.es\/ceipsantiagolalinea\/?page_id=1455"},"modified":"2023-03-01T17:38:03","modified_gmt":"2023-03-01T16:38:03","slug":"proyecto-linguistico","status":"publish","type":"page","link":"https:\/\/blogsaverroes.juntadeandalucia.es\/ceipsantiagolalinea\/proyecto-linguistico\/","title":{"rendered":"Proyecto Ling\u00fc\u00edstico."},"content":{"rendered":"<p class=\"Estilo16 Estilo24\" style=\"text-align: left\" align=\"center\"><span style=\"font-size: 14pt\"><strong><span class=\"Estilo21 Estilo25\">Programa Ling\u00fcistico de Centro&nbsp;<\/span><\/strong><\/span><\/p>\n<p class=\"Estilo16 Estilo24\" style=\"text-align: left\" align=\"center\"><img loading=\"lazy\" decoding=\"async\" class=\"alignnone size-full wp-image-1585\" src=\"https:\/\/blogsaverroes.juntadeandalucia.es\/ceipsantiagolalinea\/files\/2023\/03\/PLC.png\" alt=\"\" width=\"200\" height=\"75\"><\/p>\n<p class=\"Estilo21 Estilo25\" align=\"justify\"><span class=\"Estilo16 Estilo24\">Programa que pretende mejorar la competencia ling\u00fcistica de los alumnos de educaci\u00f3n infabtil y primaria, bajo la realizaci\u00f3n de objetivos y actividades comunes que buscan atender a las necesidades de un aprendizaje de la lengua m\u00e1s eficiente y eficaz mejorando su aplicaci\u00f3n en las diferentes \u00e1reas no ling\u00fcisticas. <\/span><\/p>\n<p class=\"Estilo21 Estilo25\" align=\"justify\"><span class=\"Estilo16 Estilo24\">El coordinador de este programa es D. Jes\u00fas Cort\u00e9s Pend\u00f3n, maestro de educaci\u00f3n musical y tutor de 6\u00ba de educaci\u00f3n primaria.<\/span><\/p>\n","protected":false},"excerpt":{"rendered":"<p>Programa Ling\u00fcistico de Centro&nbsp; Programa que pretende mejorar la competencia ling\u00fcistica de los alumnos de educaci\u00f3n infabtil y primaria, bajo la realizaci\u00f3n de objetivos y actividades comunes que buscan atender a las necesidades de un aprendizaje de la lengua m\u00e1s eficiente y eficaz mejorando su aplicaci\u00f3n en las diferentes \u00e1reas no ling\u00fcisticas. El coordinador de [&hellip;]<\/p>\n","protected":false},"author":17575,"featured_media":0,"parent":0,"menu_order":0,"comment_status":"closed","ping_status":"closed","template":"","meta":{"_et_pb_use_builder":"","_et_pb_old_content":"","_et_gb_content_width":"","ngg_post_thumbnail":0,"footnotes":""},"aioseo_notices":[],"_links":{"self":[{"href":"https:\/\/blogsaverroes.juntadeandalucia.es\/ceipsantiagolalinea\/wp-json\/wp\/v2\/pages\/1455"}],"collection":[{"href":"https:\/\/blogsaverroes.juntadeandalucia.es\/ceipsantiagolalinea\/wp-json\/wp\/v2\/pages"}],"about":[{"href":"https:\/\/blogsaverroes.juntadeandalucia.es\/ceipsantiagolalinea\/wp-json\/wp\/v2\/types\/page"}],"author":[{"embeddable":true,"href":"https:\/\/blogsaverroes.juntadeandalucia.es\/ceipsantiagolalinea\/wp-json\/wp\/v2\/users\/17575"}],"replies":[{"embeddable":true,"href":"https:\/\/blogsaverroes.juntadeandalucia.es\/ceipsantiagolalinea\/wp-json\/wp\/v2\/comments?post=1455"}],"version-history":[{"count":3,"href":"https:\/\/blogsaverroes.juntadeandalucia.es\/ceipsantiagolalinea\/wp-json\/wp\/v2\/pages\/1455\/revisions"}],"predecessor-version":[{"id":1586,"href":"https:\/\/blogsaverroes.juntadeandalucia.es\/ceipsantiagolalinea\/wp-json\/wp\/v2\/pages\/1455\/revisions\/1586"}],"wp:attachment":[{"href":"https:\/\/blogsaverroes.juntadeandalucia.es\/ceipsantiagolalinea\/wp-json\/wp\/v2\/media?parent=1455"}],"curies":[{"name":"wp","href":"https:\/\/api.w.org\/{rel}","templated":true}]}}