{"id":1459,"date":"2023-03-01T00:12:05","date_gmt":"2023-02-28T23:12:05","guid":{"rendered":"https:\/\/blogsaverroes.juntadeandalucia.es\/ceipsantiagolalinea\/?page_id=1459"},"modified":"2026-04-01T08:07:00","modified_gmt":"2026-04-01T07:07:00","slug":"coeducacion","status":"publish","type":"page","link":"https:\/\/blogsaverroes.juntadeandalucia.es\/ceipsantiagolalinea\/coeducacion\/","title":{"rendered":"Plan de Igualdad entre hombre y mujeres."},"content":{"rendered":"<p class=\"Estilo21 Estilo25\" style=\"text-align: left\" align=\"center\"><strong><span style=\"font-size: 14pt\">Plan de igualdad entre hombres y mujeres en la educaci\u00f3n.<\/span><\/strong><\/p>\n<p class=\"Estilo21 Estilo25\" align=\"center\"><img loading=\"lazy\" decoding=\"async\" src=\"http:\/\/ceipsantiagolalinea.es\/Imagenes\/x_tombarelles.gif\" width=\"151\" height=\"113\"><\/p>\n<p class=\"Estilo16 Estilo24\" align=\"justify\">Desde la Consejer\u00eda se fomenta la participaci\u00f3n igualitaria entre hombres y mujeres, concret\u00e1ndose en los centros escolares en los alumnos y alumnas. Su principal objetivo es velar por una paridad de en ambos sexos en la organizaci\u00f3n y realizaci\u00f3n de actividades tanto a nivel de alumnos y alumnas&nbsp; como de profesores y profesoras.<\/p>\n<p class=\"Estilo16 Estilo24\" align=\"justify\">Est\u00e1 coordinado por D. Nemesio Andrades Rodr\u00edguez, tutor del curso de Educaci\u00f3n Infantil 4 a\u00f1os.<\/p>\n<p align=\"justify\">El programa tambi\u00e9n se une al Pacto contra la Violencia de G\u00e9nero financiado por el gobierno central.<\/p>\n<p style=\"text-align: center\" align=\"justify\"><img loading=\"lazy\" decoding=\"async\" class=\"alignnone size-full wp-image-1526\" src=\"https:\/\/blogsaverroes.juntadeandalucia.es\/ceipsantiagolalinea\/files\/2023\/03\/Pacto-de-Estado.jpg\" alt=\"\" width=\"251\" height=\"201\"><\/p>\n","protected":false},"excerpt":{"rendered":"<p>Plan de igualdad entre hombres y mujeres en la educaci\u00f3n. Desde la Consejer\u00eda se fomenta la participaci\u00f3n igualitaria entre hombres y mujeres, concret\u00e1ndose en los centros escolares en los alumnos y alumnas. Su principal objetivo es velar por una paridad de en ambos sexos en la organizaci\u00f3n y realizaci\u00f3n de actividades tanto a nivel de [&hellip;]<\/p>\n","protected":false},"author":17575,"featured_media":0,"parent":0,"menu_order":0,"comment_status":"closed","ping_status":"closed","template":"","meta":{"_et_pb_use_builder":"","_et_pb_old_content":"","_et_gb_content_width":"","ngg_post_thumbnail":0,"footnotes":""},"aioseo_notices":[],"_links":{"self":[{"href":"https:\/\/blogsaverroes.juntadeandalucia.es\/ceipsantiagolalinea\/wp-json\/wp\/v2\/pages\/1459"}],"collection":[{"href":"https:\/\/blogsaverroes.juntadeandalucia.es\/ceipsantiagolalinea\/wp-json\/wp\/v2\/pages"}],"about":[{"href":"https:\/\/blogsaverroes.juntadeandalucia.es\/ceipsantiagolalinea\/wp-json\/wp\/v2\/types\/page"}],"author":[{"embeddable":true,"href":"https:\/\/blogsaverroes.juntadeandalucia.es\/ceipsantiagolalinea\/wp-json\/wp\/v2\/users\/17575"}],"replies":[{"embeddable":true,"href":"https:\/\/blogsaverroes.juntadeandalucia.es\/ceipsantiagolalinea\/wp-json\/wp\/v2\/comments?post=1459"}],"version-history":[{"count":4,"href":"https:\/\/blogsaverroes.juntadeandalucia.es\/ceipsantiagolalinea\/wp-json\/wp\/v2\/pages\/1459\/revisions"}],"predecessor-version":[{"id":6583,"href":"https:\/\/blogsaverroes.juntadeandalucia.es\/ceipsantiagolalinea\/wp-json\/wp\/v2\/pages\/1459\/revisions\/6583"}],"wp:attachment":[{"href":"https:\/\/blogsaverroes.juntadeandalucia.es\/ceipsantiagolalinea\/wp-json\/wp\/v2\/media?parent=1459"}],"curies":[{"name":"wp","href":"https:\/\/api.w.org\/{rel}","templated":true}]}}