{"id":1538,"date":"2023-03-01T16:28:31","date_gmt":"2023-03-01T15:28:31","guid":{"rendered":"https:\/\/blogsaverroes.juntadeandalucia.es\/ceipsantiagolalinea\/?page_id=1538"},"modified":"2026-04-01T07:57:18","modified_gmt":"2026-04-01T06:57:18","slug":"acompanamiento-escolar","status":"publish","type":"page","link":"https:\/\/blogsaverroes.juntadeandalucia.es\/ceipsantiagolalinea\/acompanamiento-escolar\/","title":{"rendered":"PROA"},"content":{"rendered":"<p class=\"Estilo21 Estilo25\" style=\"text-align: left\" align=\"center\"><span style=\"font-size: 14pt\"><strong>Programa de acompa\u00f1amiento escolar (PROA).<\/strong><\/span><\/p>\n<p class=\"Estilo21 Estilo25\" align=\"center\"><img loading=\"lazy\" decoding=\"async\" src=\"http:\/\/ceipsantiagolalinea.es\/Imagenes\/ninoestudiando.gif\" width=\"62\" height=\"104\"><\/p>\n<p class=\"Estilo16 Estilo24\" align=\"justify\">Es una actividad dirigida a los alumnos de 3\u00ba, 4\u00ba, 5\u00ba y 6\u00ba curso que se realiza en horario de tarde. Su objetivo es ayudar a los alumnos en las \u00e1reas de lengua y matem\u00e1ticas, mediante un profesor en un grupo entre 8 y 10 alumno y alumnas en cada curso , para que la atenci\u00f3n a ellos sea lo m\u00e1s cercana posible, en un total de cuatro horas a la semana.<\/p>\n<p class=\"Estilo16 Estilo24\" align=\"justify\">El programa est\u00e1 financiado por el Fondo Social Europeo y se lleva a cabo todos los martes y mi\u00e9rcoles de 16:00 a 18:00 horas.<\/p>\n<p align=\"justify\"><img loading=\"lazy\" decoding=\"async\" class=\"alignnone size-medium wp-image-1539 aligncenter\" src=\"https:\/\/blogsaverroes.juntadeandalucia.es\/ceipsantiagolalinea\/files\/2023\/03\/Fondo-Social-Europeo-PROA-221x300.png\" alt=\"\" width=\"221\" height=\"300\" srcset=\"https:\/\/blogsaverroes.juntadeandalucia.es\/ceipsantiagolalinea\/files\/2023\/03\/Fondo-Social-Europeo-PROA-221x300.png 221w, https:\/\/blogsaverroes.juntadeandalucia.es\/ceipsantiagolalinea\/files\/2023\/03\/Fondo-Social-Europeo-PROA.png 250w\" sizes=\"(max-width: 221px) 100vw, 221px\" \/><\/p>\n<p class=\"Estilo16 Estilo24\" align=\"justify\">El programa est\u00e1 coordinado por D. Juan Luis Serrano Pedrosa, Director de nuestro colegio.<\/p>\n","protected":false},"excerpt":{"rendered":"<p>Programa de acompa\u00f1amiento escolar (PROA). Es una actividad dirigida a los alumnos de 3\u00ba, 4\u00ba, 5\u00ba y 6\u00ba curso que se realiza en horario de tarde. Su objetivo es ayudar a los alumnos en las \u00e1reas de lengua y matem\u00e1ticas, mediante un profesor en un grupo entre 8 y 10 alumno y alumnas en cada [&hellip;]<\/p>\n","protected":false},"author":17575,"featured_media":0,"parent":0,"menu_order":0,"comment_status":"closed","ping_status":"closed","template":"","meta":{"_et_pb_use_builder":"","_et_pb_old_content":"","_et_gb_content_width":"","ngg_post_thumbnail":0,"footnotes":""},"aioseo_notices":[],"_links":{"self":[{"href":"https:\/\/blogsaverroes.juntadeandalucia.es\/ceipsantiagolalinea\/wp-json\/wp\/v2\/pages\/1538"}],"collection":[{"href":"https:\/\/blogsaverroes.juntadeandalucia.es\/ceipsantiagolalinea\/wp-json\/wp\/v2\/pages"}],"about":[{"href":"https:\/\/blogsaverroes.juntadeandalucia.es\/ceipsantiagolalinea\/wp-json\/wp\/v2\/types\/page"}],"author":[{"embeddable":true,"href":"https:\/\/blogsaverroes.juntadeandalucia.es\/ceipsantiagolalinea\/wp-json\/wp\/v2\/users\/17575"}],"replies":[{"embeddable":true,"href":"https:\/\/blogsaverroes.juntadeandalucia.es\/ceipsantiagolalinea\/wp-json\/wp\/v2\/comments?post=1538"}],"version-history":[{"count":4,"href":"https:\/\/blogsaverroes.juntadeandalucia.es\/ceipsantiagolalinea\/wp-json\/wp\/v2\/pages\/1538\/revisions"}],"predecessor-version":[{"id":6580,"href":"https:\/\/blogsaverroes.juntadeandalucia.es\/ceipsantiagolalinea\/wp-json\/wp\/v2\/pages\/1538\/revisions\/6580"}],"wp:attachment":[{"href":"https:\/\/blogsaverroes.juntadeandalucia.es\/ceipsantiagolalinea\/wp-json\/wp\/v2\/media?parent=1538"}],"curies":[{"name":"wp","href":"https:\/\/api.w.org\/{rel}","templated":true}]}}

<p class="Estilo21 Estilo25" style="text-align: left" align="center"><span style="font-size: 14pt"><strong>Programa de acompañamiento escolar (PROA).</strong></span></p>
<p class="Estilo21 Estilo25" align="center"><img loading="lazy" decoding="async" src="http://ceipsantiagolalinea.es/Imagenes/ninoestudiando.gif" width="62" height="104"></p>
<p class="Estilo16 Estilo24" align="justify">Es una actividad dirigida a los alumnos de 3º, 4º, 5º y 6º curso que se realiza en horario de tarde. Su objetivo es ayudar a los alumnos en las áreas de lengua y matemáticas, mediante un profesor en un grupo entre 8 y 10 alumno y alumnas en cada curso , para que la atención a ellos sea lo más cercana posible, en un total de cuatro horas a la semana.</p>
<p class="Estilo16 Estilo24" align="justify">El programa está financiado por el Fondo Social Europeo y se lleva a cabo todos los martes y miércoles de 16:00 a 18:00 horas.</p>
<p align="justify"><img loading="lazy" decoding="async" class="alignnone size-medium wp-image-1539 aligncenter" src="https://blogsaverroes.juntadeandalucia.es/ceipsantiagolalinea/files/2023/03/Fondo-Social-Europeo-PROA-221x300.png" alt="" width="221" height="300" srcset="https://blogsaverroes.juntadeandalucia.es/ceipsantiagolalinea/files/2023/03/Fondo-Social-Europeo-PROA-221x300.png 221w, https://blogsaverroes.juntadeandalucia.es/ceipsantiagolalinea/files/2023/03/Fondo-Social-Europeo-PROA.png 250w" sizes="(max-width: 221px) 100vw, 221px" /></p>
<p class="Estilo16 Estilo24" align="justify">El programa está coordinado por D. Juan Luis Serrano Pedrosa, Director de nuestro colegio.</p>

<p>Programa de acompañamiento escolar (PROA). Es una actividad dirigida a los alumnos de 3º, 4º, 5º y 6º curso que se realiza en horario de tarde. Su objetivo es ayudar a los alumnos en las áreas de lengua y matemáticas, mediante un profesor en un grupo entre 8 y 10 alumno y alumnas en cada [&hellip;]</p>
