{"id":1593,"date":"2023-03-01T18:27:26","date_gmt":"2023-03-01T17:27:26","guid":{"rendered":"https:\/\/blogsaverroes.juntadeandalucia.es\/ceipsantiagolalinea\/?page_id=1593"},"modified":"2025-09-10T21:42:10","modified_gmt":"2025-09-10T20:42:10","slug":"tablon-de-anuncios-y-comunicados","status":"publish","type":"page","link":"https:\/\/blogsaverroes.juntadeandalucia.es\/ceipsantiagolalinea\/tablon-de-anuncios-y-comunicados\/","title":{"rendered":"TABL\u00d3N DE ANUNCIOS Y COMUNICADOS."},"content":{"rendered":"<p><img loading=\"lazy\" decoding=\"async\" class=\"alignnone size-full wp-image-1597\" src=\"https:\/\/blogsaverroes.juntadeandalucia.es\/ceipsantiagolalinea\/files\/2023\/03\/Tablon-de-Anuncios.gif\" alt=\"\" width=\"128\" height=\"85\"><\/p>\n<table style=\"width: 113.387%;height: 576px\" border=\"1\" width=\"866\">\n<tbody>\n<tr style=\"height: 202px\">\n<td style=\"height: 202px;width: 1313.24px\" height=\"195\">\n<p class=\"Estilo25\" align=\"center\"><em><strong>CIRCULAR CONCEJALIA DE EDUCACION.<\/strong><\/em><\/p>\n<p class=\"Estilo25\" align=\"justify\">Se adjunta comunicado sobre el control de tr\u00e1fico durante las entradas y salidas de los alumnos por parte de la polic\u00eda local con objeto de su publicidad y conocimiento a la Comunidad Educativa de los centros escolares remitido por la Concejal\u00eda de Educaci\u00f3n de nuestro municipio.<\/p>\n<p class=\"Estilo25\" align=\"center\"><strong>Para descargar el comunicado pinchar&nbsp;<a href=\"https:\/\/blogsaverroes.juntadeandalucia.es\/ceipsantiagolalinea\/files\/2025\/09\/CIRCULAR-DE-ESTACIONAMIENTO.pdf\">aqu\u00ed.<\/a><\/strong><\/p>\n<\/td>\n<\/tr>\n<tr style=\"height: 195px\">\n<td style=\"height: 195px;width: 1313.24px\" height=\"195\">\n<p class=\"Estilo25\" align=\"center\"><strong><em>CIRCULAR SERVICIO DE&nbsp; AULA MATINAL<\/em><\/strong><\/p>\n<p class=\"Estilo25\" align=\"justify\"><strong>La empresa adjudicataria del servicio de aula matinal comunica la organizaci\u00f3n de diversos aspectos para los usuarios a trav\u00e9s del siguiente comunicado.<\/strong><\/p>\n<p class=\"Estilo25\" align=\"center\"><strong>Para descargar el comunicado pinchar&nbsp;<a href=\"https:\/\/blogsaverroes.juntadeandalucia.es\/ceipsantiagolalinea\/files\/2023\/09\/informacion-a-las-familia-AM.pdf\">aqu\u00ed.<\/a><\/strong><\/p>\n<\/td>\n<\/tr>\n<tr style=\"height: 179px\">\n<td style=\"height: 179px;width: 1313.24px\" height=\"261\">\n<p class=\"Estilo25\" align=\"center\">&nbsp;<\/p>\n<p class=\"Estilo25\" align=\"center\"><strong><em>CIRCULAR SERVICIO DE COMEDOR.<\/em><\/strong><\/p>\n<p class=\"Estilo25\" align=\"justify\"><strong>La empresa adjudicataria del servicio de comedor comunica la organizaci\u00f3n de diversos aspectos para los usuarios a trav\u00e9s del siguiente comunicado.<\/strong><\/p>\n<p class=\"Estilo25\" align=\"center\"><strong>Para descargar comunicado de gesti\u00f3n del uso del comedor pinchar <a href=\"https:\/\/blogsaverroes.juntadeandalucia.es\/ceipsantiagolalinea\/files\/2025\/09\/GESTION-SERVICIO-DE-COMEDOR-2025-26.pdf\">aqu\u00ed<\/a><a href=\"https:\/\/blogsaverroes.juntadeandalucia.es\/ceipsantiagolalinea\/files\/2025\/04\/Carta-presentacion-CADIZ-curso-2024-2025-A4docx.pdf\">.<\/a><\/strong><\/p>\n<p align=\"center\"><strong>Para descargar normas simplificadas del uso de comedor pinchar <a href=\"https:\/\/blogsaverroes.juntadeandalucia.es\/ceipsantiagolalinea\/files\/2025\/09\/Normas-simplicadas-del-Servicio-de-Comedor.pdf\">aqu\u00ed<\/a>.<\/strong><\/p>\n<\/td>\n<\/tr>\n<tr>\n<td style=\"width: 1313.24px\">\n<p class=\"Estilo25\" align=\"center\"><strong><em>CALENDARIO ESCOLAR 2025\/26. Pinchar &nbsp;<a href=\"https:\/\/blogsaverroes.juntadeandalucia.es\/ceipsantiagolalinea\/files\/2025\/09\/Calendario-Escolar-Provincial-Cadiz-2025-26.pdf\">aqu\u00ed.<\/a><\/em><\/strong><\/p>\n<p align=\"center\">(las fiestas locales aprobadas en el Consejo escolar Municipal&nbsp; fechas se a\u00f1adir\u00e1n como d\u00edas no lectivos en el calendario del curso 2025\/26 en nuestro municipio).<\/p>\n<p class=\"Estilo25\" align=\"center\"><strong><em>&nbsp;<\/em><\/strong><\/p>\n<\/td>\n<\/tr>\n<\/tbody>\n<\/table>\n<p>&nbsp;<\/p>\n","protected":false},"excerpt":{"rendered":"<p>CIRCULAR CONCEJALIA DE EDUCACION. Se adjunta comunicado sobre el control de tr\u00e1fico durante las entradas y salidas de los alumnos por parte de la polic\u00eda local con objeto de su publicidad y conocimiento a la Comunidad Educativa de los centros escolares remitido por la Concejal\u00eda de Educaci\u00f3n de nuestro municipio. Para descargar el comunicado pinchar&nbsp;aqu\u00ed. [&hellip;]<\/p>\n","protected":false},"author":17575,"featured_media":0,"parent":0,"menu_order":0,"comment_status":"closed","ping_status":"closed","template":"","meta":{"_et_pb_use_builder":"","_et_pb_old_content":"","_et_gb_content_width":"","ngg_post_thumbnail":0,"footnotes":""},"aioseo_notices":[],"_links":{"self":[{"href":"https:\/\/blogsaverroes.juntadeandalucia.es\/ceipsantiagolalinea\/wp-json\/wp\/v2\/pages\/1593"}],"collection":[{"href":"https:\/\/blogsaverroes.juntadeandalucia.es\/ceipsantiagolalinea\/wp-json\/wp\/v2\/pages"}],"about":[{"href":"https:\/\/blogsaverroes.juntadeandalucia.es\/ceipsantiagolalinea\/wp-json\/wp\/v2\/types\/page"}],"author":[{"embeddable":true,"href":"https:\/\/blogsaverroes.juntadeandalucia.es\/ceipsantiagolalinea\/wp-json\/wp\/v2\/users\/17575"}],"replies":[{"embeddable":true,"href":"https:\/\/blogsaverroes.juntadeandalucia.es\/ceipsantiagolalinea\/wp-json\/wp\/v2\/comments?post=1593"}],"version-history":[{"count":24,"href":"https:\/\/blogsaverroes.juntadeandalucia.es\/ceipsantiagolalinea\/wp-json\/wp\/v2\/pages\/1593\/revisions"}],"predecessor-version":[{"id":5661,"href":"https:\/\/blogsaverroes.juntadeandalucia.es\/ceipsantiagolalinea\/wp-json\/wp\/v2\/pages\/1593\/revisions\/5661"}],"wp:attachment":[{"href":"https:\/\/blogsaverroes.juntadeandalucia.es\/ceipsantiagolalinea\/wp-json\/wp\/v2\/media?parent=1593"}],"curies":[{"name":"wp","href":"https:\/\/api.w.org\/{rel}","templated":true}]}}