{"id":1892,"date":"2023-05-24T15:11:19","date_gmt":"2023-05-24T14:11:19","guid":{"rendered":"https:\/\/blogsaverroes.juntadeandalucia.es\/ceipsantiagolalinea\/?page_id=1892"},"modified":"2025-05-04T18:22:46","modified_gmt":"2025-05-04T17:22:46","slug":"matriculacion-2025-26","status":"publish","type":"page","link":"https:\/\/blogsaverroes.juntadeandalucia.es\/ceipsantiagolalinea\/matriculacion-2025-26\/","title":{"rendered":"MATRICULACI\u00d3N 2025\/26"},"content":{"rendered":"<p><img loading=\"lazy\" decoding=\"async\" class=\"alignnone size-full wp-image-1893 aligncenter\" src=\"https:\/\/blogsaverroes.juntadeandalucia.es\/ceipsantiagolalinea\/files\/2023\/05\/Sobre-de-matricula.jpg\" alt=\"\" width=\"293\" height=\"172\"><\/p>\n<p><span style=\"font-size: 14pt\">El pr\u00f3ximo 1 de junio y hasta el d\u00eda 9 del mismo mes, comienza el periodo de matriculaci\u00f3n para el pr\u00f3ximo curso escolar.<\/span><\/p>\n<p><span style=\"font-size: 14pt\">La matriculaci\u00f3n de todos los alumnos y alumnas se realizar\u00e1 a trav\u00e9s de la Secretar\u00eda Virtual de la Consejer\u00eda de Desarrollo Educativo y Formaci\u00f3n Profesional.&nbsp;&nbsp;<\/span><\/p>\n<p><span style=\"font-size: 14pt\">Para ello todos los padres deben acceder a trav\u00e9s de la misma con el n\u00famero de identificador llamada &#8220;IANDE&#8221;.<\/span><\/p>\n<p><span style=\"font-size: 14pt\">Una vez se realice el acceso se deber\u00e1 cumplimentar la documentaci\u00f3n de la matr\u00edcula sobre los documentos referidos a &#8220;Datos personales&#8221;, &#8220;Datos de matriculaci\u00f3n&#8221; y &#8220;Solicitud de servicios complementarios&#8221;.<\/span><\/p>\n<p><span style=\"font-size: 14pt\">La plataforma para acceder NO estar\u00e1 operativa hasta el pr\u00f3ximo d\u00eda 1 de junio hasta el 9 del mismo mes, por lo que es necesario cumplimentar este tr\u00e1mite en la fecha indicada. Una vez finalizada la fecha la plataforma dejar\u00e1 de funcionar y NO ser\u00e1 posible realizar la matriculaci\u00f3n.<\/span><\/p>\n<p><span style=\"font-size: 14pt\">Para facilitar el tr\u00e1mite se han adjuntado los siguientes enlaces que ayudar\u00e1n a las familias a cumplimentar los diferentes documentos:<\/span><\/p>\n<p><span style=\"font-size: 14pt\">1. Video tutorial para acceso al n\u00famero de identificaci\u00f3n IANDE. Pinchar <a href=\"https:\/\/www.youtube.com\/watch?v=GolSetOB82M\">aqu\u00ed.<\/a><\/span><\/p>\n<p><span style=\"font-size: 14pt\">2. Video tutorial para acceso a la secretar\u00eda virtual. Pinchar <a href=\"https:\/\/youtu.be\/p8bqMdBsLd4\">aqu\u00ed<\/a>.<\/span><\/p>\n<p><span style=\"font-size: 14pt\">3. Video tutorial para cumplimentaci\u00f3n de la matr\u00edcula curso escolar. Pinchar <a href=\"https:\/\/www.youtube.com\/watch?v=V0U7eX0L7ro\">aqu\u00ed<\/a>.<\/span><\/p>\n<p><span style=\"font-size: 14pt;color: #ff0000\">Resumen de los pasos a seguir para la matriculaci\u00f3n.<\/span><\/p>\n<ol>\n<li><span style=\"font-size: 14pt;color: #ff0000\">N\u00famero de identificaci\u00f3n IANDE de cada hijo o hija.<\/span><\/li>\n<li><span style=\"font-size: 14pt;color: #ff0000\">Acceder a la Secretar\u00eda Virtual.<\/span><\/li>\n<li><span style=\"font-size: 14pt;color: #ff0000\">Cumplimentar la matriculaci\u00f3n dentro de la Secretar\u00eda Virtual.<\/span><\/li>\n<\/ol>\n<p><span style=\"font-size: 14pt\">Acceso a la Secretar\u00eda Virtual de la Consejer\u00eda de Educaci\u00f3n y Deportes. Pinchar <a href=\"https:\/\/www.juntadeandalucia.es\/educacion\/secretariavirtual\/\">aqu\u00ed<\/a>.<\/span><\/p>\n<p><span style=\"font-size: 14pt\">Rogamos que ante cualquier dificultad se pongan en contacto con el centro educativo para poder solucionarla cuanto antes.<\/span><\/p>\n","protected":false},"excerpt":{"rendered":"<p>El pr\u00f3ximo 1 de junio y hasta el d\u00eda 9 del mismo mes, comienza el periodo de matriculaci\u00f3n para el pr\u00f3ximo curso escolar. La matriculaci\u00f3n de todos los alumnos y alumnas se realizar\u00e1 a trav\u00e9s de la Secretar\u00eda Virtual de la Consejer\u00eda de Desarrollo Educativo y Formaci\u00f3n Profesional.&nbsp;&nbsp; Para ello todos los padres deben acceder [&hellip;]<\/p>\n","protected":false},"author":17575,"featured_media":1893,"parent":0,"menu_order":0,"comment_status":"closed","ping_status":"closed","template":"","meta":{"_et_pb_use_builder":"","_et_pb_old_content":"","_et_gb_content_width":"","ngg_post_thumbnail":0,"footnotes":""},"aioseo_notices":[],"_links":{"self":[{"href":"https:\/\/blogsaverroes.juntadeandalucia.es\/ceipsantiagolalinea\/wp-json\/wp\/v2\/pages\/1892"}],"collection":[{"href":"https:\/\/blogsaverroes.juntadeandalucia.es\/ceipsantiagolalinea\/wp-json\/wp\/v2\/pages"}],"about":[{"href":"https:\/\/blogsaverroes.juntadeandalucia.es\/ceipsantiagolalinea\/wp-json\/wp\/v2\/types\/page"}],"author":[{"embeddable":true,"href":"https:\/\/blogsaverroes.juntadeandalucia.es\/ceipsantiagolalinea\/wp-json\/wp\/v2\/users\/17575"}],"replies":[{"embeddable":true,"href":"https:\/\/blogsaverroes.juntadeandalucia.es\/ceipsantiagolalinea\/wp-json\/wp\/v2\/comments?post=1892"}],"version-history":[{"count":5,"href":"https:\/\/blogsaverroes.juntadeandalucia.es\/ceipsantiagolalinea\/wp-json\/wp\/v2\/pages\/1892\/revisions"}],"predecessor-version":[{"id":5012,"href":"https:\/\/blogsaverroes.juntadeandalucia.es\/ceipsantiagolalinea\/wp-json\/wp\/v2\/pages\/1892\/revisions\/5012"}],"wp:featuredmedia":[{"embeddable":true,"href":"https:\/\/blogsaverroes.juntadeandalucia.es\/ceipsantiagolalinea\/wp-json\/wp\/v2\/media\/1893"}],"wp:attachment":[{"href":"https:\/\/blogsaverroes.juntadeandalucia.es\/ceipsantiagolalinea\/wp-json\/wp\/v2\/media?parent=1892"}],"curies":[{"name":"wp","href":"https:\/\/api.w.org\/{rel}","templated":true}]}}

MATRICULACIÓN 2025/26

<p><img loading="lazy" decoding="async" class="alignnone size-full wp-image-1893 aligncenter" src="https://blogsaverroes.juntadeandalucia.es/ceipsantiagolalinea/files/2023/05/Sobre-de-matricula.jpg" alt="" width="293" height="172"></p>
<p><span style="font-size: 14pt">El próximo 1 de junio y hasta el día 9 del mismo mes, comienza el periodo de matriculación para el próximo curso escolar.</span></p>
<p><span style="font-size: 14pt">La matriculación de todos los alumnos y alumnas se realizará a través de la Secretaría Virtual de la Consejería de Desarrollo Educativo y Formación Profesional.&nbsp;&nbsp;</span></p>
<p><span style="font-size: 14pt">Para ello todos los padres deben acceder a través de la misma con el número de identificador llamada &#8220;IANDE&#8221;.</span></p>
<p><span style="font-size: 14pt">Una vez se realice el acceso se deberá cumplimentar la documentación de la matrícula sobre los documentos referidos a &#8220;Datos personales&#8221;, &#8220;Datos de matriculación&#8221; y &#8220;Solicitud de servicios complementarios&#8221;.</span></p>
<p><span style="font-size: 14pt">La plataforma para acceder NO estará operativa hasta el próximo día 1 de junio hasta el 9 del mismo mes, por lo que es necesario cumplimentar este trámite en la fecha indicada. Una vez finalizada la fecha la plataforma dejará de funcionar y NO será posible realizar la matriculación.</span></p>
<p><span style="font-size: 14pt">Para facilitar el trámite se han adjuntado los siguientes enlaces que ayudarán a las familias a cumplimentar los diferentes documentos:</span></p>
<p><span style="font-size: 14pt">1. Video tutorial para acceso al número de identificación IANDE. Pinchar <a href="https://www.youtube.com/watch?v=GolSetOB82M">aquí.</a></span></p>
<p><span style="font-size: 14pt">2. Video tutorial para acceso a la secretaría virtual. Pinchar <a href="https://youtu.be/p8bqMdBsLd4">aquí</a>.</span></p>
<p><span style="font-size: 14pt">3. Video tutorial para cumplimentación de la matrícula curso escolar. Pinchar <a href="https://www.youtube.com/watch?v=V0U7eX0L7ro">aquí</a>.</span></p>
<p><span style="font-size: 14pt;color: #ff0000">Resumen de los pasos a seguir para la matriculación.</span></p>
<ol>
<li><span style="font-size: 14pt;color: #ff0000">Número de identificación IANDE de cada hijo o hija.</span></li>
<li><span style="font-size: 14pt;color: #ff0000">Acceder a la Secretaría Virtual.</span></li>
<li><span style="font-size: 14pt;color: #ff0000">Cumplimentar la matriculación dentro de la Secretaría Virtual.</span></li>
</ol>
<p><span style="font-size: 14pt">Acceso a la Secretaría Virtual de la Consejería de Educación y Deportes. Pinchar <a href="https://www.juntadeandalucia.es/educacion/secretariavirtual/">aquí</a>.</span></p>
<p><span style="font-size: 14pt">Rogamos que ante cualquier dificultad se pongan en contacto con el centro educativo para poder solucionarla cuanto antes.</span></p>

<p>El próximo 1 de junio y hasta el día 9 del mismo mes, comienza el periodo de matriculación para el próximo curso escolar. La matriculación de todos los alumnos y alumnas se realizará a través de la Secretaría Virtual de la Consejería de Desarrollo Educativo y Formación Profesional.&nbsp;&nbsp; Para ello todos los padres deben acceder [&hellip;]</p>
