{"id":6572,"date":"2026-04-01T07:41:37","date_gmt":"2026-04-01T06:41:37","guid":{"rendered":"https:\/\/blogsaverroes.juntadeandalucia.es\/ceipsantiagolalinea\/?page_id=6572"},"modified":"2026-04-01T08:23:08","modified_gmt":"2026-04-01T07:23:08","slug":"emprendimiento-educativo","status":"publish","type":"page","link":"https:\/\/blogsaverroes.juntadeandalucia.es\/ceipsantiagolalinea\/emprendimiento-educativo\/","title":{"rendered":"Emprendimiento Educativo"},"content":{"rendered":"<p style=\"text-align: center\"><img loading=\"lazy\" decoding=\"async\" class=\"size-full wp-image-6573 alignleft\" src=\"https:\/\/blogsaverroes.juntadeandalucia.es\/ceipsantiagolalinea\/files\/2026\/04\/Emprendimienrto-Educativo.png\" alt=\"\" width=\"225\" height=\"225\" srcset=\"https:\/\/blogsaverroes.juntadeandalucia.es\/ceipsantiagolalinea\/files\/2026\/04\/Emprendimienrto-Educativo.png 225w, https:\/\/blogsaverroes.juntadeandalucia.es\/ceipsantiagolalinea\/files\/2026\/04\/Emprendimienrto-Educativo-150x150.png 150w\" sizes=\"(max-width: 225px) 100vw, 225px\" \/><\/p>\n<p><span style=\"font-size: 12pt\">Emprendimiento Educativo es un programa con el que se estimula en el alumnado la adquisici\u00f3n y desarrollo de competencias emprendedoras desde todas las dimensiones y \u00e1reas pedag\u00f3gicas. De esta manera, el Programa de Emprendimiento Educativo va m\u00e1s all\u00e1 de su dimensi\u00f3n productiva, incorporando de manera integrada las dimensiones personal y social que le son inherentes.<\/span><\/p>\n<p><span style=\"font-size: 12pt\">En concreto, este programa contempla los siguientes objetivos:<\/span><\/p>\n<ul>\n<li><span style=\"font-size: 12pt\">Desarrollar en el alumnado una actitud proactiva, creativa e innovadora ante los retos del entorno.<\/span><\/li>\n<li><span style=\"font-size: 12pt\">Fomentar la autonom\u00eda, la toma de decisiones y la capacidad de asumir responsabilidades en proyectos colectivos.<\/span><\/li>\n<li><span style=\"font-size: 12pt\">Impulsar la cultura emprendedora vinculada a la sostenibilidad, la cooperaci\u00f3n y la transformaci\u00f3n social.<\/span><\/li>\n<li><span style=\"font-size: 12pt\">Potenciar competencias profesionales como la iniciativa, el trabajo en equipo, la comunicaci\u00f3n y la<\/span> r<span style=\"font-size: 12pt\">esoluci\u00f3n de problemas.<\/span><\/li>\n<li><span style=\"font-size: 12pt\">Promover la creaci\u00f3n de proyectos educativos que fortalezcan el v\u00ednculo entre escuela, comunidad y entorno productivo.<\/span><\/li>\n<\/ul>\n<p><span style=\"font-size: 12pt\">En nuestro centro educativo el programa est\u00e1 basado en un programa de iniciativa propia denominado Santiago Protege, desde donde se realizan estas acciones emprendedoras para ayudar y colaborar con la protecci\u00f3n de los animales de la localidad que se inici\u00f3 hace cinco curso escolares y que ahora se adapta a este nuevo formato de programa fomentado por la Consejer\u00eda de Desarrollo Educativo.<\/span><\/p>\n<p><span style=\"font-size: 12pt\">En estas acciones se realizan diferentes actuaciones para gestionar la ayuda alimenticia, la protecci\u00f3n de su salud, el control de las colonias y cuantas actuaciones consigan beneficiar el bienestar animal. Todo ello gestionado desde el propio alumnado, donde el papel colaborador de las familias tambi\u00e9n tiene cabida en su organizaci\u00f3n.<\/span><\/p>\n<p><span style=\"font-size: 12pt\">El programa est\u00e1 coordinado por la tutora del curso de 4\u00ba de educaci\u00f3n primaria, Do\u00f1a M\u00aa del Carmen Delgado Moreno y secretaria de nuestro colegio.<\/span><\/p>\n","protected":false},"excerpt":{"rendered":"<p>Emprendimiento Educativo es un programa con el que se estimula en el alumnado la adquisici\u00f3n y desarrollo de competencias emprendedoras desde todas las dimensiones y \u00e1reas pedag\u00f3gicas. De esta manera, el Programa de Emprendimiento Educativo va m\u00e1s all\u00e1 de su dimensi\u00f3n productiva, incorporando de manera integrada las dimensiones personal y social que le son inherentes. [&hellip;]<\/p>\n","protected":false},"author":17575,"featured_media":0,"parent":0,"menu_order":0,"comment_status":"closed","ping_status":"closed","template":"","meta":{"_et_pb_use_builder":"","_et_pb_old_content":"","_et_gb_content_width":"","ngg_post_thumbnail":0,"footnotes":""},"aioseo_notices":[],"_links":{"self":[{"href":"https:\/\/blogsaverroes.juntadeandalucia.es\/ceipsantiagolalinea\/wp-json\/wp\/v2\/pages\/6572"}],"collection":[{"href":"https:\/\/blogsaverroes.juntadeandalucia.es\/ceipsantiagolalinea\/wp-json\/wp\/v2\/pages"}],"about":[{"href":"https:\/\/blogsaverroes.juntadeandalucia.es\/ceipsantiagolalinea\/wp-json\/wp\/v2\/types\/page"}],"author":[{"embeddable":true,"href":"https:\/\/blogsaverroes.juntadeandalucia.es\/ceipsantiagolalinea\/wp-json\/wp\/v2\/users\/17575"}],"replies":[{"embeddable":true,"href":"https:\/\/blogsaverroes.juntadeandalucia.es\/ceipsantiagolalinea\/wp-json\/wp\/v2\/comments?post=6572"}],"version-history":[{"count":4,"href":"https:\/\/blogsaverroes.juntadeandalucia.es\/ceipsantiagolalinea\/wp-json\/wp\/v2\/pages\/6572\/revisions"}],"predecessor-version":[{"id":6589,"href":"https:\/\/blogsaverroes.juntadeandalucia.es\/ceipsantiagolalinea\/wp-json\/wp\/v2\/pages\/6572\/revisions\/6589"}],"wp:attachment":[{"href":"https:\/\/blogsaverroes.juntadeandalucia.es\/ceipsantiagolalinea\/wp-json\/wp\/v2\/media?parent=6572"}],"curies":[{"name":"wp","href":"https:\/\/api.w.org\/{rel}","templated":true}]}}

<p style="text-align: center"><img loading="lazy" decoding="async" class="size-full wp-image-6573 alignleft" src="https://blogsaverroes.juntadeandalucia.es/ceipsantiagolalinea/files/2026/04/Emprendimienrto-Educativo.png" alt="" width="225" height="225" srcset="https://blogsaverroes.juntadeandalucia.es/ceipsantiagolalinea/files/2026/04/Emprendimienrto-Educativo.png 225w, https://blogsaverroes.juntadeandalucia.es/ceipsantiagolalinea/files/2026/04/Emprendimienrto-Educativo-150x150.png 150w" sizes="(max-width: 225px) 100vw, 225px" /></p>
<p><span style="font-size: 12pt">Emprendimiento Educativo es un programa con el que se estimula en el alumnado la adquisición y desarrollo de competencias emprendedoras desde todas las dimensiones y áreas pedagógicas. De esta manera, el Programa de Emprendimiento Educativo va más allá de su dimensión productiva, incorporando de manera integrada las dimensiones personal y social que le son inherentes.</span></p>
<p><span style="font-size: 12pt">En concreto, este programa contempla los siguientes objetivos:</span></p>
<ul>
<li><span style="font-size: 12pt">Desarrollar en el alumnado una actitud proactiva, creativa e innovadora ante los retos del entorno.</span></li>
<li><span style="font-size: 12pt">Fomentar la autonomía, la toma de decisiones y la capacidad de asumir responsabilidades en proyectos colectivos.</span></li>
<li><span style="font-size: 12pt">Impulsar la cultura emprendedora vinculada a la sostenibilidad, la cooperación y la transformación social.</span></li>
<li><span style="font-size: 12pt">Potenciar competencias profesionales como la iniciativa, el trabajo en equipo, la comunicación y la</span> r<span style="font-size: 12pt">esolución de problemas.</span></li>
<li><span style="font-size: 12pt">Promover la creación de proyectos educativos que fortalezcan el vínculo entre escuela, comunidad y entorno productivo.</span></li>
</ul>
<p><span style="font-size: 12pt">En nuestro centro educativo el programa está basado en un programa de iniciativa propia denominado Santiago Protege, desde donde se realizan estas acciones emprendedoras para ayudar y colaborar con la protección de los animales de la localidad que se inició hace cinco curso escolares y que ahora se adapta a este nuevo formato de programa fomentado por la Consejería de Desarrollo Educativo.</span></p>
<p><span style="font-size: 12pt">En estas acciones se realizan diferentes actuaciones para gestionar la ayuda alimenticia, la protección de su salud, el control de las colonias y cuantas actuaciones consigan beneficiar el bienestar animal. Todo ello gestionado desde el propio alumnado, donde el papel colaborador de las familias también tiene cabida en su organización.</span></p>
<p><span style="font-size: 12pt">El programa está coordinado por la tutora del curso de 4º de educación primaria, Doña Mª del Carmen Delgado Moreno y secretaria de nuestro colegio.</span></p>

<p>Emprendimiento Educativo es un programa con el que se estimula en el alumnado la adquisición y desarrollo de competencias emprendedoras desde todas las dimensiones y áreas pedagógicas. De esta manera, el Programa de Emprendimiento Educativo va más allá de su dimensión productiva, incorporando de manera integrada las dimensiones personal y social que le son inherentes. [&hellip;]</p>
