{"id":836,"date":"2020-12-18T08:37:22","date_gmt":"2020-12-18T07:37:22","guid":{"rendered":"https:\/\/blogsaverroes.juntadeandalucia.es\/pre\/plantilla-pencil\/?page_id=836"},"modified":"2024-09-19T19:26:54","modified_gmt":"2024-09-19T18:26:54","slug":"actividades-extraescolares","status":"publish","type":"page","link":"https:\/\/blogsaverroes.juntadeandalucia.es\/ceipsantiagolalinea\/actividades-extraescolares\/","title":{"rendered":"Actividades extraescolares"},"content":{"rendered":"<p>[et_pb_section fb_built=&#8221;1&#8243; _builder_version=&#8221;4.16&#8243; background_color=&#8221;#FFFFFF&#8221; custom_padding=&#8221;0px||0px|&#8221; z_index_tablet=&#8221;500&#8243; box_shadow_horizontal_tablet=&#8221;0px&#8221; box_shadow_vertical_tablet=&#8221;0px&#8221; box_shadow_blur_tablet=&#8221;40px&#8221; box_shadow_spread_tablet=&#8221;0px&#8221; global_colors_info=&#8221;{}&#8221;][et_pb_row _builder_version=&#8221;4.16&#8243; background_color=&#8221;#FFFFFF&#8221; background_size=&#8221;initial&#8221; background_position=&#8221;top_left&#8221; background_repeat=&#8221;repeat&#8221; global_colors_info=&#8221;{}&#8221;][et_pb_column type=&#8221;4_4&#8243; _builder_version=&#8221;4.16&#8243; custom_padding=&#8221;|||&#8221; global_colors_info=&#8221;{}&#8221; custom_padding__hover=&#8221;|||&#8221;][et_pb_image src=&#8221;https:\/\/blogsaverroes.juntadeandalucia.es\/ceipsantiagolalinea\/files\/2023\/02\/Talleres.gif&#8221; title_text=&#8221;Talleres&#8221; admin_label=&#8221;Imagen de la portada&#8221; _builder_version=&#8221;4.16&#8243; background_color=&#8221;#FFFFFF&#8221; z_index_tablet=&#8221;500&#8243; box_shadow_horizontal_tablet=&#8221;0px&#8221; box_shadow_vertical_tablet=&#8221;0px&#8221; box_shadow_blur_tablet=&#8221;40px&#8221; box_shadow_spread_tablet=&#8221;0px&#8221; global_colors_info=&#8221;{}&#8221;][\/et_pb_image][et_pb_text admin_label=&#8221;Texto descriptivo&#8221; _builder_version=&#8221;4.24.2&#8243; background_color=&#8221;#FFFFFF&#8221; hover_enabled=&#8221;0&#8243; z_index_tablet=&#8221;500&#8243; text_text_shadow_horizontal_length_tablet=&#8221;0px&#8221; text_text_shadow_vertical_length_tablet=&#8221;0px&#8221; text_text_shadow_blur_strength_tablet=&#8221;1px&#8221; link_text_shadow_horizontal_length_tablet=&#8221;0px&#8221; link_text_shadow_vertical_length_tablet=&#8221;0px&#8221; link_text_shadow_blur_strength_tablet=&#8221;1px&#8221; ul_text_shadow_horizontal_length_tablet=&#8221;0px&#8221; ul_text_shadow_vertical_length_tablet=&#8221;0px&#8221; ul_text_shadow_blur_strength_tablet=&#8221;1px&#8221; ol_text_shadow_horizontal_length_tablet=&#8221;0px&#8221; ol_text_shadow_vertical_length_tablet=&#8221;0px&#8221; ol_text_shadow_blur_strength_tablet=&#8221;1px&#8221; quote_text_shadow_horizontal_length_tablet=&#8221;0px&#8221; quote_text_shadow_vertical_length_tablet=&#8221;0px&#8221; quote_text_shadow_blur_strength_tablet=&#8221;1px&#8221; header_text_shadow_horizontal_length_tablet=&#8221;0px&#8221; header_text_shadow_vertical_length_tablet=&#8221;0px&#8221; header_text_shadow_blur_strength_tablet=&#8221;1px&#8221; header_2_text_shadow_horizontal_length_tablet=&#8221;0px&#8221; header_2_text_shadow_vertical_length_tablet=&#8221;0px&#8221; header_2_text_shadow_blur_strength_tablet=&#8221;1px&#8221; header_3_text_shadow_horizontal_length_tablet=&#8221;0px&#8221; header_3_text_shadow_vertical_length_tablet=&#8221;0px&#8221; header_3_text_shadow_blur_strength_tablet=&#8221;1px&#8221; header_4_text_shadow_horizontal_length_tablet=&#8221;0px&#8221; header_4_text_shadow_vertical_length_tablet=&#8221;0px&#8221; header_4_text_shadow_blur_strength_tablet=&#8221;1px&#8221; header_5_text_shadow_horizontal_length_tablet=&#8221;0px&#8221; header_5_text_shadow_vertical_length_tablet=&#8221;0px&#8221; header_5_text_shadow_blur_strength_tablet=&#8221;1px&#8221; header_6_text_shadow_horizontal_length_tablet=&#8221;0px&#8221; header_6_text_shadow_vertical_length_tablet=&#8221;0px&#8221; header_6_text_shadow_blur_strength_tablet=&#8221;1px&#8221; box_shadow_horizontal_tablet=&#8221;0px&#8221; box_shadow_vertical_tablet=&#8221;0px&#8221; box_shadow_blur_tablet=&#8221;40px&#8221; box_shadow_spread_tablet=&#8221;0px&#8221; global_colors_info=&#8221;{}&#8221; sticky_enabled=&#8221;0&#8243;]<\/p>\n<h2>Actividades extraescolares<\/h2>\n<p class=\"Estilo31 Estilo32\" align=\"justify\">Las actividades extraescolares se llevan a cabo en horario de tarde y una vez que ha terminado el servicio de comedor.<\/p>\n<p class=\"Estilo31 Estilo32\" align=\"justify\">En nuestro centro hay actualmente cuatro talleres: multideportes, ingl\u00e9s, taekwondo y taller art\u00edstico, todos impartidos por la empresa RUBE,S.L.<\/p>\n<p class=\"Estilo31 Estilo32\" align=\"justify\"><span class=\"Estilo34\">Cada actividad cuesta 17.51 euros mensuales, y siempre dependiendo de la bonificaci\u00f3n que la Junta de Andaluc\u00eda le concede<\/span><span class=\"Estilo34\">a la familia en funci\u00f3n<\/span><span class=\"Estilo34\">de la renta anual obtenida.<\/span><\/p>\n<p class=\"Estilo31 Estilo32\" align=\"justify\">El pago de las mismas se realizar\u00e1 a trrav\u00e9s de recibo que se enviar\u00e1 al alumnado.<\/p>\n<p class=\"Estilo31 Estilo32\" align=\"center\">Los horarios de estas actividades son: (Puede descargarlos pinchando<a href=\"https:\/\/blogsaverroes.juntadeandalucia.es\/ceipsantiagolalinea\/files\/2024\/09\/CEIP-SANTIAGO-ACTIVIDADES-EXTRAESCOLARES.pdf\"> aqu\u00ef<\/a>)<\/p>\n<table style=\"width: 100%;height: 789px\" border=\"2\" cellspacing=\"0\" cellpadding=\"0\">\n<tbody>\n<tr style=\"height: 10px\" bgcolor=\"#FFFFCC\">\n<td style=\"height: 10px\" valign=\"top\" width=\"241\">\n<div align=\"center\"><span class=\"Estilo16\">HORARIO<\/span><\/div>\n<\/td>\n<td style=\"height: 10px\" valign=\"top\" width=\"243\">\n<p class=\"Estilo16\" align=\"center\"><em>LUNES<\/em><\/p>\n<\/td>\n<td style=\"height: 10px\" valign=\"top\" width=\"256\">\n<p class=\"Estilo16\" align=\"center\"><em>MARTES<\/em><\/p>\n<\/td>\n<td style=\"height: 10px\" valign=\"top\" width=\"242\">\n<p class=\"Estilo16\" align=\"center\"><em>MIERCOLES<\/em><\/p>\n<\/td>\n<td style=\"height: 10px\" valign=\"top\" width=\"269\">\n<p class=\"Estilo16\" align=\"center\"><em>JUEVES<\/em><\/p>\n<\/td>\n<\/tr>\n<tr style=\"height: 290px\" bgcolor=\"#FFFFCC\">\n<td style=\"height: 290px\" valign=\"top\">\n<div align=\"center\">\n<p class=\"Estilo16\">&nbsp;<\/p>\n<p class=\"Estilo16\">&nbsp;<\/p>\n<p class=\"Estilo16\">&nbsp;<\/p>\n<p class=\"Estilo16\">&nbsp;<\/p>\n<p class=\"Estilo16\">De 16:00 a 17:00<\/p>\n<\/div>\n<\/td>\n<td style=\"height: 290px\" valign=\"top\">\n<p class=\"Estilo23 Estilo16\" align=\"center\"><strong>INGL\u00c9S 1<\/strong><\/p>\n<p class=\"Estilo27 Estilo28\" align=\"center\">Alumnos de&nbsp;<em>E. Infantil<\/em><\/p>\n<p class=\"Estilo27 Estilo28\" align=\"center\">&nbsp;<\/p>\n<p class=\"Estilo27 Estilo28\" align=\"center\">&nbsp;<\/p>\n<p class=\"Estilo23\" align=\"center\"><strong>MULTIDEPORTE 1<\/strong><\/p>\n<p class=\"Estilo27\" align=\"center\"><em>Alumnos de<\/em><\/p>\n<p class=\"Estilo27\" align=\"center\"><em>4, 5\u00ba y 6\u00ba de E. Primaria.<\/em><\/p>\n<p class=\"Estilo30\" align=\"center\">&nbsp;<\/p>\n<\/td>\n<td style=\"height: 290px\" valign=\"top\">\n<p class=\"Estilo23 Estilo16\" align=\"center\"><strong>TAEKWONDO<\/strong><\/p>\n<p class=\"Estilo27 Estilo28\" align=\"center\">Alumnos de<\/p>\n<p class=\"Estilo27\" align=\"center\"><em>E. Primaria.<\/em><\/p>\n<p align=\"center\">&nbsp;<\/p>\n<p class=\"Estilo23\" align=\"center\"><strong>ART\u00cdSTICO<\/strong><\/p>\n<p class=\"Estilo27\" align=\"center\"><em>E. Infantil y E. Primaria&nbsp;<\/em>.<\/p>\n<p class=\"Estilo27\" align=\"center\">&nbsp;<\/p>\n<\/td>\n<td style=\"height: 290px\" valign=\"top\">\n<p class=\"Estilo23 Estilo16\" align=\"center\"><strong>INGL\u00c9S 1<\/strong><\/p>\n<p class=\"Estilo27 Estilo28\" align=\"center\">Alumnos de&nbsp;<em>E. Infantil<\/em><\/p>\n<p class=\"Estilo27 Estilo28\" align=\"center\">&nbsp;<\/p>\n<p class=\"Estilo27 Estilo28\" align=\"center\">&nbsp;<\/p>\n<p class=\"Estilo23\" align=\"center\"><strong>MULTIDEPORTE 1<\/strong><\/p>\n<p class=\"Estilo27\" align=\"center\"><em>Alumnos de<\/em><\/p>\n<p class=\"Estilo27\" align=\"center\"><em>4, 5\u00ba y 6\u00ba de E. Primaria.<\/em><\/p>\n<\/td>\n<td style=\"height: 290px\" valign=\"top\">\n<p class=\"Estilo23 Estilo16\" align=\"center\"><strong>TAEKWONDO<\/strong><\/p>\n<p class=\"Estilo27 Estilo28\" align=\"center\">Alumnos de<\/p>\n<p class=\"Estilo27\" align=\"center\"><em>E. Primaria.<\/em><\/p>\n<p class=\"Estilo27 Estilo28\" align=\"center\">&nbsp;<\/p>\n<p class=\"Estilo23\" align=\"center\"><strong>TALLER ART\u00cdSTICO<\/strong><\/p>\n<p class=\"Estilo27\" align=\"center\"><em>E. Infantil y E. Primaria&nbsp;<\/em>.<\/p>\n<\/td>\n<\/tr>\n<tr style=\"height: 489px\" bgcolor=\"#FFFFCC\">\n<td style=\"height: 489px\" valign=\"top\" height=\"461\">\n<div align=\"center\">\n<p class=\"Estilo16\">&nbsp;<\/p>\n<p class=\"Estilo16\">&nbsp;<\/p>\n<p class=\"Estilo16\">&nbsp;<\/p>\n<p class=\"Estilo16\">&nbsp;<\/p>\n<p class=\"Estilo16\">De 17:00 a 18:00<\/p>\n<\/div>\n<\/td>\n<td style=\"height: 489px\" valign=\"top\">\n<p class=\"Estilo23\" align=\"center\"><strong>MULTIDEPORTE 2<\/strong><\/p>\n<p class=\"Estilo27 Estilo28\" align=\"center\">Alumnos de E. Infantil.<\/p>\n<p class=\"Estilo23\" align=\"center\">&nbsp;<\/p>\n<p class=\"Estilo23 Estilo16\" align=\"center\"><strong>INGL\u00c9S 2.<\/strong><\/p>\n<p class=\"Estilo27 Estilo28\" align=\"center\">Alumnos de<\/p>\n<p class=\"Estilo27 Estilo28\" align=\"center\">E. Primaria.<\/p>\n<p class=\"Estilo23\" align=\"center\">&nbsp;<\/p>\n<\/td>\n<td style=\"height: 489px\" valign=\"top\">\n<p class=\"Estilo23\" align=\"center\"><strong>MULTIDEPORTE 3<\/strong><\/p>\n<p class=\"Estilo27 Estilo28\" align=\"center\">Alumnos de<\/p>\n<p class=\"Estilo27\" align=\"center\">1\u00ba, 2 y 3\u00ba de E. Primaria.<\/p>\n<p class=\"Estilo23\" align=\"center\">&nbsp;<\/p>\n<p class=\"Estilo23\" align=\"center\">&nbsp;<\/p>\n<p class=\"Estilo23\" align=\"center\">&nbsp;<\/p>\n<p class=\"Estilo23\" align=\"center\">&nbsp;<\/p>\n<\/td>\n<td style=\"height: 489px\" valign=\"top\">\n<p class=\"Estilo23\" align=\"center\"><strong>MULTIDEPORTE 2<\/strong><\/p>\n<p class=\"Estilo27 Estilo28\" align=\"center\">Alumnos de E. Infantil.<\/p>\n<p class=\"Estilo23\" align=\"center\">&nbsp;<\/p>\n<p class=\"Estilo23 Estilo16\" align=\"center\"><strong>INGL\u00c9S 2.<\/strong><\/p>\n<p class=\"Estilo27 Estilo28\" align=\"center\">Alumnos de<\/p>\n<p class=\"Estilo27 Estilo28\" align=\"center\">E. Primaria.<\/p>\n<\/td>\n<td style=\"height: 489px\" valign=\"top\">\n<p class=\"Estilo23\" align=\"center\"><strong>MULTIDEPORTE 3<\/strong><\/p>\n<p class=\"Estilo27 Estilo28\" align=\"center\">Alumnos de<\/p>\n<p class=\"Estilo27\" align=\"center\">1\u00ba, 2 y 3\u00ba de E. Primaria.<\/p>\n<p class=\"Estilo23\" align=\"center\">&nbsp;<\/p>\n<\/td>\n<\/tr>\n<\/tbody>\n<\/table>\n<p class=\"Estilo16 Estilo21\" align=\"center\">&nbsp;<\/p>\n<p class=\"Estilo16 Estilo33\" align=\"center\">Si est\u00e1 interesado en alguna de los servicios del Plan de Familia (aula matinal, comedor o talleres) dir\u00edjase a la Direcci\u00f3n del Centro en horario de secretar\u00eda, donde se le informar\u00e1 detalladamente de cada uno de los mismos, as\u00ed como del pago y su posible bonificaci\u00f3n.<\/p>\n<p>[\/et_pb_text][\/et_pb_column][\/et_pb_row][\/et_pb_section]<\/p>\n","protected":false},"excerpt":{"rendered":"<p>Actividades extraescolares Las actividades extraescolares se llevan a cabo en horario de tarde y una vez que ha terminado el servicio de comedor. En nuestro centro hay actualmente cuatro talleres: multideportes, ingl\u00e9s, taekwondo y taller art\u00edstico, todos impartidos por la empresa RUBE,S.L. Cada actividad cuesta 17.51 euros mensuales, y siempre dependiendo de la bonificaci\u00f3n que [&hellip;]<\/p>\n","protected":false},"author":17575,"featured_media":0,"parent":0,"menu_order":0,"comment_status":"closed","ping_status":"closed","template":"","meta":{"_et_pb_use_builder":"on","_et_pb_old_content":"","_et_gb_content_width":"","ngg_post_thumbnail":0,"footnotes":""},"aioseo_notices":[],"_links":{"self":[{"href":"https:\/\/blogsaverroes.juntadeandalucia.es\/ceipsantiagolalinea\/wp-json\/wp\/v2\/pages\/836"}],"collection":[{"href":"https:\/\/blogsaverroes.juntadeandalucia.es\/ceipsantiagolalinea\/wp-json\/wp\/v2\/pages"}],"about":[{"href":"https:\/\/blogsaverroes.juntadeandalucia.es\/ceipsantiagolalinea\/wp-json\/wp\/v2\/types\/page"}],"author":[{"embeddable":true,"href":"https:\/\/blogsaverroes.juntadeandalucia.es\/ceipsantiagolalinea\/wp-json\/wp\/v2\/users\/17575"}],"replies":[{"embeddable":true,"href":"https:\/\/blogsaverroes.juntadeandalucia.es\/ceipsantiagolalinea\/wp-json\/wp\/v2\/comments?post=836"}],"version-history":[{"count":11,"href":"https:\/\/blogsaverroes.juntadeandalucia.es\/ceipsantiagolalinea\/wp-json\/wp\/v2\/pages\/836\/revisions"}],"predecessor-version":[{"id":3572,"href":"https:\/\/blogsaverroes.juntadeandalucia.es\/ceipsantiagolalinea\/wp-json\/wp\/v2\/pages\/836\/revisions\/3572"}],"wp:attachment":[{"href":"https:\/\/blogsaverroes.juntadeandalucia.es\/ceipsantiagolalinea\/wp-json\/wp\/v2\/media?parent=836"}],"curies":[{"name":"wp","href":"https:\/\/api.w.org\/{rel}","templated":true}]}}