{"id":2296,"date":"2020-09-21T11:39:46","date_gmt":"2020-09-21T11:39:46","guid":{"rendered":"https:\/\/blogsaverroes.juntadeandalucia.es\/ceipsantocristodelmar\/?page_id=2296"},"modified":"2020-09-23T11:45:12","modified_gmt":"2020-09-23T11:45:12","slug":"normas-de-comedor","status":"publish","type":"page","link":"https:\/\/blogsaverroes.juntadeandalucia.es\/ceipsantocristodelmar\/normas-de-comedor\/","title":{"rendered":"Normas de Comedor"},"content":{"rendered":"<p><a href=\"https:\/\/blogsaverroes.juntadeandalucia.es\/ceipsantocristodelmar\/files\/2020\/09\/Comedor-escolar-800x451-1.jpg\"><img loading=\"lazy\" decoding=\"async\" class=\"size-medium wp-image-2258 aligncenter\" src=\"https:\/\/blogsaverroes.juntadeandalucia.es\/ceipsantocristodelmar\/files\/2020\/09\/Comedor-escolar-800x451-1-300x169.jpg\" alt=\"Aula Matinal y Comedor\" width=\"300\" height=\"169\" srcset=\"https:\/\/blogsaverroes.juntadeandalucia.es\/ceipsantocristodelmar\/files\/2020\/09\/Comedor-escolar-800x451-1-300x169.jpg 300w, https:\/\/blogsaverroes.juntadeandalucia.es\/ceipsantocristodelmar\/files\/2020\/09\/Comedor-escolar-800x451-1-768x433.jpg 768w, https:\/\/blogsaverroes.juntadeandalucia.es\/ceipsantocristodelmar\/files\/2020\/09\/Comedor-escolar-800x451-1-24x14.jpg 24w, https:\/\/blogsaverroes.juntadeandalucia.es\/ceipsantocristodelmar\/files\/2020\/09\/Comedor-escolar-800x451-1-36x20.jpg 36w, https:\/\/blogsaverroes.juntadeandalucia.es\/ceipsantocristodelmar\/files\/2020\/09\/Comedor-escolar-800x451-1-48x27.jpg 48w, https:\/\/blogsaverroes.juntadeandalucia.es\/ceipsantocristodelmar\/files\/2020\/09\/Comedor-escolar-800x451-1.jpg 800w\" sizes=\"(max-width: 300px) 100vw, 300px\" \/><\/a><\/p>\n<p style=\"text-align: center\"><strong><u>NORMAS DE FUNCIONAMIENTO DEL SERVICIO DE COMEDOR CURSO 2020\/2021<\/u><\/strong><\/p>\n<p><strong><u>Usuarios del comedor:<\/u><\/strong><\/p>\n<p>Podr\u00e1n tener exclusivamente la condici\u00f3n de usuarios del comedor escolar los alumnos matriculados en el centro que hayan sido admitidos por la delegaci\u00f3n de Educaci\u00f3n y que est\u00e9n al corriente del pago de todos los recibos del servicio del curso escolar anterior.<\/p>\n<p><strong><u>Solicitud de alta, baja o modificaci\u00f3n en el servicio:<\/u><\/strong><\/p>\n<p>Se comunicar\u00e1 en primer lugar a la direcci\u00f3n del centro escolar, rellenando el documento correspondiente (modelo\/alta\/ baja o modificaci\u00f3n) y en segundo lugar se le comunicar\u00e1 a Sal\u00f3n Celebraciones El Cortijo, S.L.<\/p>\n<p>&nbsp;<\/p>\n<p><strong>La solicitud de alta, baja o modificaci\u00f3n en el servicio de comedor escolar, se comunicar\u00e1 los lunes y martes antes de las 12:00 H del mediod\u00eda a lo largo de todo el curso, siendo efectiva a partir del lunes de la semana siguiente. En caso de comunicarse a partir del mi\u00e9rcoles&nbsp; ser\u00e1 efectivo a partir del segundo lunes desde la fecha de la alta\/baja\/modificaci\u00f3n<\/strong><\/p>\n<p><strong>&nbsp;<\/strong><\/p>\n<p><strong><u>Ausencias del servicio de comedor: <\/u><\/strong><\/p>\n<p>Las faltas de asistencia se descontar\u00e1n de la cuota mensual del recibo del mes siguiente, siempre que se comuniquen con <strong>TRES DIAS DE ANTELACI\u00d3N<\/strong> a la&nbsp; misma, antes de las 9:00 horas, debiendo quedar constancia a trav\u00e9s del correo electr\u00f3nico, &nbsp;(<a href=\"mailto:comedores@cateringelcortijo.com\">comedores@cateringelcortijo.com<\/a> ). Adem\u00e1s se descontar\u00e1n las ausencias por enfermedad que sean avisadas antes de las 9.00h&nbsp; de la ma\u00f1ana del mismo d\u00eda, siempre que nos env\u00eden un justificante m\u00e9dico en las 48 h posteriores.<\/p>\n<ul>\n<li>Las faltas injustificadas de cinco o m\u00e1s d\u00edas pueden provocar la p\u00e9rdida de la plaza del servicio de comedor, tal y como indica el PPT de la Junta de Andaluc\u00eda.<\/li>\n<\/ul>\n<p>&nbsp;<\/p>\n<p><strong><u>Forma de pago:<\/u><\/strong><\/p>\n<p>El cobro de las mensualidades se realizar\u00e1 entre los d\u00edas 5 y 10 del mes en servicio mediante RECIBOS BANCARIOS.<\/p>\n<p>El precio diario del men\u00fa es de 4,38 \u20ac. En caso de tener concedida una bonificaci\u00f3n por parte de la Consejer\u00eda de Educaci\u00f3n, el precio diario ser\u00e1: 4,38 \u20ac- % bonificaci\u00f3n.<\/p>\n<p>&nbsp;<\/p>\n<p><strong><u>Recibos pendientes<\/u><\/strong><\/p>\n<p>Los recibos que hayan sido devueltos ser\u00e1n comunicados a trav\u00e9s &nbsp;de&nbsp; carta informativa que ser\u00e1 entregada en mano al padre, madre o tutor, donde se informar\u00e1 el importe pendiente y el n\u00famero de cuenta bancaria donde se deber\u00e1 hacer el ingreso.<\/p>\n<p>Por cada recibo devuelto se cobrar\u00e1 3\u20ac de gastos.<\/p>\n<p>&nbsp;<\/p>\n<p><strong><u>Atenci\u00f3n al cliente:<\/u><\/strong><\/p>\n<p>Para cualquier aclaraci\u00f3n&nbsp; pueden contactar con nosotros a trav\u00e9s del correo electr\u00f3nico:<\/p>\n<p><strong>&nbsp;&nbsp;&nbsp;&nbsp;&nbsp;&nbsp;&nbsp;&nbsp;&nbsp;&nbsp;&nbsp;&nbsp;&nbsp;&nbsp;&nbsp;&nbsp;&nbsp;&nbsp; <a href=\"mailto:comedores@cateringelcortijo.com\">comedores@cateringelcortijo.com<\/a>&nbsp;&nbsp;&nbsp;&nbsp;&nbsp;<\/strong><\/p>\n<p>Enlace de descarga: <a href=\"https:\/\/blogsaverroes.juntadeandalucia.es\/ceipsantocristodelmar\/files\/2020\/09\/NORMATIVA-COMEDOR-2020-21.pdf\">NORMATIVA COMEDOR 2020-21<\/a><\/p>\n","protected":false},"excerpt":{"rendered":"<p>NORMAS DE FUNCIONAMIENTO DEL SERVICIO DE COMEDOR CURSO 2020\/2021 Usuarios del comedor: Podr\u00e1n tener exclusivamente la condici\u00f3n de usuarios del comedor escolar los alumnos matriculados en el centro que hayan sido admitidos por la&#46;&#46;&#46;<\/p>\n","protected":false},"author":10535,"featured_media":0,"parent":0,"menu_order":0,"comment_status":"closed","ping_status":"closed","template":"","meta":{"ngg_post_thumbnail":0,"footnotes":"","_mc_calendar":[]},"aioseo_notices":[],"_links":{"self":[{"href":"https:\/\/blogsaverroes.juntadeandalucia.es\/ceipsantocristodelmar\/wp-json\/wp\/v2\/pages\/2296"}],"collection":[{"href":"https:\/\/blogsaverroes.juntadeandalucia.es\/ceipsantocristodelmar\/wp-json\/wp\/v2\/pages"}],"about":[{"href":"https:\/\/blogsaverroes.juntadeandalucia.es\/ceipsantocristodelmar\/wp-json\/wp\/v2\/types\/page"}],"author":[{"embeddable":true,"href":"https:\/\/blogsaverroes.juntadeandalucia.es\/ceipsantocristodelmar\/wp-json\/wp\/v2\/users\/10535"}],"replies":[{"embeddable":true,"href":"https:\/\/blogsaverroes.juntadeandalucia.es\/ceipsantocristodelmar\/wp-json\/wp\/v2\/comments?post=2296"}],"version-history":[{"count":6,"href":"https:\/\/blogsaverroes.juntadeandalucia.es\/ceipsantocristodelmar\/wp-json\/wp\/v2\/pages\/2296\/revisions"}],"predecessor-version":[{"id":2325,"href":"https:\/\/blogsaverroes.juntadeandalucia.es\/ceipsantocristodelmar\/wp-json\/wp\/v2\/pages\/2296\/revisions\/2325"}],"wp:attachment":[{"href":"https:\/\/blogsaverroes.juntadeandalucia.es\/ceipsantocristodelmar\/wp-json\/wp\/v2\/media?parent=2296"}],"curies":[{"name":"wp","href":"https:\/\/api.w.org\/{rel}","templated":true}]}}