{"id":2381,"date":"2020-11-05T09:44:41","date_gmt":"2020-11-05T09:44:41","guid":{"rendered":"https:\/\/blogsaverroes.juntadeandalucia.es\/ceipsantocristodelmar\/?page_id=2381"},"modified":"2020-11-05T12:32:52","modified_gmt":"2020-11-05T12:32:52","slug":"proyecto-de-gestion","status":"publish","type":"page","link":"https:\/\/blogsaverroes.juntadeandalucia.es\/ceipsantocristodelmar\/proyecto-de-gestion\/","title":{"rendered":"Proyecto de Gesti\u00f3n"},"content":{"rendered":"<p>&nbsp;<\/p>\n<p>El&nbsp; proyecto&nbsp; de&nbsp; gesti\u00f3n&nbsp; se&nbsp; define&nbsp; como&nbsp; el&nbsp; documento marco&nbsp; que&nbsp; desarrolla&nbsp; las&nbsp; l\u00edneas&nbsp; para&nbsp; la&nbsp; ordenaci\u00f3n&nbsp; y<a href=\"https:\/\/blogsaverroes.juntadeandalucia.es\/ceipsantocristodelmar\/files\/2020\/11\/gesti\u00f3n.jpg\"><img loading=\"lazy\" decoding=\"async\" class=\"alignright wp-image-2428 size-full\" src=\"https:\/\/blogsaverroes.juntadeandalucia.es\/ceipsantocristodelmar\/files\/2020\/11\/gesti\u00f3n.jpg\" alt=\"\" width=\"297\" height=\"170\" srcset=\"https:\/\/blogsaverroes.juntadeandalucia.es\/ceipsantocristodelmar\/files\/2020\/11\/gesti\u00f3n.jpg 297w, https:\/\/blogsaverroes.juntadeandalucia.es\/ceipsantocristodelmar\/files\/2020\/11\/gesti\u00f3n-24x14.jpg 24w, https:\/\/blogsaverroes.juntadeandalucia.es\/ceipsantocristodelmar\/files\/2020\/11\/gesti\u00f3n-36x21.jpg 36w, https:\/\/blogsaverroes.juntadeandalucia.es\/ceipsantocristodelmar\/files\/2020\/11\/gesti\u00f3n-48x27.jpg 48w\" sizes=\"(max-width: 297px) 100vw, 297px\" \/><\/a>&nbsp; utilizaci\u00f3n&nbsp; de&nbsp; los&nbsp; recursos&nbsp; del&nbsp; centro&nbsp; de forma&nbsp; que,&nbsp; desde&nbsp; la autonom\u00eda&nbsp; de nuestro&nbsp; centro&nbsp; para&nbsp; definir&nbsp; su&nbsp; Proyecto&nbsp; Educativo,&nbsp; \u00e9stos se gestionen&nbsp; de&nbsp; tal&nbsp; manera&nbsp; que&nbsp; permitan&nbsp; desarrollar&nbsp; los&nbsp; objetivos&nbsp; establecidos&nbsp; para&nbsp; cada&nbsp; curso escolar.<\/p>\n<p><a href=\"https:\/\/blogsaverroes.juntadeandalucia.es\/ceipsantocristodelmar\/files\/2020\/11\/Proyecto-de-Gestion.pdf\">Proyecto de Gesti\u00f3n<\/a><\/p>\n","protected":false},"excerpt":{"rendered":"<p>&nbsp; El&nbsp; proyecto&nbsp; de&nbsp; gesti\u00f3n&nbsp; se&nbsp; define&nbsp; como&nbsp; el&nbsp; documento marco&nbsp; que&nbsp; desarrolla&nbsp; las&nbsp; l\u00edneas&nbsp; para&nbsp; la&nbsp; ordenaci\u00f3n&nbsp; y&nbsp; utilizaci\u00f3n&nbsp; de&nbsp; los&nbsp; recursos&nbsp; del&nbsp; centro&nbsp; de forma&nbsp; que,&nbsp; desde&nbsp; la autonom\u00eda&nbsp; de nuestro&nbsp; centro&nbsp;&#46;&#46;&#46;<\/p>\n","protected":false},"author":10535,"featured_media":0,"parent":0,"menu_order":0,"comment_status":"closed","ping_status":"closed","template":"","meta":{"ngg_post_thumbnail":0,"footnotes":"","_mc_calendar":[]},"aioseo_notices":[],"_links":{"self":[{"href":"https:\/\/blogsaverroes.juntadeandalucia.es\/ceipsantocristodelmar\/wp-json\/wp\/v2\/pages\/2381"}],"collection":[{"href":"https:\/\/blogsaverroes.juntadeandalucia.es\/ceipsantocristodelmar\/wp-json\/wp\/v2\/pages"}],"about":[{"href":"https:\/\/blogsaverroes.juntadeandalucia.es\/ceipsantocristodelmar\/wp-json\/wp\/v2\/types\/page"}],"author":[{"embeddable":true,"href":"https:\/\/blogsaverroes.juntadeandalucia.es\/ceipsantocristodelmar\/wp-json\/wp\/v2\/users\/10535"}],"replies":[{"embeddable":true,"href":"https:\/\/blogsaverroes.juntadeandalucia.es\/ceipsantocristodelmar\/wp-json\/wp\/v2\/comments?post=2381"}],"version-history":[{"count":4,"href":"https:\/\/blogsaverroes.juntadeandalucia.es\/ceipsantocristodelmar\/wp-json\/wp\/v2\/pages\/2381\/revisions"}],"predecessor-version":[{"id":2429,"href":"https:\/\/blogsaverroes.juntadeandalucia.es\/ceipsantocristodelmar\/wp-json\/wp\/v2\/pages\/2381\/revisions\/2429"}],"wp:attachment":[{"href":"https:\/\/blogsaverroes.juntadeandalucia.es\/ceipsantocristodelmar\/wp-json\/wp\/v2\/media?parent=2381"}],"curies":[{"name":"wp","href":"https:\/\/api.w.org\/{rel}","templated":true}]}}