{"id":2636,"date":"2021-03-02T07:52:43","date_gmt":"2021-03-02T07:52:43","guid":{"rendered":"https:\/\/blogsaverroes.juntadeandalucia.es\/ceipsantocristodelmar\/?page_id=2636"},"modified":"2022-02-24T11:35:19","modified_gmt":"2022-02-24T11:35:19","slug":"dia-de-andalucia","status":"publish","type":"page","link":"https:\/\/blogsaverroes.juntadeandalucia.es\/ceipsantocristodelmar\/dia-de-andalucia\/","title":{"rendered":"D\u00eda de Andaluc\u00eda"},"content":{"rendered":"<p>ngg_shortcode_0_placeholderEl pasado 23 de febrero celebramos el D\u00eda de Andaluc\u00eda. Nuestro alumnado tuvo oportunidad de aprender aspectos destacables de las diferentes provincias andaluzas y degustar los productos m\u00e1s t\u00edpicos de cada una de ellas.<\/p>\n<div style=\"width: 640px;\" class=\"wp-video\"><!--[if lt IE 9]><script>document.createElement('video');<\/script><![endif]-->\n<video class=\"wp-video-shortcode\" id=\"video-2636-1\" width=\"640\" height=\"352\" preload=\"metadata\" controls=\"controls\"><source type=\"video\/mp4\" src=\"https:\/\/blogsaverroes.juntadeandalucia.es\/ceipsantocristodelmar\/files\/2022\/02\/WhatsApp-Video-2022-02-23-at-14.58.33.mp4?_=1\" \/><a href=\"https:\/\/blogsaverroes.juntadeandalucia.es\/ceipsantocristodelmar\/files\/2022\/02\/WhatsApp-Video-2022-02-23-at-14.58.33.mp4\">https:\/\/blogsaverroes.juntadeandalucia.es\/ceipsantocristodelmar\/files\/2022\/02\/WhatsApp-Video-2022-02-23-at-14.58.33.mp4<\/a><\/video><\/div>\n<div style=\"width: 640px;\" class=\"wp-video\"><video class=\"wp-video-shortcode\" id=\"video-2636-2\" width=\"640\" height=\"352\" preload=\"metadata\" controls=\"controls\"><source type=\"video\/mp4\" src=\"https:\/\/blogsaverroes.juntadeandalucia.es\/ceipsantocristodelmar\/files\/2022\/02\/WhatsApp-Video-2022-02-23-at-14.58.29.mp4?_=2\" \/><a href=\"https:\/\/blogsaverroes.juntadeandalucia.es\/ceipsantocristodelmar\/files\/2022\/02\/WhatsApp-Video-2022-02-23-at-14.58.29.mp4\">https:\/\/blogsaverroes.juntadeandalucia.es\/ceipsantocristodelmar\/files\/2022\/02\/WhatsApp-Video-2022-02-23-at-14.58.29.mp4<\/a><\/video><\/div>\n<div style=\"width: 640px;\" class=\"wp-video\"><video class=\"wp-video-shortcode\" id=\"video-2636-3\" width=\"640\" height=\"352\" preload=\"metadata\" controls=\"controls\"><source type=\"video\/mp4\" src=\"https:\/\/blogsaverroes.juntadeandalucia.es\/ceipsantocristodelmar\/files\/2022\/02\/WhatsApp-Video-2022-02-23-at-14.59.44.mp4?_=3\" \/><a href=\"https:\/\/blogsaverroes.juntadeandalucia.es\/ceipsantocristodelmar\/files\/2022\/02\/WhatsApp-Video-2022-02-23-at-14.59.44.mp4\">https:\/\/blogsaverroes.juntadeandalucia.es\/ceipsantocristodelmar\/files\/2022\/02\/WhatsApp-Video-2022-02-23-at-14.59.44.mp4<\/a><\/video><\/div>\n<div style=\"width: 640px;\" class=\"wp-video\"><video class=\"wp-video-shortcode\" id=\"video-2636-4\" width=\"640\" height=\"352\" preload=\"metadata\" controls=\"controls\"><source type=\"video\/mp4\" src=\"https:\/\/blogsaverroes.juntadeandalucia.es\/ceipsantocristodelmar\/files\/2022\/02\/WhatsApp-Video-2022-02-23-at-14.04.42.mp4?_=4\" \/><a href=\"https:\/\/blogsaverroes.juntadeandalucia.es\/ceipsantocristodelmar\/files\/2022\/02\/WhatsApp-Video-2022-02-23-at-14.04.42.mp4\">https:\/\/blogsaverroes.juntadeandalucia.es\/ceipsantocristodelmar\/files\/2022\/02\/WhatsApp-Video-2022-02-23-at-14.04.42.mp4<\/a><\/video><\/div>\n<p>&nbsp;<\/p>\n","protected":false},"excerpt":{"rendered":"<p>El pasado 23 de febrero celebramos el D\u00eda de Andaluc\u00eda. Nuestro alumnado tuvo oportunidad de aprender aspectos destacables de las diferentes provincias andaluzas y degustar los productos m\u00e1s t\u00edpicos de cada una de ellas.&#46;&#46;&#46;<\/p>\n","protected":false},"author":10535,"featured_media":3165,"parent":0,"menu_order":0,"comment_status":"closed","ping_status":"closed","template":"","meta":{"ngg_post_thumbnail":0,"footnotes":"","_mc_calendar":[]},"aioseo_notices":[],"_links":{"self":[{"href":"https:\/\/blogsaverroes.juntadeandalucia.es\/ceipsantocristodelmar\/wp-json\/wp\/v2\/pages\/2636"}],"collection":[{"href":"https:\/\/blogsaverroes.juntadeandalucia.es\/ceipsantocristodelmar\/wp-json\/wp\/v2\/pages"}],"about":[{"href":"https:\/\/blogsaverroes.juntadeandalucia.es\/ceipsantocristodelmar\/wp-json\/wp\/v2\/types\/page"}],"author":[{"embeddable":true,"href":"https:\/\/blogsaverroes.juntadeandalucia.es\/ceipsantocristodelmar\/wp-json\/wp\/v2\/users\/10535"}],"replies":[{"embeddable":true,"href":"https:\/\/blogsaverroes.juntadeandalucia.es\/ceipsantocristodelmar\/wp-json\/wp\/v2\/comments?post=2636"}],"version-history":[{"count":13,"href":"https:\/\/blogsaverroes.juntadeandalucia.es\/ceipsantocristodelmar\/wp-json\/wp\/v2\/pages\/2636\/revisions"}],"predecessor-version":[{"id":3223,"href":"https:\/\/blogsaverroes.juntadeandalucia.es\/ceipsantocristodelmar\/wp-json\/wp\/v2\/pages\/2636\/revisions\/3223"}],"wp:featuredmedia":[{"embeddable":true,"href":"https:\/\/blogsaverroes.juntadeandalucia.es\/ceipsantocristodelmar\/wp-json\/wp\/v2\/media\/3165"}],"wp:attachment":[{"href":"https:\/\/blogsaverroes.juntadeandalucia.es\/ceipsantocristodelmar\/wp-json\/wp\/v2\/media?parent=2636"}],"curies":[{"name":"wp","href":"https:\/\/api.w.org\/{rel}","templated":true}]}}

Día de Andalucía

<p>ngg_shortcode_0_placeholderEl pasado 23 de febrero celebramos el Día de Andalucía. Nuestro alumnado tuvo oportunidad de aprender aspectos destacables de las diferentes provincias andaluzas y degustar los productos más típicos de cada una de ellas.</p>
<div style="width: 640px;" class="wp-video"><!--[if lt IE 9]><script>document.createElement('video');</script><![endif]-->
<video class="wp-video-shortcode" id="video-2636-1" width="640" height="352" preload="metadata" controls="controls"><source type="video/mp4" src="https://blogsaverroes.juntadeandalucia.es/ceipsantocristodelmar/files/2022/02/WhatsApp-Video-2022-02-23-at-14.58.33.mp4?_=1" /><a href="https://blogsaverroes.juntadeandalucia.es/ceipsantocristodelmar/files/2022/02/WhatsApp-Video-2022-02-23-at-14.58.33.mp4">https://blogsaverroes.juntadeandalucia.es/ceipsantocristodelmar/files/2022/02/WhatsApp-Video-2022-02-23-at-14.58.33.mp4</a></video></div>
<div style="width: 640px;" class="wp-video"><video class="wp-video-shortcode" id="video-2636-2" width="640" height="352" preload="metadata" controls="controls"><source type="video/mp4" src="https://blogsaverroes.juntadeandalucia.es/ceipsantocristodelmar/files/2022/02/WhatsApp-Video-2022-02-23-at-14.58.29.mp4?_=2" /><a href="https://blogsaverroes.juntadeandalucia.es/ceipsantocristodelmar/files/2022/02/WhatsApp-Video-2022-02-23-at-14.58.29.mp4">https://blogsaverroes.juntadeandalucia.es/ceipsantocristodelmar/files/2022/02/WhatsApp-Video-2022-02-23-at-14.58.29.mp4</a></video></div>
<div style="width: 640px;" class="wp-video"><video class="wp-video-shortcode" id="video-2636-3" width="640" height="352" preload="metadata" controls="controls"><source type="video/mp4" src="https://blogsaverroes.juntadeandalucia.es/ceipsantocristodelmar/files/2022/02/WhatsApp-Video-2022-02-23-at-14.59.44.mp4?_=3" /><a href="https://blogsaverroes.juntadeandalucia.es/ceipsantocristodelmar/files/2022/02/WhatsApp-Video-2022-02-23-at-14.59.44.mp4">https://blogsaverroes.juntadeandalucia.es/ceipsantocristodelmar/files/2022/02/WhatsApp-Video-2022-02-23-at-14.59.44.mp4</a></video></div>
<div style="width: 640px;" class="wp-video"><video class="wp-video-shortcode" id="video-2636-4" width="640" height="352" preload="metadata" controls="controls"><source type="video/mp4" src="https://blogsaverroes.juntadeandalucia.es/ceipsantocristodelmar/files/2022/02/WhatsApp-Video-2022-02-23-at-14.04.42.mp4?_=4" /><a href="https://blogsaverroes.juntadeandalucia.es/ceipsantocristodelmar/files/2022/02/WhatsApp-Video-2022-02-23-at-14.04.42.mp4">https://blogsaverroes.juntadeandalucia.es/ceipsantocristodelmar/files/2022/02/WhatsApp-Video-2022-02-23-at-14.04.42.mp4</a></video></div>
<p>&nbsp;</p>

<p>El pasado 23 de febrero celebramos el Día de Andalucía. Nuestro alumnado tuvo oportunidad de aprender aspectos destacables de las diferentes provincias andaluzas y degustar los productos más típicos de cada una de ellas.&#46;&#46;&#46;</p>
