{"id":35,"date":"2015-03-13T08:21:43","date_gmt":"2015-03-13T08:21:43","guid":{"rendered":"http:\/\/blogsaverroes.juntadeandalucia.es\/pre\/ceip\/?page_id=35"},"modified":"2026-02-24T09:06:21","modified_gmt":"2026-02-24T09:06:21","slug":"el-centro-2","status":"publish","type":"page","link":"https:\/\/blogsaverroes.juntadeandalucia.es\/ceipsanvalentin\/el-centro-2\/","title":{"rendered":"Datos del centro"},"content":{"rendered":"<p><iframe loading=\"lazy\" src=\"https:\/\/www.google.com\/maps\/embed?pb=!1m14!1m8!1m3!1d3193.3787962745305!2d-2.4523556847091714!3d36.833403129941715!3m2!1i1024!2i768!4f13.1!3m3!1m2!1s0xd7a9de547e0ba21%3A0x331e27e4e163a81e!2sCalle%20Burgos%2C%2041-37%2C%2004007%20Almer%C3%ADa!5e0!3m2!1ses!2ses!4v1603976433805!5m2!1ses!2ses\" width=\"600\" height=\"450\" frameborder=\"0\"><\/iframe><\/p>\n<p><strong>Direcci\u00f3n:<\/strong>&nbsp; Calle Burgos, n\u00ba45, 04007, Almer\u00eda (Actualmente estamos en las instalaciones del <a href=\"https:\/\/www.google.com\/maps\/place\/CEIP+Juan+Ram%C3%B3n+Jim%C3%A9nez\/@36.8483493,-2.4669043,17z\/data=!3m1!4b1!4m6!3m5!1s0xd7075ff32c1b73d:0x61c8112bf21b79ea!8m2!3d36.8483494!4d-2.4622909!16s%2Fg%2F119wc60dt?entry=ttu&amp;g_ep=EgoyMDI2MDIxOC4wIKXMDSoASAFQAw%3D%3D\">CEIP Juan Ram\u00f3n Jim\u00e9nez<\/a>)<\/p>\n<p><strong>Tel\u00e9fono: 671596021<\/strong><br \/>\n<strong>Email:<\/strong> 04000821@g.educanad.es<\/p>\n<h4><strong>Horarios<\/strong><\/h4>\n<p>horario de apertura centro a las 9:00<\/p>\n<p>horario de cierre del centro a las 14:00<\/p>\n<p>aula matinal empieza a las 7:30&nbsp;<\/p>\n<h4>&nbsp;<\/h4>\n","protected":false},"excerpt":{"rendered":"<p>Direcci\u00f3n:&nbsp; Calle Burgos, n\u00ba45, 04007, Almer\u00eda (Actualmente estamos en las instalaciones del CEIP Juan Ram\u00f3n Jim\u00e9nez) Tel\u00e9fono: 671596021 Email: 04000821@g.educanad.es Horarios horario de apertura centro a las 9:00 horario de cierre del centro a&#46;&#46;&#46;<\/p>\n","protected":false},"author":1,"featured_media":0,"parent":0,"menu_order":0,"comment_status":"closed","ping_status":"open","template":"","meta":{"ngg_post_thumbnail":0,"footnotes":""},"aioseo_notices":[],"_links":{"self":[{"href":"https:\/\/blogsaverroes.juntadeandalucia.es\/ceipsanvalentin\/wp-json\/wp\/v2\/pages\/35"}],"collection":[{"href":"https:\/\/blogsaverroes.juntadeandalucia.es\/ceipsanvalentin\/wp-json\/wp\/v2\/pages"}],"about":[{"href":"https:\/\/blogsaverroes.juntadeandalucia.es\/ceipsanvalentin\/wp-json\/wp\/v2\/types\/page"}],"author":[{"embeddable":true,"href":"https:\/\/blogsaverroes.juntadeandalucia.es\/ceipsanvalentin\/wp-json\/wp\/v2\/users\/1"}],"replies":[{"embeddable":true,"href":"https:\/\/blogsaverroes.juntadeandalucia.es\/ceipsanvalentin\/wp-json\/wp\/v2\/comments?post=35"}],"version-history":[{"count":24,"href":"https:\/\/blogsaverroes.juntadeandalucia.es\/ceipsanvalentin\/wp-json\/wp\/v2\/pages\/35\/revisions"}],"predecessor-version":[{"id":2399,"href":"https:\/\/blogsaverroes.juntadeandalucia.es\/ceipsanvalentin\/wp-json\/wp\/v2\/pages\/35\/revisions\/2399"}],"wp:attachment":[{"href":"https:\/\/blogsaverroes.juntadeandalucia.es\/ceipsanvalentin\/wp-json\/wp\/v2\/media?parent=35"}],"curies":[{"name":"wp","href":"https:\/\/api.w.org\/{rel}","templated":true}]}}

<p><iframe loading="lazy" src="https://www.google.com/maps/embed?pb=!1m14!1m8!1m3!1d3193.3787962745305!2d-2.4523556847091714!3d36.833403129941715!3m2!1i1024!2i768!4f13.1!3m3!1m2!1s0xd7a9de547e0ba21%3A0x331e27e4e163a81e!2sCalle%20Burgos%2C%2041-37%2C%2004007%20Almer%C3%ADa!5e0!3m2!1ses!2ses!4v1603976433805!5m2!1ses!2ses" width="600" height="450" frameborder="0"></iframe></p>
<p><strong>Dirección:</strong>&nbsp; Calle Burgos, nº45, 04007, Almería (Actualmente estamos en las instalaciones del <a href="https://www.google.com/maps/place/CEIP+Juan+Ram%C3%B3n+Jim%C3%A9nez/@36.8483493,-2.4669043,17z/data=!3m1!4b1!4m6!3m5!1s0xd7075ff32c1b73d:0x61c8112bf21b79ea!8m2!3d36.8483494!4d-2.4622909!16s%2Fg%2F119wc60dt?entry=ttu&amp;g_ep=EgoyMDI2MDIxOC4wIKXMDSoASAFQAw%3D%3D">CEIP Juan Ramón Jiménez</a>)</p>
<p><strong>Teléfono: 671596021</strong><br />
<strong>Email:</strong> 04000821@g.educanad.es</p>
<h4><strong>Horarios</strong></h4>
<p>horario de apertura centro a las 9:00</p>
<p>horario de cierre del centro a las 14:00</p>
<p>aula matinal empieza a las 7:30&nbsp;</p>
<h4>&nbsp;</h4>

<p>Dirección:&nbsp; Calle Burgos, nº45, 04007, Almería (Actualmente estamos en las instalaciones del CEIP Juan Ramón Jiménez) Teléfono: 671596021 Email: 04000821@g.educanad.es Horarios horario de apertura centro a las 9:00 horario de cierre del centro a&#46;&#46;&#46;</p>
