{"id":2466,"date":"2021-02-06T10:06:45","date_gmt":"2021-02-06T10:06:45","guid":{"rendered":"https:\/\/blogsaverroes.juntadeandalucia.es\/ceipsegundocentenario\/?page_id=2466"},"modified":"2021-02-06T12:31:57","modified_gmt":"2021-02-06T12:31:57","slug":"dia-de-la-paz","status":"publish","type":"page","link":"https:\/\/blogsaverroes.juntadeandalucia.es\/ceipsegundocentenario\/dia-de-la-paz\/","title":{"rendered":"D\u00eda de La Paz"},"content":{"rendered":"<p>Nuestros alumnos de 3\u00ba de Educaci\u00f3n Primaria nos manda este mensaje sobre el Bullying.<\/p>\n<p>Click <a href=\"https:\/\/www.youtube.com\/watch?v=Hudg7Zv9H8k\">aqu\u00ed<\/a> para ver el v\u00eddeo.<\/p>\n<p>&nbsp;<\/p>\n<p style=\"text-align: center\">&nbsp;<\/p>\n","protected":false},"excerpt":{"rendered":"<p>Nuestros alumnos de 3\u00ba de Educaci\u00f3n Primaria nos manda este mensaje sobre el Bullying. Click aqu\u00ed para ver el v\u00eddeo. &nbsp; &nbsp;<\/p>\n","protected":false},"author":10503,"featured_media":0,"parent":0,"menu_order":0,"comment_status":"closed","ping_status":"closed","template":"","meta":{"ngg_post_thumbnail":0,"footnotes":"","_mc_calendar":[]},"aioseo_notices":[],"_links":{"self":[{"href":"https:\/\/blogsaverroes.juntadeandalucia.es\/ceipsegundocentenario\/wp-json\/wp\/v2\/pages\/2466"}],"collection":[{"href":"https:\/\/blogsaverroes.juntadeandalucia.es\/ceipsegundocentenario\/wp-json\/wp\/v2\/pages"}],"about":[{"href":"https:\/\/blogsaverroes.juntadeandalucia.es\/ceipsegundocentenario\/wp-json\/wp\/v2\/types\/page"}],"author":[{"embeddable":true,"href":"https:\/\/blogsaverroes.juntadeandalucia.es\/ceipsegundocentenario\/wp-json\/wp\/v2\/users\/10503"}],"replies":[{"embeddable":true,"href":"https:\/\/blogsaverroes.juntadeandalucia.es\/ceipsegundocentenario\/wp-json\/wp\/v2\/comments?post=2466"}],"version-history":[{"count":7,"href":"https:\/\/blogsaverroes.juntadeandalucia.es\/ceipsegundocentenario\/wp-json\/wp\/v2\/pages\/2466\/revisions"}],"predecessor-version":[{"id":2592,"href":"https:\/\/blogsaverroes.juntadeandalucia.es\/ceipsegundocentenario\/wp-json\/wp\/v2\/pages\/2466\/revisions\/2592"}],"wp:attachment":[{"href":"https:\/\/blogsaverroes.juntadeandalucia.es\/ceipsegundocentenario\/wp-json\/wp\/v2\/media?parent=2466"}],"curies":[{"name":"wp","href":"https:\/\/api.w.org\/{rel}","templated":true}]}}

Día de La Paz

<p>Nuestros alumnos de 3º de Educación Primaria nos manda este mensaje sobre el Bullying.</p>
<p>Click <a href="https://www.youtube.com/watch?v=Hudg7Zv9H8k">aquí</a> para ver el vídeo.</p>
<p>&nbsp;</p>
<p style="text-align: center">&nbsp;</p>

<p>Nuestros alumnos de 3º de Educación Primaria nos manda este mensaje sobre el Bullying. Click aquí para ver el vídeo. &nbsp; &nbsp;</p>
