{"id":2543,"date":"2020-12-04T12:19:33","date_gmt":"2020-12-04T12:19:33","guid":{"rendered":"https:\/\/blogsaverroes.juntadeandalucia.es\/ceipsegundocentenario\/?page_id=2543"},"modified":"2021-12-16T15:52:30","modified_gmt":"2021-12-16T15:52:30","slug":"equipo-tde-del-centro","status":"publish","type":"page","link":"https:\/\/blogsaverroes.juntadeandalucia.es\/ceipsegundocentenario\/equipo-tde-del-centro\/","title":{"rendered":"Equipo TDE del centro"},"content":{"rendered":"<p>La Transformaci\u00f3n Digital Educativa en Andaluc\u00eda est\u00e1 en marcha, espoleada por la necesidad que marcan los tiempos y amparada en una Instrucci\u00f3n &nbsp;que establece unos m\u00ednimos para ello.<\/p>\n<p>En nuestro centro existe un equipo preparado para ello. Este equipo lo componen:<\/p>\n<p>Coordinador: Miguel \u00c1ngel Gonz\u00e1lez Lozano<\/p>\n<p>Equipo de apoyo:&nbsp;<\/p>\n<ul>\n<li>Sergio Lara del Valle.<\/li>\n<li>Pedro Porras Cuesta.<\/li>\n<li>Melisa Serrano D\u00edaz.<\/li>\n<li>Dar\u00edo Aguilar Caro.<\/li>\n<li>Elizabet Campanario Hidalgo.<\/li>\n<\/ul>\n<p>&nbsp;<\/p>\n","protected":false},"excerpt":{"rendered":"<p>La Transformaci\u00f3n Digital Educativa en Andaluc\u00eda est\u00e1 en marcha, espoleada por la necesidad que marcan los tiempos y amparada en una Instrucci\u00f3n &nbsp;que establece unos m\u00ednimos para ello. En nuestro centro existe un equipo preparado&#46;&#46;&#46;<\/p>\n","protected":false},"author":10503,"featured_media":0,"parent":0,"menu_order":0,"comment_status":"closed","ping_status":"closed","template":"","meta":{"ngg_post_thumbnail":0,"footnotes":"","_mc_calendar":[]},"aioseo_notices":[],"_links":{"self":[{"href":"https:\/\/blogsaverroes.juntadeandalucia.es\/ceipsegundocentenario\/wp-json\/wp\/v2\/pages\/2543"}],"collection":[{"href":"https:\/\/blogsaverroes.juntadeandalucia.es\/ceipsegundocentenario\/wp-json\/wp\/v2\/pages"}],"about":[{"href":"https:\/\/blogsaverroes.juntadeandalucia.es\/ceipsegundocentenario\/wp-json\/wp\/v2\/types\/page"}],"author":[{"embeddable":true,"href":"https:\/\/blogsaverroes.juntadeandalucia.es\/ceipsegundocentenario\/wp-json\/wp\/v2\/users\/10503"}],"replies":[{"embeddable":true,"href":"https:\/\/blogsaverroes.juntadeandalucia.es\/ceipsegundocentenario\/wp-json\/wp\/v2\/comments?post=2543"}],"version-history":[{"count":5,"href":"https:\/\/blogsaverroes.juntadeandalucia.es\/ceipsegundocentenario\/wp-json\/wp\/v2\/pages\/2543\/revisions"}],"predecessor-version":[{"id":2995,"href":"https:\/\/blogsaverroes.juntadeandalucia.es\/ceipsegundocentenario\/wp-json\/wp\/v2\/pages\/2543\/revisions\/2995"}],"wp:attachment":[{"href":"https:\/\/blogsaverroes.juntadeandalucia.es\/ceipsegundocentenario\/wp-json\/wp\/v2\/media?parent=2543"}],"curies":[{"name":"wp","href":"https:\/\/api.w.org\/{rel}","templated":true}]}}