{"id":2582,"date":"2021-02-05T11:09:11","date_gmt":"2021-02-05T11:09:11","guid":{"rendered":"https:\/\/blogsaverroes.juntadeandalucia.es\/ceipsegundocentenario\/?page_id=2582"},"modified":"2021-02-05T11:11:44","modified_gmt":"2021-02-05T11:11:44","slug":"sorteo-smartphone","status":"publish","type":"page","link":"https:\/\/blogsaverroes.juntadeandalucia.es\/ceipsegundocentenario\/sorteo-smartphone\/","title":{"rendered":"SORTEO SMARTPHONE"},"content":{"rendered":"<div dir=\"auto\">Buenas tardes familias!!\ud83d\udc6a<\/div>\n<div dir=\"auto\">&nbsp;<\/div>\n<div dir=\"auto\">Desde el A.M.P.A&nbsp; \u00abHuerto del Sastre\u00bb, tenemos como fin poner a disposici\u00f3n del Colegio II Centenario, todo lo que pueda estar a nuestro alcance colaborando en todo lo que necesiten nuestros ni\u00f1@s.<\/div>\n<div dir=\"auto\">Para ello necesitamos la participaci\u00f3n de padres y madres del alumnado para poder seguir con la labor.<\/div>\n<div dir=\"auto\">&nbsp;<\/div>\n<div dir=\"auto\">Esta en vuestras manos <strong>colaborar con la asociaci\u00f3n <\/strong>haci\u00e9ndose socios de la A.M.P.A. Recordamos q solo son<strong> 10\u20ac al a\u00f1o<\/strong> (misma cuota para los q sean m\u00e1s hermanos). Todo interesado se puede poner en contacto con la delegada de clase o a cualquier miembro de A.M.P.A.<\/div>\n<div dir=\"auto\">&nbsp;<\/div>\n<div dir=\"auto\">En estos momentos, el colegio nos ha pedido colaboraci\u00f3n para comprar material audiovisual q est\u00e1n deteriorados en las clases de nuestros ni\u00f1os y ni\u00f1as.<\/div>\n<div dir=\"auto\">&nbsp;<\/div>\n<div dir=\"auto\">Por este motivo, hemos decidido sortear un <strong>SMARTPHONE&nbsp; REALME C11 \ud83d\udcf1<\/strong>, para recaudar fondos.<\/div>\n<div dir=\"auto\">&nbsp;<\/div>\n<div dir=\"auto\"><strong>Por favor colaboren en lo posible y si est\u00e1n interesados en ayudarnos a vender las papeletas os ruego p\u00f3nganse en contacto con alg\u00fan miembro del A.M.P.A. o delegada de clase.<\/strong><\/div>\n<div dir=\"auto\">&nbsp;<\/div>\n<div dir=\"auto\">Muchas gracias.&nbsp;<\/div>\n","protected":false},"excerpt":{"rendered":"<p>Buenas tardes familias!!\ud83d\udc6a &nbsp; Desde el A.M.P.A&nbsp; \u00abHuerto del Sastre\u00bb, tenemos como fin poner a disposici\u00f3n del Colegio II Centenario, todo lo que pueda estar a nuestro alcance colaborando en todo lo que necesiten nuestros&#46;&#46;&#46;<\/p>\n","protected":false},"author":10503,"featured_media":0,"parent":0,"menu_order":0,"comment_status":"closed","ping_status":"closed","template":"","meta":{"ngg_post_thumbnail":0,"footnotes":"","_mc_calendar":[]},"aioseo_notices":[],"_links":{"self":[{"href":"https:\/\/blogsaverroes.juntadeandalucia.es\/ceipsegundocentenario\/wp-json\/wp\/v2\/pages\/2582"}],"collection":[{"href":"https:\/\/blogsaverroes.juntadeandalucia.es\/ceipsegundocentenario\/wp-json\/wp\/v2\/pages"}],"about":[{"href":"https:\/\/blogsaverroes.juntadeandalucia.es\/ceipsegundocentenario\/wp-json\/wp\/v2\/types\/page"}],"author":[{"embeddable":true,"href":"https:\/\/blogsaverroes.juntadeandalucia.es\/ceipsegundocentenario\/wp-json\/wp\/v2\/users\/10503"}],"replies":[{"embeddable":true,"href":"https:\/\/blogsaverroes.juntadeandalucia.es\/ceipsegundocentenario\/wp-json\/wp\/v2\/comments?post=2582"}],"version-history":[{"count":3,"href":"https:\/\/blogsaverroes.juntadeandalucia.es\/ceipsegundocentenario\/wp-json\/wp\/v2\/pages\/2582\/revisions"}],"predecessor-version":[{"id":2588,"href":"https:\/\/blogsaverroes.juntadeandalucia.es\/ceipsegundocentenario\/wp-json\/wp\/v2\/pages\/2582\/revisions\/2588"}],"wp:attachment":[{"href":"https:\/\/blogsaverroes.juntadeandalucia.es\/ceipsegundocentenario\/wp-json\/wp\/v2\/media?parent=2582"}],"curies":[{"name":"wp","href":"https:\/\/api.w.org\/{rel}","templated":true}]}}