{"id":1120,"date":"2013-12-11T16:55:57","date_gmt":"2013-12-11T16:55:57","guid":{"rendered":"http:\/\/ceipsilosalcala.redes-cepalcala.org\/?page_id=1120"},"modified":"2013-12-11T16:55:57","modified_gmt":"2013-12-11T16:55:57","slug":"recursos-educacion-infantil","status":"publish","type":"page","link":"https:\/\/blogsaverroes.juntadeandalucia.es\/ceipsilos\/recursos-educacion-infantil\/","title":{"rendered":"RECURSOS EDUCACI\u00d3N INFANTIL"},"content":{"rendered":"<p>Le ofrecemos el enlace a diferentes blogs y p\u00e1ginas web que recopilan recursos educativos adecuados al alumnado de Educaci\u00f3n Infantil.<\/p>\n<p>BUSCA LO QUE M\u00c1S TE INTERESE<\/p>\n<p><a title=\"RECURSOS EDUCATIVOS POR NIVELES\" href=\"http:\/\/www.ceiploreto.es\/\" target=\"_blank\">RECURSOS EDUCATIVOS POR NIVELES<\/a> Recursos educativos del C.E.I.P Nuestra Se\u00f1ora de Loreto.<\/p>\n<p><a title=\"AUDIOCUENTOS\" href=\"http:\/\/www.aprenderespanol.org\/audiciones\/audio-cuentos.html\" target=\"_blank\">AUDIOCUENTOS<\/a> Colecci\u00f3n de audiocuentos para trabajar la lectura, la comprensi\u00f3n y la atenci\u00f3n.<\/p>\n<p><a href=\"http:\/\/www.educapeques.com\/recursos-para-el-aula\/fichas-para-trabajar-en-educacion-infantil.html\" target=\"_blank\">FICHAS, CUENTOS Y JUEGOS VARIOS<\/a> Recursos orientados para Educaci\u00f3n Infantil<\/p>\n","protected":false},"excerpt":{"rendered":"<p>Le ofrecemos el enlace a diferentes blogs y p\u00e1ginas web que recopilan recursos educativos adecuados al alumnado de Educaci\u00f3n Infantil. BUSCA LO QUE M\u00c1S TE INTERESE RECURSOS EDUCATIVOS POR NIVELES Recursos educativos del C.E.I.P Nuestra Se\u00f1ora de Loreto. AUDIOCUENTOS Colecci\u00f3n de audiocuentos para trabajar la lectura, la comprensi\u00f3n y la atenci\u00f3n. FICHAS, CUENTOS Y JUEGOS &hellip; <\/p>\n<p><a class=\"more-link btn\" href=\"https:\/\/blogsaverroes.juntadeandalucia.es\/ceipsilos\/recursos-educacion-infantil\/\">Seguir leyendo<\/a><\/p>\n","protected":false},"author":5518,"featured_media":0,"parent":0,"menu_order":0,"comment_status":"closed","ping_status":"open","template":"sidebar-page.php","meta":{"ngg_post_thumbnail":0,"footnotes":"","_mc_calendar":[]},"aioseo_notices":[],"_links":{"self":[{"href":"https:\/\/blogsaverroes.juntadeandalucia.es\/ceipsilos\/wp-json\/wp\/v2\/pages\/1120"}],"collection":[{"href":"https:\/\/blogsaverroes.juntadeandalucia.es\/ceipsilos\/wp-json\/wp\/v2\/pages"}],"about":[{"href":"https:\/\/blogsaverroes.juntadeandalucia.es\/ceipsilos\/wp-json\/wp\/v2\/types\/page"}],"author":[{"embeddable":true,"href":"https:\/\/blogsaverroes.juntadeandalucia.es\/ceipsilos\/wp-json\/wp\/v2\/users\/5518"}],"replies":[{"embeddable":true,"href":"https:\/\/blogsaverroes.juntadeandalucia.es\/ceipsilos\/wp-json\/wp\/v2\/comments?post=1120"}],"version-history":[{"count":0,"href":"https:\/\/blogsaverroes.juntadeandalucia.es\/ceipsilos\/wp-json\/wp\/v2\/pages\/1120\/revisions"}],"wp:attachment":[{"href":"https:\/\/blogsaverroes.juntadeandalucia.es\/ceipsilos\/wp-json\/wp\/v2\/media?parent=1120"}],"curies":[{"name":"wp","href":"https:\/\/api.w.org\/{rel}","templated":true}]}}