{"id":200,"date":"2015-03-17T10:04:24","date_gmt":"2015-03-17T10:04:24","guid":{"rendered":"http:\/\/blogsaverroes.juntadeandalucia.es\/pre\/ceip\/?page_id=200"},"modified":"2026-02-12T10:31:07","modified_gmt":"2026-02-12T10:31:07","slug":"quienes-formamos-el-ampa","status":"publish","type":"page","link":"https:\/\/blogsaverroes.juntadeandalucia.es\/ceipsilos\/quienes-formamos-el-ampa\/","title":{"rendered":"AMPA \u00abPUENTE DEL DRAG\u00d3N\u00bb"},"content":{"rendered":"<p style=\"text-align: left\"><span style=\"font-family: arial, helvetica, sans-serif\">Queridas Familias, somos la AMPA Puente del Drag\u00f3n, del CEIP Silos de Alcal\u00e1 de Guadaira, y ante todo daros la bienvenida a todas\/os a nuestro colegio.<\/span><\/p>\n<p>Somos un grupo de familias unidas por un bien com\u00fan: una educaci\u00f3n p\u00fablica y de calidad para nuestros hijos e hijas. Desde esta asociaci\u00f3n pretendemos impulsar el colegio mediante subvenciones y proyectos. Sirvase de ejemplo colaboraci\u00f3n en las actividades educativas del centro, dotaci\u00f3n de aire acondicionado, pizarras digitales, organizaci\u00f3n fiestas de fin de curso, entre otras.<\/p>\n<p>AMPA y Direcci\u00f3n vamos de la mano hacia una educaci\u00f3n integral, inclusiva, y llena de emociones.<\/p>\n<p>Si necesit\u00e1is algo, o os surge alguna pregunta o propuesta, \u00a1no lo dud\u00e9is! Nos encantar\u00e1 poder ayudaros.<\/p>\n<p>Sentiros libres de contactar en nuestro correo&nbsp;<a href=\"mailto:ampapuentedeldragon@gmail.com\" target=\"_blank\" rel=\"noopener noreferrer\">ampapuentedeldragon@gmail.com<\/a><\/p>\n<p>\u00a1Gracias Familias!&nbsp;<\/p>\n<p>&nbsp;<\/p>\n<p style=\"text-align: left\"><span style=\"font-size: 16px\"><strong>Contacto<\/strong><\/span>:<\/p>\n<p><strong>Correo el\u00e9ctronico:<\/strong> <span style=\"font-family: arial, helvetica, sans-serif\"><a href=\"mailto:ampapuentedeldragon@gmail.com\" target=\"_blank\" rel=\"noopener noreferrer\">ampapuentedeldragon@gmail.com<\/a><\/span><\/p>\n<p>&nbsp;<\/p>\n<p>&nbsp;<\/p>\n","protected":false},"excerpt":{"rendered":"<p>Queridas Familias, somos la AMPA Puente del Drag\u00f3n, del CEIP Silos de Alcal\u00e1 de Guadaira, y ante todo daros la bienvenida a todas\/os a nuestro colegio. Somos un grupo de familias unidas por un bien com\u00fan: una educaci\u00f3n p\u00fablica y de calidad para nuestros hijos e hijas. Desde esta asociaci\u00f3n pretendemos impulsar el colegio mediante &hellip; <\/p>\n<p><a class=\"more-link btn\" href=\"https:\/\/blogsaverroes.juntadeandalucia.es\/ceipsilos\/quienes-formamos-el-ampa\/\">Seguir leyendo<\/a><\/p>\n","protected":false},"author":1,"featured_media":0,"parent":0,"menu_order":0,"comment_status":"closed","ping_status":"open","template":"","meta":{"ngg_post_thumbnail":0,"footnotes":"","_mc_calendar":[]},"aioseo_notices":[],"_links":{"self":[{"href":"https:\/\/blogsaverroes.juntadeandalucia.es\/ceipsilos\/wp-json\/wp\/v2\/pages\/200"}],"collection":[{"href":"https:\/\/blogsaverroes.juntadeandalucia.es\/ceipsilos\/wp-json\/wp\/v2\/pages"}],"about":[{"href":"https:\/\/blogsaverroes.juntadeandalucia.es\/ceipsilos\/wp-json\/wp\/v2\/types\/page"}],"author":[{"embeddable":true,"href":"https:\/\/blogsaverroes.juntadeandalucia.es\/ceipsilos\/wp-json\/wp\/v2\/users\/1"}],"replies":[{"embeddable":true,"href":"https:\/\/blogsaverroes.juntadeandalucia.es\/ceipsilos\/wp-json\/wp\/v2\/comments?post=200"}],"version-history":[{"count":3,"href":"https:\/\/blogsaverroes.juntadeandalucia.es\/ceipsilos\/wp-json\/wp\/v2\/pages\/200\/revisions"}],"predecessor-version":[{"id":4340,"href":"https:\/\/blogsaverroes.juntadeandalucia.es\/ceipsilos\/wp-json\/wp\/v2\/pages\/200\/revisions\/4340"}],"wp:attachment":[{"href":"https:\/\/blogsaverroes.juntadeandalucia.es\/ceipsilos\/wp-json\/wp\/v2\/media?parent=200"}],"curies":[{"name":"wp","href":"https:\/\/api.w.org\/{rel}","templated":true}]}}