{"id":358,"date":"2013-04-23T15:23:37","date_gmt":"2013-04-23T15:23:37","guid":{"rendered":"http:\/\/ceipsilosalcala.redes-cepalcala.org\/?page_id=358"},"modified":"2022-05-26T11:31:52","modified_gmt":"2022-05-26T11:31:52","slug":"documentos-impresos","status":"publish","type":"page","link":"https:\/\/blogsaverroes.juntadeandalucia.es\/ceipsilos\/documentos-impresos\/","title":{"rendered":"IMPRESOS"},"content":{"rendered":"<p>En esta secci\u00f3n obtendr\u00e1n la documentaci\u00f3n necesaria para solicitar plaza en el centro, formalizar la matr\u00edcula cada curso y realizar tr\u00e1mites referentes al Plan de Apertura.<\/p>\n<p><a href=\"https:\/\/drive.google.com\/file\/d\/1rSUOSZkR_S6jHS8LMwDH3K8mBeaI6LCH\/view?usp=sharing\" target=\"_blank\" rel=\"noopener noreferrer\">MODELO OFICIAL PARA SOLICITAR PLAZA EN EL CENTRO&nbsp;<\/a>&nbsp;(Anexo II) (Rellenable).<\/p>\n<p><a href=\"https:\/\/drive.google.com\/file\/d\/1t993Nb8l13L4t51P5TrXpQ3QOw0MeV1-\/view?usp=sharing\" target=\"_blank\" rel=\"noopener noreferrer\">MODELO OFICIAL PARA SOLICITAR PLAZA EN EL CENTRO <\/a>(SOLICITUD EXTRAORDINARIA) (Anexo V) (Rellenable)<\/p>\n<p>Desde este enlace tendr\u00e1n acceso al modelo oficial de Solicitud. Impriman dos ejemplares si quieren que se les selle uno de ellos como resguardo al entregarla en la Secretar\u00eda del Centro junto con la documentaci\u00f3n necesaria.<\/p>\n<p><a href=\"https:\/\/drive.google.com\/file\/d\/1OOJngd6eiRq8h8HWEHd3qIT_U1ACyh3S\/view?usp=sharing\" target=\"_blank\" rel=\"noopener noreferrer\">MODELO OFICIAL DE MATRICULA&nbsp;EDUCACI\u00d3N PRIMARIA<\/a>&nbsp;(Rellenable).<\/p>\n<p><a href=\"https:\/\/drive.google.com\/file\/d\/18Vih5YLycbdC1MKsPnUWwjqi_apSm3OI\/view?usp=sharing\" target=\"_blank\" rel=\"noopener noreferrer\">MODELO OFICIAL DE MATRICULA&nbsp;EDUCACI\u00d3N INFANTIL&nbsp;<\/a>(Rellenable).<\/p>\n<p>Desde estos enlaces tendr\u00e1n acceso al modelo oficial de Matr\u00edcula de E. Infantil y de E. Primaria. Debe entregarse en la Secretar\u00eda del Centro. Los alumnos de nuevo ingreso deber\u00e1n entregar adem\u00e1s copia del libro de familia, copia de los D.N.I. de los tutores legales, &nbsp;4 fotos de carnet, ficha personal del alumno\/a, impreso de solicitud de ense\u00f1anza Religiosa e impreso de autorizaci\u00f3n a realizar fotograf\u00edas al alumnado en el desarrollo de actividades escolares para su posterior exposici\u00f3n.<\/p>\n<p><a href=\"https:\/\/blogsaverroes.juntadeandalucia.es\/ceipsilos\/files\/2014\/05\/ficha-personal-13-14-rellenable.pdf\">FICHA PERSONAL DEL ALUMNO\/A<\/a>&nbsp;(Rellenable)<\/p>\n<p>Ficha personal del alumnado del centro. Se entrega junto a la primera matr\u00edcula del alumno\/a en el colegio. Se ruega entreguen una nueva ficha personal en Secretar\u00eda, en cualquier momento del curso, si hay modificaci\u00f3n en alg\u00fan dato solicitado.<\/p>\n<p><a href=\"https:\/\/drive.google.com\/file\/d\/1Wkn9eaD6v0p4YM4T0EIIVP_9s07kTW-R\/view?usp=sharing\" target=\"_blank\" rel=\"noopener noreferrer\">MODELO PARA SOLICITAR LA ENSE\u00d1ANZA DE RELIGI\u00d3N <\/a>&nbsp;(Rellenable).<\/p>\n<p>S\u00f3lo se podr\u00e1 solicitar el cambio de ense\u00f1anza de Religi\u00f3n en el momento de entrega de la matr\u00edcula. Para ello deber\u00e1 entregar este impreso junto al impreso de matr\u00edcula en Secretar\u00eda.<\/p>\n<p><a href=\"https:\/\/blogsaverroes.juntadeandalucia.es\/ceipsilos\/files\/2014\/02\/AUTORIZACI\u00d3N-PARA-LA-PUBLICACI\u00d3N-DE-IMAGENES-DE-ALUMNOS-RELLENABLE.pdf\">AUTORIZACI\u00d3N FOTOGRAFICA<\/a>&nbsp;(Rellenable).<\/p>\n<p>Como padre\/madre\/tur@ legal del alumn@ debe autorizar al colegio para poder realizarle fotograf\u00edas a su hij@ y exponerlas en los diferentes medios de comunicaci\u00f3n del centro. En caso de no entregar rellena esta autorizaci\u00f3n se entender\u00e1 que no permite al centro en dicha acci\u00f3n. Este impreso se entrega junto al impreso de matr\u00edcula en Secretar\u00eda.<\/p>\n<p><a href=\"https:\/\/blogsaverroes.juntadeandalucia.es\/ceipsilos\/files\/2014\/02\/JUSTIFICANTE-DE-FALTAS-DE-ASISTENCIA-13-14-RELLENABLE.pdf\">JUSTIFICANTE DE FALTAS DE ASISTENCIA <\/a>&nbsp;(Rellenable).<\/p>\n<p>Entregar al profesor\/a tutor\/a de su hijo\/a.<\/p>\n<p><a href=\"https:\/\/drive.google.com\/file\/d\/1roXKueBVvq8oy584nMZXWdT27i2bsTK7\/view?usp=sharing\" target=\"_blank\" rel=\"noopener noreferrer\">ALTA PLAN DE APERTURA<\/a>&nbsp;(Rellenable).<\/p>\n<p>Entregar &nbsp;en la Secretar\u00eda del Centro. No olviden entregar Solicitud de bonificaci\u00f3n &nbsp;si creen que tienen derecho a ella.<\/p>\n<p><a href=\"https:\/\/blogsaverroes.juntadeandalucia.es\/ceipsilos\/files\/2014\/02\/BAJA-AULA-MATINAL-RELLENABLE.pdf\">BAJA PLAN DE APERTURA<\/a>&nbsp;(Rellenable).<\/p>\n<p>Entregar en Secretar\u00eda con anterioridad al d\u00eda 20 del mes anterior al que desea darse de baja en el servicio.<\/p>\n<p><a href=\"https:\/\/drive.google.com\/file\/d\/1DHCzKpTS-Uw69JdRPAdHNDRuAsHBJloH\/view?usp=sharing\" target=\"_blank\" rel=\"noopener noreferrer\">BONIFICACI\u00d3N PLAN DE APERTURA<\/a>&nbsp;(Rellenable).<\/p>\n<p>Solicitud de de subvenci\u00f3n para Comedor Escolar, Aula Matinal y\/o Actividades Extraescolares. Se debe entregar en la Secretar\u00eda del Centro.<a href=\"https:\/\/blogsaverroes.juntadeandalucia.es\/ceipsilos\/files\/2013\/12\/05-Impresos_Solicitud-de-plan-de-apertura.pdf\"><br \/>\n<\/a><\/p>\n<p><a href=\"https:\/\/blogsaverroes.juntadeandalucia.es\/ceipsilos\/files\/2013\/04\/Solicitud-Servicios-Aula-Matinal-Extraescolares-y-Comedor.doc\">&nbsp;<\/a><\/p>\n","protected":false},"excerpt":{"rendered":"<p>En esta secci\u00f3n obtendr\u00e1n la documentaci\u00f3n necesaria para solicitar plaza en el centro, formalizar la matr\u00edcula cada curso y realizar tr\u00e1mites referentes al Plan de Apertura. MODELO OFICIAL PARA SOLICITAR PLAZA EN EL CENTRO&nbsp;&nbsp;(Anexo II) (Rellenable). MODELO OFICIAL PARA SOLICITAR PLAZA EN EL CENTRO (SOLICITUD EXTRAORDINARIA) (Anexo V) (Rellenable) Desde este enlace tendr\u00e1n acceso al &hellip; <\/p>\n<p><a class=\"more-link btn\" href=\"https:\/\/blogsaverroes.juntadeandalucia.es\/ceipsilos\/documentos-impresos\/\">Seguir leyendo<\/a><\/p>\n","protected":false},"author":5518,"featured_media":0,"parent":0,"menu_order":0,"comment_status":"closed","ping_status":"open","template":"","meta":{"ngg_post_thumbnail":0,"footnotes":"","_mc_calendar":[]},"aioseo_notices":[],"_links":{"self":[{"href":"https:\/\/blogsaverroes.juntadeandalucia.es\/ceipsilos\/wp-json\/wp\/v2\/pages\/358"}],"collection":[{"href":"https:\/\/blogsaverroes.juntadeandalucia.es\/ceipsilos\/wp-json\/wp\/v2\/pages"}],"about":[{"href":"https:\/\/blogsaverroes.juntadeandalucia.es\/ceipsilos\/wp-json\/wp\/v2\/types\/page"}],"author":[{"embeddable":true,"href":"https:\/\/blogsaverroes.juntadeandalucia.es\/ceipsilos\/wp-json\/wp\/v2\/users\/5518"}],"replies":[{"embeddable":true,"href":"https:\/\/blogsaverroes.juntadeandalucia.es\/ceipsilos\/wp-json\/wp\/v2\/comments?post=358"}],"version-history":[{"count":5,"href":"https:\/\/blogsaverroes.juntadeandalucia.es\/ceipsilos\/wp-json\/wp\/v2\/pages\/358\/revisions"}],"predecessor-version":[{"id":3682,"href":"https:\/\/blogsaverroes.juntadeandalucia.es\/ceipsilos\/wp-json\/wp\/v2\/pages\/358\/revisions\/3682"}],"wp:attachment":[{"href":"https:\/\/blogsaverroes.juntadeandalucia.es\/ceipsilos\/wp-json\/wp\/v2\/media?parent=358"}],"curies":[{"name":"wp","href":"https:\/\/api.w.org\/{rel}","templated":true}]}}