{"id":82,"date":"2015-03-16T06:59:55","date_gmt":"2015-03-16T06:59:55","guid":{"rendered":"http:\/\/blogsaverroes.juntadeandalucia.es\/pre\/ceip\/?page_id=82"},"modified":"2026-02-12T10:23:36","modified_gmt":"2026-02-12T10:23:36","slug":"horarios","status":"publish","type":"page","link":"https:\/\/blogsaverroes.juntadeandalucia.es\/ceipsilos\/horarios\/","title":{"rendered":"HORARIOS"},"content":{"rendered":"<p style=\"text-align: left\">&nbsp;<span style=\"text-decoration: underline\"><strong>HORARIO DE CLASES<\/strong><\/span><\/p>\n<p style=\"text-align: left\">De lunes a viernes de 9: 00 a 14:00 horas.<\/p>\n<p style=\"text-align: left\"><span style=\"text-decoration: underline\"><strong>HORARIO DE TUTOR\u00cdA<\/strong><\/span><\/p>\n<p style=\"text-align: left\">Septiembre y junio: martes de 14:00 a 15:00 horas.<\/p>\n<p style=\"text-align: left\">De octubre a mayo: martes de 16:00 a 17:00.<\/p>\n<p style=\"text-align: left\">Para poder realizar las reuniones de tutor\u00eda de manera eficaz, rogamos soliciten la cita correspondiente con suficiente antelaci\u00f3n. As\u00ed mismo les recordamos que aquellos padres\/madres que vengan acompa\u00f1ados de sus hij@s se queden con ell@s en todo momento, velando por respetar el clima adecuado para atenderles de manera eficaz.<\/p>\n<p style=\"text-align: left\"><span style=\"text-decoration: underline\"><strong>HORARIO DE SECRETAR\u00cdA<\/strong><\/span><\/p>\n<p style=\"text-align: left\">De lunes a viernes de 9:10 a 10:00 horas y de 12:45 a 13:45 horas.<\/p>\n<p style=\"text-align: left\"><span style=\"text-decoration: underline\"><strong>HORARIO DE DIRECCI\u00d3N<\/strong><\/span><\/p>\n<p style=\"text-align: left\">De lunes a viernes de 9:10 10:00 horas.<\/p>\n<p style=\"text-align: left\">Las citas con la Direcci\u00f3n se realizar\u00e1n previa cita en Secretar\u00eda.<\/p>\n<p style=\"text-align: left\"><span style=\"text-decoration: underline\"><strong>HORARIO DEL AULA MATINAL<\/strong><\/span><\/p>\n<p style=\"text-align: left\">De lunes a viernes de 7:30 a 9:00 horas.<\/p>\n<p style=\"text-align: left\"><span style=\"text-decoration: underline\"><strong>HORARIO DEL COMEDOR ESCOLAR<\/strong><\/span><\/p>\n<p style=\"text-align: left\">De lunes a viernes de 14:00 a 16:00 horas.<\/p>\n<p><span style=\"text-decoration: underline\"><strong>HORARIO DEL AULA DE MEDIOD\u00cdA<br \/>\n<\/strong><\/span><\/p>\n<p>De lunes a viernes de 14:00 a 15:30 horas.<\/p>\n<p style=\"text-align: left\"><strong><span style=\"text-decoration: underline\">HORARIO DE ACTIVIDADES EXTRAESCOLARES<\/span><\/strong><\/p>\n<p style=\"text-align: left\">De lunes a jueves de 16:00 a 18:00 horas.<\/p>\n","protected":false},"excerpt":{"rendered":"<p>&nbsp;HORARIO DE CLASES De lunes a viernes de 9: 00 a 14:00 horas. HORARIO DE TUTOR\u00cdA Septiembre y junio: martes de 14:00 a 15:00 horas. De octubre a mayo: martes de 16:00 a 17:00. Para poder realizar las reuniones de tutor\u00eda de manera eficaz, rogamos soliciten la cita correspondiente con suficiente antelaci\u00f3n. As\u00ed mismo les &hellip; <\/p>\n<p><a class=\"more-link btn\" href=\"https:\/\/blogsaverroes.juntadeandalucia.es\/ceipsilos\/horarios\/\">Seguir leyendo<\/a><\/p>\n","protected":false},"author":1,"featured_media":0,"parent":0,"menu_order":0,"comment_status":"closed","ping_status":"open","template":"","meta":{"ngg_post_thumbnail":0,"footnotes":"","_mc_calendar":[]},"aioseo_notices":[],"_links":{"self":[{"href":"https:\/\/blogsaverroes.juntadeandalucia.es\/ceipsilos\/wp-json\/wp\/v2\/pages\/82"}],"collection":[{"href":"https:\/\/blogsaverroes.juntadeandalucia.es\/ceipsilos\/wp-json\/wp\/v2\/pages"}],"about":[{"href":"https:\/\/blogsaverroes.juntadeandalucia.es\/ceipsilos\/wp-json\/wp\/v2\/types\/page"}],"author":[{"embeddable":true,"href":"https:\/\/blogsaverroes.juntadeandalucia.es\/ceipsilos\/wp-json\/wp\/v2\/users\/1"}],"replies":[{"embeddable":true,"href":"https:\/\/blogsaverroes.juntadeandalucia.es\/ceipsilos\/wp-json\/wp\/v2\/comments?post=82"}],"version-history":[{"count":4,"href":"https:\/\/blogsaverroes.juntadeandalucia.es\/ceipsilos\/wp-json\/wp\/v2\/pages\/82\/revisions"}],"predecessor-version":[{"id":4337,"href":"https:\/\/blogsaverroes.juntadeandalucia.es\/ceipsilos\/wp-json\/wp\/v2\/pages\/82\/revisions\/4337"}],"wp:attachment":[{"href":"https:\/\/blogsaverroes.juntadeandalucia.es\/ceipsilos\/wp-json\/wp\/v2\/media?parent=82"}],"curies":[{"name":"wp","href":"https:\/\/api.w.org\/{rel}","templated":true}]}}