{"id":2478,"date":"2020-11-16T09:45:49","date_gmt":"2020-11-16T09:45:49","guid":{"rendered":"https:\/\/blogsaverroes.juntadeandalucia.es\/ceipsimonfuentes\/?page_id=2478"},"modified":"2025-02-21T09:44:15","modified_gmt":"2025-02-21T09:44:15","slug":"plan-de-centro","status":"publish","type":"page","link":"https:\/\/blogsaverroes.juntadeandalucia.es\/ceipsimonfuentes\/plan-de-centro\/","title":{"rendered":"Plan de Centro"},"content":{"rendered":"<p>El <b>Plan de Centro<\/b> es el documento que expresa nuestras se\u00f1as de identidad. Es el aut\u00e9ntico referente, con car\u00e1cter sist\u00e9mico e integrador, del principio de autonom\u00eda pedag\u00f3gica, de organizaci\u00f3n y de gesti\u00f3n. Est\u00e1 formado por tres documentos:<\/p>\n<p>&#8211; El <b>Proyecto Educativo<\/b> es un documento esencial que gu\u00eda la planificaci\u00f3n y organizaci\u00f3n de un centro escolar. Este proyecto define la identidad y visi\u00f3n de la instituci\u00f3n educativa, estableciendo sus objetivos y oferta educativa.<\/p>\n<p>&#8211; El <b>Proyecto de Gesti\u00f3n<\/b> es el documento donde se recoge la ordenaci\u00f3n y utilizaci\u00f3n de los recursos econ\u00f3micos, materiales y humanos del centro.<\/p>\n<p>&#8211; El <b>Reglamento de Organizaci\u00f3n y Funcionamiento (ROF),<\/b>  es un documento clave que establece la estructura organizativa y las funciones de cada \u00e1rea y departamento dentro de la instituci\u00f3n educativa. Es una herramienta que permite regular y ordenar el funcionamiento interno del colegio.<\/p>\n<p><iframe loading=\"lazy\" src=\"\/\/v.calameo.com\/library\/?type=account&amp;id=7879743&amp;rows=1&amp;sortBy=latestPublished&amp;theme=wood&amp;bgColor=&amp;thumbSize=large&amp;showTitle=true&amp;showShadow=true&amp;showGloss=true&amp;showInfo=account&amp;linkTo=view&amp;linkTarget=_blank\" width=\"100%\" height=\"240\" frameborder=\"0\"><\/iframe><\/p>\n<!--themify_builder_content-->\n<div id=\"themify_builder_content-2478\" data-postid=\"2478\" class=\"themify_builder_content themify_builder_content-2478 themify_builder tf_clear\">\n    <\/div>\n<!--\/themify_builder_content-->\n","protected":false},"excerpt":{"rendered":"<p>El Plan de Centro es el documento que expresa nuestras se\u00f1as de identidad. Es el aut\u00e9ntico referente, con car\u00e1cter sist\u00e9mico e integrador, del principio de autonom\u00eda pedag\u00f3gica, de organizaci\u00f3n y de gesti\u00f3n. Est\u00e1 formado por tres documentos: &#8211; El Proyecto Educativo es un documento esencial que gu\u00eda la planificaci\u00f3n y organizaci\u00f3n de un centro escolar. [&hellip;]<\/p>\n","protected":false},"author":7446,"featured_media":0,"parent":0,"menu_order":0,"comment_status":"closed","ping_status":"closed","template":"","meta":{"ngg_post_thumbnail":0,"footnotes":"","_mc_calendar":[]},"aioseo_notices":[],"_links":{"self":[{"href":"https:\/\/blogsaverroes.juntadeandalucia.es\/ceipsimonfuentes\/wp-json\/wp\/v2\/pages\/2478"}],"collection":[{"href":"https:\/\/blogsaverroes.juntadeandalucia.es\/ceipsimonfuentes\/wp-json\/wp\/v2\/pages"}],"about":[{"href":"https:\/\/blogsaverroes.juntadeandalucia.es\/ceipsimonfuentes\/wp-json\/wp\/v2\/types\/page"}],"author":[{"embeddable":true,"href":"https:\/\/blogsaverroes.juntadeandalucia.es\/ceipsimonfuentes\/wp-json\/wp\/v2\/users\/7446"}],"replies":[{"embeddable":true,"href":"https:\/\/blogsaverroes.juntadeandalucia.es\/ceipsimonfuentes\/wp-json\/wp\/v2\/comments?post=2478"}],"version-history":[{"count":20,"href":"https:\/\/blogsaverroes.juntadeandalucia.es\/ceipsimonfuentes\/wp-json\/wp\/v2\/pages\/2478\/revisions"}],"predecessor-version":[{"id":3588,"href":"https:\/\/blogsaverroes.juntadeandalucia.es\/ceipsimonfuentes\/wp-json\/wp\/v2\/pages\/2478\/revisions\/3588"}],"wp:attachment":[{"href":"https:\/\/blogsaverroes.juntadeandalucia.es\/ceipsimonfuentes\/wp-json\/wp\/v2\/media?parent=2478"}],"curies":[{"name":"wp","href":"https:\/\/api.w.org\/{rel}","templated":true}]}}