{"id":35,"date":"2015-03-13T08:21:43","date_gmt":"2015-03-13T08:21:43","guid":{"rendered":"http:\/\/blogsaverroes.juntadeandalucia.es\/pre\/ceip\/?page_id=35"},"modified":"2024-07-29T23:02:19","modified_gmt":"2024-07-29T23:02:19","slug":"el-centro-2","status":"publish","type":"page","link":"https:\/\/blogsaverroes.juntadeandalucia.es\/ceipsjcalasanz\/el-centro-2\/","title":{"rendered":"CENTRO"},"content":{"rendered":"<p><iframe loading=\"lazy\" src=\"https:\/\/www.google.com\/maps\/embed?pb=!1m18!1m12!1m3!1d3153.282694439791!2d-5.39089868450468!3d37.783414219434924!2m3!1f0!2f0!3f0!3m2!1i1024!2i768!4f13.1!3m3!1m2!1s0xd12de1b6275877f%3A0xad2fa30e7a6264e4!2sC%20E%20I%20P%20San%20Jos%C3%A9%20De%20Calasanz!5e0!3m2!1ses!2ses!4v1609773639301!5m2!1ses!2ses\" width=\"100%\" height=\"450\" frameborder=\"0\"><span data-mce-type=\"bookmark\" style=\"width: 0px;overflow: hidden;line-height: 0\" class=\"mce_SELRES_start\">\ufeff<\/span><\/iframe><\/p>\n<p><strong>Direcci\u00f3n:<\/strong> C\/ Hnos. \u00c1lvarez Quintero, 30, 41479 La Puebla de los Infantes, Sevilla<\/p>\n<p><strong>Tel\u00e9fono: <\/strong>+34955808596<br \/>\n<strong>Email:<\/strong> 41003467.edu@juntadeandalucia.es<\/p>\n<p><strong>Horario de atenci\u00f3n a las familias:<\/strong> Lunes por la tarde y para Equipo Directivo presencialmente con cita previa.<\/p>\n","protected":false},"excerpt":{"rendered":"<p>\ufeff Direcci\u00f3n: C\/ Hnos. \u00c1lvarez Quintero, 30, 41479 La Puebla de los Infantes, Sevilla Tel\u00e9fono: +34955808596 Email: 41003467.edu@juntadeandalucia.es Horario de atenci\u00f3n a las familias: Lunes por la tarde y para Equipo Directivo presencialmente con cita previa.<\/p>\n","protected":false},"author":1,"featured_media":0,"parent":0,"menu_order":0,"comment_status":"closed","ping_status":"open","template":"","meta":{"ngg_post_thumbnail":0,"footnotes":"","_mc_calendar":[]},"aioseo_notices":[],"_links":{"self":[{"href":"https:\/\/blogsaverroes.juntadeandalucia.es\/ceipsjcalasanz\/wp-json\/wp\/v2\/pages\/35"}],"collection":[{"href":"https:\/\/blogsaverroes.juntadeandalucia.es\/ceipsjcalasanz\/wp-json\/wp\/v2\/pages"}],"about":[{"href":"https:\/\/blogsaverroes.juntadeandalucia.es\/ceipsjcalasanz\/wp-json\/wp\/v2\/types\/page"}],"author":[{"embeddable":true,"href":"https:\/\/blogsaverroes.juntadeandalucia.es\/ceipsjcalasanz\/wp-json\/wp\/v2\/users\/1"}],"replies":[{"embeddable":true,"href":"https:\/\/blogsaverroes.juntadeandalucia.es\/ceipsjcalasanz\/wp-json\/wp\/v2\/comments?post=35"}],"version-history":[{"count":32,"href":"https:\/\/blogsaverroes.juntadeandalucia.es\/ceipsjcalasanz\/wp-json\/wp\/v2\/pages\/35\/revisions"}],"predecessor-version":[{"id":6518,"href":"https:\/\/blogsaverroes.juntadeandalucia.es\/ceipsjcalasanz\/wp-json\/wp\/v2\/pages\/35\/revisions\/6518"}],"wp:attachment":[{"href":"https:\/\/blogsaverroes.juntadeandalucia.es\/ceipsjcalasanz\/wp-json\/wp\/v2\/media?parent=35"}],"curies":[{"name":"wp","href":"https:\/\/api.w.org\/{rel}","templated":true}]}}