{"id":2335,"date":"2020-03-31T13:18:44","date_gmt":"2020-03-31T13:18:44","guid":{"rendered":"https:\/\/blogsaverroes.juntadeandalucia.es\/ceipsolymar\/?page_id=2335"},"modified":"2020-04-01T16:25:46","modified_gmt":"2020-04-01T16:25:46","slug":"pedagogia-terapeutica","status":"publish","type":"page","link":"https:\/\/blogsaverroes.juntadeandalucia.es\/ceipsolymar\/pedagogia-terapeutica\/","title":{"rendered":"Pedagog\u00eda Terape\u00fatica"},"content":{"rendered":"<p><a href=\"https:\/\/blogsaverroes.juntadeandalucia.es\/ceipsolymar\/files\/2020\/04\/PEDAGOG\u00cdA-TERAPE\u00daTICA-1-4-20.jpg\"><img loading=\"lazy\" decoding=\"async\" class=\"alignnone size-medium wp-image-2389\" src=\"https:\/\/blogsaverroes.juntadeandalucia.es\/ceipsolymar\/files\/2020\/04\/PEDAGOG\u00cdA-TERAPE\u00daTICA-1-4-20-300x200.jpg\" alt=\"\" width=\"300\" height=\"200\" srcset=\"https:\/\/blogsaverroes.juntadeandalucia.es\/ceipsolymar\/files\/2020\/04\/PEDAGOG\u00cdA-TERAPE\u00daTICA-1-4-20-300x200.jpg 300w, https:\/\/blogsaverroes.juntadeandalucia.es\/ceipsolymar\/files\/2020\/04\/PEDAGOG\u00cdA-TERAPE\u00daTICA-1-4-20-768x512.jpg 768w, https:\/\/blogsaverroes.juntadeandalucia.es\/ceipsolymar\/files\/2020\/04\/PEDAGOG\u00cdA-TERAPE\u00daTICA-1-4-20-1024x683.jpg 1024w, https:\/\/blogsaverroes.juntadeandalucia.es\/ceipsolymar\/files\/2020\/04\/PEDAGOG\u00cdA-TERAPE\u00daTICA-1-4-20-24x16.jpg 24w, https:\/\/blogsaverroes.juntadeandalucia.es\/ceipsolymar\/files\/2020\/04\/PEDAGOG\u00cdA-TERAPE\u00daTICA-1-4-20-36x24.jpg 36w, https:\/\/blogsaverroes.juntadeandalucia.es\/ceipsolymar\/files\/2020\/04\/PEDAGOG\u00cdA-TERAPE\u00daTICA-1-4-20-48x32.jpg 48w, https:\/\/blogsaverroes.juntadeandalucia.es\/ceipsolymar\/files\/2020\/04\/PEDAGOG\u00cdA-TERAPE\u00daTICA-1-4-20.jpg 1600w\" sizes=\"(max-width: 300px) 100vw, 300px\" \/><\/a><\/p>\n<p class=\"p1\"><span class=\"s1\">Se puede definir la Pedagog\u00eda Terap\u00e9utica como el<strong>&nbsp;\u00e1rea de especializaci\u00f3n de la ense\u00f1anza<\/strong>&nbsp;que se dedica a atender, de forma personalizada, a&nbsp;<strong>ni\u00f1as y ni\u00f1os que presentan unas necesidades diferentes<\/strong>&nbsp;a las del resto.<\/span><\/p>\n<p class=\"p1\"><span class=\"s1\">Por este motivo, se tiende a relacionar con el concepto de Educaci\u00f3n Especial, que podr\u00eda concretarse como esas intervenciones que tienden a mejorar los conocimientos de las ni\u00f1as\/os.<\/span><\/p>\n<p class=\"p1\"><span class=\"s1\">Ser docente de Pedagog\u00eda Terap\u00e9utica (la maestra o el maestro de P.T.),<span class=\"Apple-converted-space\">&nbsp;&nbsp;<\/span>es atender a alumnos que requieran, en alg\u00fan momento de su desarrollo o escolarizaci\u00f3n, un apoyo espec\u00edfico para <strong>trabajar, aprender, optimizar, conseguir\u2026 los mismos objetivos y competencias<\/strong>&nbsp;que tendr\u00eda que alcanzar con respecto a su edad o nivel educativo.<\/span><\/p>\n<p><strong>\u00bfQu\u00e9 perfil de alumnado es con el que desempe\u00f1a su labor la persona titular de Pedagog\u00eda Terape\u00fatica en nuestro centro?<\/strong><\/p>\n<p>El alumnado con Necesidades Espec\u00edficas de Apoyo Educativo (de ahora en adelante, alumnado N.E.A.E), las\/os cuales requieren de una atenci\u00f3n diferente a la ordinaria, presentando dificultades de aprendizaje, altas capacidades intelectuales, por incorporaci\u00f3n tard\u00eda al sistema educativo o por diferentes circunstancias de car\u00e1cter personal o de su historial.<\/p>\n<p>El alumnado con Necesidades Educativas Especiales (de ahora en adelante, alumnado N.E.E), las\/os cuales son aquellos que durante su escolarizaci\u00f3n o a lo largo de ella, necesitan de determinados apoyos y atenciones educativas espec\u00edficas resultantes de una discapacidad o de trastornos graves.&nbsp;<\/p>\n<p>La coordinaci\u00f3n entre la persona titular de Pedagog\u00eda Terape\u00fatica y las diferentes tutor\u00edas es esencial en diferentes etapas de su escolarizaci\u00f3n, desde la detecci\u00f3n m\u00e1s temprana posible para su derivaci\u00f3n, hasta la intervenci\u00f3n con el alumnado por circunstancias de diversa \u00edndole, tales como rendimiento superior o inferior a lo habitual, desniveles significativos en el desarrollo sensorial, motor, cognitivo o afectivo, diferencias en el desarrollo de aprendizajes b\u00e1sicos, tales como la lectura, la escritura o el c\u00e1lculo de operaciones aritm\u00e9ticas fundamentales, indicios de un contexto familiar poco apropiado para la estimulaci\u00f3n y el desarrollo.<\/p>\n<p>Todo ello hace que la persona titular de P.T. debe llevar a cabo la definici\u00f3n y adaptaci\u00f3n de contenidos, objetivos, metodolog\u00eda y evaluaci\u00f3n s\u00f3lo cuando sea estrictamente necesario, a trav\u00e9s de adaptaciones, abiertas y flexibles y en constante edici\u00f3n, en coordinaci\u00f3n con las tutor\u00edas de dicho alumnado.&nbsp;<\/p>\n<p>Esto forma parte de manera condensada de las Instrucciones del 8\/3\/17, de la Direcci\u00f3n General de Participaci\u00f3n y Equidad, por las que se actualiza el protocolo de detecci\u00f3n, identificaci\u00f3n del alumnado con necesidades espec\u00edficas de apoyo Educativo y la organizaci\u00f3n de la respuesta educativa.&nbsp;<\/p>\n","protected":false},"excerpt":{"rendered":"<p>Se puede definir la Pedagog\u00eda Terap\u00e9utica como el&nbsp;\u00e1rea de especializaci\u00f3n de la ense\u00f1anza&nbsp;que se dedica a atender, de forma personalizada, a&nbsp;ni\u00f1as y ni\u00f1os que presentan unas necesidades diferentes&nbsp;a las del resto. Por este motivo,&#46;&#46;&#46;<\/p>\n","protected":false},"author":7525,"featured_media":0,"parent":0,"menu_order":0,"comment_status":"closed","ping_status":"closed","template":"","meta":{"ngg_post_thumbnail":0,"footnotes":"","_mc_calendar":[]},"aioseo_notices":[],"_links":{"self":[{"href":"https:\/\/blogsaverroes.juntadeandalucia.es\/ceipsolymar\/wp-json\/wp\/v2\/pages\/2335"}],"collection":[{"href":"https:\/\/blogsaverroes.juntadeandalucia.es\/ceipsolymar\/wp-json\/wp\/v2\/pages"}],"about":[{"href":"https:\/\/blogsaverroes.juntadeandalucia.es\/ceipsolymar\/wp-json\/wp\/v2\/types\/page"}],"author":[{"embeddable":true,"href":"https:\/\/blogsaverroes.juntadeandalucia.es\/ceipsolymar\/wp-json\/wp\/v2\/users\/7525"}],"replies":[{"embeddable":true,"href":"https:\/\/blogsaverroes.juntadeandalucia.es\/ceipsolymar\/wp-json\/wp\/v2\/comments?post=2335"}],"version-history":[{"count":3,"href":"https:\/\/blogsaverroes.juntadeandalucia.es\/ceipsolymar\/wp-json\/wp\/v2\/pages\/2335\/revisions"}],"predecessor-version":[{"id":2391,"href":"https:\/\/blogsaverroes.juntadeandalucia.es\/ceipsolymar\/wp-json\/wp\/v2\/pages\/2335\/revisions\/2391"}],"wp:attachment":[{"href":"https:\/\/blogsaverroes.juntadeandalucia.es\/ceipsolymar\/wp-json\/wp\/v2\/media?parent=2335"}],"curies":[{"name":"wp","href":"https:\/\/api.w.org\/{rel}","templated":true}]}}

Pedagogía Terapeútica

<p><a href="https://blogsaverroes.juntadeandalucia.es/ceipsolymar/files/2020/04/PEDAGOGÍA-TERAPEÚTICA-1-4-20.jpg"><img loading="lazy" decoding="async" class="alignnone size-medium wp-image-2389" src="https://blogsaverroes.juntadeandalucia.es/ceipsolymar/files/2020/04/PEDAGOGÍA-TERAPEÚTICA-1-4-20-300x200.jpg" alt="" width="300" height="200" srcset="https://blogsaverroes.juntadeandalucia.es/ceipsolymar/files/2020/04/PEDAGOGÍA-TERAPEÚTICA-1-4-20-300x200.jpg 300w, https://blogsaverroes.juntadeandalucia.es/ceipsolymar/files/2020/04/PEDAGOGÍA-TERAPEÚTICA-1-4-20-768x512.jpg 768w, https://blogsaverroes.juntadeandalucia.es/ceipsolymar/files/2020/04/PEDAGOGÍA-TERAPEÚTICA-1-4-20-1024x683.jpg 1024w, https://blogsaverroes.juntadeandalucia.es/ceipsolymar/files/2020/04/PEDAGOGÍA-TERAPEÚTICA-1-4-20-24x16.jpg 24w, https://blogsaverroes.juntadeandalucia.es/ceipsolymar/files/2020/04/PEDAGOGÍA-TERAPEÚTICA-1-4-20-36x24.jpg 36w, https://blogsaverroes.juntadeandalucia.es/ceipsolymar/files/2020/04/PEDAGOGÍA-TERAPEÚTICA-1-4-20-48x32.jpg 48w, https://blogsaverroes.juntadeandalucia.es/ceipsolymar/files/2020/04/PEDAGOGÍA-TERAPEÚTICA-1-4-20.jpg 1600w" sizes="(max-width: 300px) 100vw, 300px" /></a></p>
<p class="p1"><span class="s1">Se puede definir la Pedagogía Terapéutica como el<strong>&nbsp;área de especialización de la enseñanza</strong>&nbsp;que se dedica a atender, de forma personalizada, a&nbsp;<strong>niñas y niños que presentan unas necesidades diferentes</strong>&nbsp;a las del resto.</span></p>
<p class="p1"><span class="s1">Por este motivo, se tiende a relacionar con el concepto de Educación Especial, que podría concretarse como esas intervenciones que tienden a mejorar los conocimientos de las niñas/os.</span></p>
<p class="p1"><span class="s1">Ser docente de Pedagogía Terapéutica (la maestra o el maestro de P.T.),<span class="Apple-converted-space">&nbsp;&nbsp;</span>es atender a alumnos que requieran, en algún momento de su desarrollo o escolarización, un apoyo específico para <strong>trabajar, aprender, optimizar, conseguir… los mismos objetivos y competencias</strong>&nbsp;que tendría que alcanzar con respecto a su edad o nivel educativo.</span></p>
<p><strong>¿Qué perfil de alumnado es con el que desempeña su labor la persona titular de Pedagogía Terapeútica en nuestro centro?</strong></p>
<p>El alumnado con Necesidades Específicas de Apoyo Educativo (de ahora en adelante, alumnado N.E.A.E), las/os cuales requieren de una atención diferente a la ordinaria, presentando dificultades de aprendizaje, altas capacidades intelectuales, por incorporación tardía al sistema educativo o por diferentes circunstancias de carácter personal o de su historial.</p>
<p>El alumnado con Necesidades Educativas Especiales (de ahora en adelante, alumnado N.E.E), las/os cuales son aquellos que durante su escolarización o a lo largo de ella, necesitan de determinados apoyos y atenciones educativas específicas resultantes de una discapacidad o de trastornos graves.&nbsp;</p>
<p>La coordinación entre la persona titular de Pedagogía Terapeútica y las diferentes tutorías es esencial en diferentes etapas de su escolarización, desde la detección más temprana posible para su derivación, hasta la intervención con el alumnado por circunstancias de diversa índole, tales como rendimiento superior o inferior a lo habitual, desniveles significativos en el desarrollo sensorial, motor, cognitivo o afectivo, diferencias en el desarrollo de aprendizajes básicos, tales como la lectura, la escritura o el cálculo de operaciones aritméticas fundamentales, indicios de un contexto familiar poco apropiado para la estimulación y el desarrollo.</p>
<p>Todo ello hace que la persona titular de P.T. debe llevar a cabo la definición y adaptación de contenidos, objetivos, metodología y evaluación sólo cuando sea estrictamente necesario, a través de adaptaciones, abiertas y flexibles y en constante edición, en coordinación con las tutorías de dicho alumnado.&nbsp;</p>
<p>Esto forma parte de manera condensada de las Instrucciones del 8/3/17, de la Dirección General de Participación y Equidad, por las que se actualiza el protocolo de detección, identificación del alumnado con necesidades específicas de apoyo Educativo y la organización de la respuesta educativa.&nbsp;</p>

<p>Se puede definir la Pedagogía Terapéutica como el&nbsp;área de especialización de la enseñanza&nbsp;que se dedica a atender, de forma personalizada, a&nbsp;niñas y niños que presentan unas necesidades diferentes&nbsp;a las del resto. Por este motivo,&#46;&#46;&#46;</p>
