{"id":35,"date":"2015-03-13T08:21:43","date_gmt":"2015-03-13T08:21:43","guid":{"rendered":"http:\/\/blogsaverroes.juntadeandalucia.es\/pre\/ceip\/?page_id=35"},"modified":"2020-03-24T13:33:09","modified_gmt":"2020-03-24T13:33:09","slug":"el-centro-2","status":"publish","type":"page","link":"https:\/\/blogsaverroes.juntadeandalucia.es\/ceipsolymar\/el-centro-2\/","title":{"rendered":"Datos del centro"},"content":{"rendered":"<p><iframe loading=\"lazy\" src=\"https:\/\/www.google.com\/maps\/embed?pb=!1m18!1m12!1m3!1d3197.951331100392!2d-2.84086078471229!3d36.72373007996444!2m3!1f0!2f0!3f0!3m2!1i1024!2i768!4f13.1!3m3!1m2!1s0xd705c94d950642f%3A0x2cffe14be0466887!2sC.e.I.P.+Solymar!5e0!3m2!1ses!2ses!4v1558176026234!5m2!1ses!2ses\" width=\"600\" height=\"450\" frameborder=\"0\"><\/iframe><br \/>\nC.E.I.P Solymar<\/p>\n<p><strong>Direcci\u00f3n:<\/strong> &nbsp;Calle Ibiza, 28, 04715, Matagorda, El Ejido, Almer\u00eda.<\/p>\n<p><strong>Tel\u00e9fono: 95.57.98.27 \/ 950.57.98.29<\/strong><\/p>\n<p><strong>FAX: 950.57.98.29<\/strong><br \/>\n<strong>Email:<\/strong> 04002349.edu@juntadeandalucia.es&nbsp; &nbsp; cpsolymar@gmail.com<\/p>\n<h4><strong>Horarios<\/strong><\/h4>\n<p>Aula Matinal: de lunes a viernes, de 7:30 a 9:00.<\/p>\n<p>Educaci\u00f3n Secundaria: de lunes a viernes, de 8:30 a 15:00.<\/p>\n<p>Educaci\u00f3n Infantil y Primaria: de lunes a viernes, de 9:00 a 14:00.<\/p>\n<p>Comedor escolar: de lunes a viernes, de 14:00 a 16:00.<\/p>\n<p>Actividades extra-escolares: de lunes a jueves, de 16:00 a 18:00.<\/p>\n<h4>&nbsp;<\/h4>\n","protected":false},"excerpt":{"rendered":"<p>C.E.I.P Solymar Direcci\u00f3n: &nbsp;Calle Ibiza, 28, 04715, Matagorda, El Ejido, Almer\u00eda. Tel\u00e9fono: 95.57.98.27 \/ 950.57.98.29 FAX: 950.57.98.29 Email: 04002349.edu@juntadeandalucia.es&nbsp; &nbsp; cpsolymar@gmail.com Horarios Aula Matinal: de lunes a viernes, de 7:30 a 9:00. Educaci\u00f3n Secundaria:&#46;&#46;&#46;<\/p>\n","protected":false},"author":1,"featured_media":0,"parent":0,"menu_order":0,"comment_status":"closed","ping_status":"open","template":"page-cs.php","meta":{"ngg_post_thumbnail":0,"footnotes":"","_mc_calendar":[]},"aioseo_notices":[],"_links":{"self":[{"href":"https:\/\/blogsaverroes.juntadeandalucia.es\/ceipsolymar\/wp-json\/wp\/v2\/pages\/35"}],"collection":[{"href":"https:\/\/blogsaverroes.juntadeandalucia.es\/ceipsolymar\/wp-json\/wp\/v2\/pages"}],"about":[{"href":"https:\/\/blogsaverroes.juntadeandalucia.es\/ceipsolymar\/wp-json\/wp\/v2\/types\/page"}],"author":[{"embeddable":true,"href":"https:\/\/blogsaverroes.juntadeandalucia.es\/ceipsolymar\/wp-json\/wp\/v2\/users\/1"}],"replies":[{"embeddable":true,"href":"https:\/\/blogsaverroes.juntadeandalucia.es\/ceipsolymar\/wp-json\/wp\/v2\/comments?post=35"}],"version-history":[{"count":25,"href":"https:\/\/blogsaverroes.juntadeandalucia.es\/ceipsolymar\/wp-json\/wp\/v2\/pages\/35\/revisions"}],"predecessor-version":[{"id":2155,"href":"https:\/\/blogsaverroes.juntadeandalucia.es\/ceipsolymar\/wp-json\/wp\/v2\/pages\/35\/revisions\/2155"}],"wp:attachment":[{"href":"https:\/\/blogsaverroes.juntadeandalucia.es\/ceipsolymar\/wp-json\/wp\/v2\/media?parent=35"}],"curies":[{"name":"wp","href":"https:\/\/api.w.org\/{rel}","templated":true}]}}