{"id":42,"date":"2015-03-13T08:40:47","date_gmt":"2015-03-13T08:40:47","guid":{"rendered":"http:\/\/blogsaverroes.juntadeandalucia.es\/pre\/ceip\/?page_id=42"},"modified":"2020-03-24T13:38:33","modified_gmt":"2020-03-24T13:38:33","slug":"equipo-directivo","status":"publish","type":"page","link":"https:\/\/blogsaverroes.juntadeandalucia.es\/ceipsolymar\/equipo-directivo\/","title":{"rendered":"Equipo directivo"},"content":{"rendered":"<p>El equipo directivo del C.E.I.P Solymar est\u00e1 compuesto por los siguientes miembros, desde el curso 2018-2019.<\/p>\n<p><span style=\"color: #3366ff\"><strong>Direcci\u00f3n: Jes\u00fas L\u00f3pez Cobos.<\/strong><\/span><\/p>\n<p><span style=\"color: #3366ff\"><strong>Jefatura de estudios: Blas S\u00e1nchez P\u00e9rez.<\/strong><\/span><\/p>\n<p><span style=\"color: #3366ff\"><strong>Secretar\u00eda: Cristina Gonz\u00e1lez Ib\u00e1\u00f1ez.<\/strong><\/span><\/p>\n<p>Si en algo trabaja el equipo directivo en su conjunto, es en el desarrollo de un proyecto de trabajo en el que prime el aprendizaje del alumnado a trav\u00e9s de una serie de pautas, en las que el respeto hacia todas las personas que conforman la Comunidad Educativa del centro (alumnas, alumnos, maestras, maestros, hacia s\u00ed mismas y hac\u00eda s\u00ed mismos, y por supuesto, toda persona que desempe\u00f1a su labor en el centro), la comprensi\u00f3n de las normas y la resoluci\u00f3n pac\u00edfica de conflictos se refleje en el quehacer diario de la labor de todos qui\u00e9nes lo componen. Es por ello por lo que pondremos lo mejor de cada una\/o de nosotras\/os para poder conseguirlo.&nbsp;<\/p>\n","protected":false},"excerpt":{"rendered":"<p>El equipo directivo del C.E.I.P Solymar est\u00e1 compuesto por los siguientes miembros, desde el curso 2018-2019. Direcci\u00f3n: Jes\u00fas L\u00f3pez Cobos. Jefatura de estudios: Blas S\u00e1nchez P\u00e9rez. Secretar\u00eda: Cristina Gonz\u00e1lez Ib\u00e1\u00f1ez. Si en algo trabaja&#46;&#46;&#46;<\/p>\n","protected":false},"author":1,"featured_media":0,"parent":0,"menu_order":0,"comment_status":"closed","ping_status":"open","template":"","meta":{"ngg_post_thumbnail":0,"footnotes":"","_mc_calendar":[]},"aioseo_notices":[],"_links":{"self":[{"href":"https:\/\/blogsaverroes.juntadeandalucia.es\/ceipsolymar\/wp-json\/wp\/v2\/pages\/42"}],"collection":[{"href":"https:\/\/blogsaverroes.juntadeandalucia.es\/ceipsolymar\/wp-json\/wp\/v2\/pages"}],"about":[{"href":"https:\/\/blogsaverroes.juntadeandalucia.es\/ceipsolymar\/wp-json\/wp\/v2\/types\/page"}],"author":[{"embeddable":true,"href":"https:\/\/blogsaverroes.juntadeandalucia.es\/ceipsolymar\/wp-json\/wp\/v2\/users\/1"}],"replies":[{"embeddable":true,"href":"https:\/\/blogsaverroes.juntadeandalucia.es\/ceipsolymar\/wp-json\/wp\/v2\/comments?post=42"}],"version-history":[{"count":7,"href":"https:\/\/blogsaverroes.juntadeandalucia.es\/ceipsolymar\/wp-json\/wp\/v2\/pages\/42\/revisions"}],"predecessor-version":[{"id":2159,"href":"https:\/\/blogsaverroes.juntadeandalucia.es\/ceipsolymar\/wp-json\/wp\/v2\/pages\/42\/revisions\/2159"}],"wp:attachment":[{"href":"https:\/\/blogsaverroes.juntadeandalucia.es\/ceipsolymar\/wp-json\/wp\/v2\/media?parent=42"}],"curies":[{"name":"wp","href":"https:\/\/api.w.org\/{rel}","templated":true}]}}