{"id":871,"date":"2020-12-18T08:57:29","date_gmt":"2020-12-18T07:57:29","guid":{"rendered":"https:\/\/blogsaverroes.juntadeandalucia.es\/pre\/plantilla-pencil\/?page_id=871"},"modified":"2025-02-14T18:15:33","modified_gmt":"2025-02-14T17:15:33","slug":"comedor-escolar","status":"publish","type":"page","link":"https:\/\/blogsaverroes.juntadeandalucia.es\/ceipsotomayor\/comedor-escolar\/","title":{"rendered":"Comedor escolar"},"content":{"rendered":"<p><img loading=\"lazy\" decoding=\"async\" class=\"alignleft wp-image-1370 \" src=\"https:\/\/blogsaverroes.juntadeandalucia.es\/ceipsotomayor\/files\/2025\/02\/COMEDOR-580x1024.jpeg\" alt=\"\" width=\"387\" height=\"683\"><\/p>\n<p align=\"justify\">Os damos la bienvenida a nuestro comedor escolar, un espacio pensado para garantizar una alimentaci\u00f3n sana y equilibrada a quienes hacen uso de dicho servicio. En nuestro centro educativo, comprendemos la importancia de ofrecer una alimentaci\u00f3n de calidad, especialmente en edades tempranas en las que se est\u00e1n formando h\u00e1bitos alimenticios.<\/p>\n<p align=\"justify\">Por eso, nuestro servicio de comedor escolar est\u00e1 dise\u00f1ado para proporcionar una dieta completa y equilibrada que contemple todas las necesidades nutricionales. Nuestro equipo de cocina, compuesto por profesionales altamente capacitados, prepara diariamente platos saludables y deliciosos utilizando ingredientes frescos y de calidad.<\/p>\n<p align=\"justify\">Adem\u00e1s, entendemos la importancia de ofrecer opciones para satisfacer las necesidades diet\u00e9ticas de nuestro alumnado. Por lo tanto, ofrecemos men\u00fas adaptados a diferentes necesidades: para personas con alergias, sin lactosa, entre otros.<br \/>\nDichos men\u00fas se publican a principio de cada mes para conocimiento de las familias.<\/p>\n<p align=\"justify\">En nuestro comedor escolar, nos preocupamos por crear un ambiente agradable y acogedor para que se pueda disfrutar de las comidas en un espacio c\u00f3modo, luminoso y seguro. Tambi\u00e9n fomentamos el aprendizaje de buenos modales y el trabajo en equipo durante las comidas, para inculcar valores sociales y de convivencia entre el alumnado.<\/p>\n<p align=\"justify\">Tenemos el compromiso de ofrecer un servicio de alta calidad y en constante mejora, para garantizar la mejor atenci\u00f3n posible en lo que respecta a la alimentaci\u00f3n de quienes hacen uso de este servicio. Confiamos en que nuestro comedor escolar sea una experiencia positiva y satisfactoria para nuestro alumnado.<\/p>\n","protected":false},"excerpt":{"rendered":"<p>Os damos la bienvenida a nuestro comedor escolar, un espacio pensado para garantizar una alimentaci\u00f3n sana y equilibrada a quienes hacen uso de dicho servicio. En nuestro centro educativo, comprendemos la importancia de ofrecer una alimentaci\u00f3n de calidad, especialmente en edades tempranas en las que se est\u00e1n formando h\u00e1bitos alimenticios. Por eso, nuestro servicio de [&hellip;]<\/p>\n","protected":false},"author":7051,"featured_media":0,"parent":0,"menu_order":0,"comment_status":"closed","ping_status":"closed","template":"","meta":{"_et_pb_use_builder":"off","_et_pb_old_content":"","_et_gb_content_width":"","ngg_post_thumbnail":0,"footnotes":""},"aioseo_notices":[],"_links":{"self":[{"href":"https:\/\/blogsaverroes.juntadeandalucia.es\/ceipsotomayor\/wp-json\/wp\/v2\/pages\/871"}],"collection":[{"href":"https:\/\/blogsaverroes.juntadeandalucia.es\/ceipsotomayor\/wp-json\/wp\/v2\/pages"}],"about":[{"href":"https:\/\/blogsaverroes.juntadeandalucia.es\/ceipsotomayor\/wp-json\/wp\/v2\/types\/page"}],"author":[{"embeddable":true,"href":"https:\/\/blogsaverroes.juntadeandalucia.es\/ceipsotomayor\/wp-json\/wp\/v2\/users\/7051"}],"replies":[{"embeddable":true,"href":"https:\/\/blogsaverroes.juntadeandalucia.es\/ceipsotomayor\/wp-json\/wp\/v2\/comments?post=871"}],"version-history":[{"count":11,"href":"https:\/\/blogsaverroes.juntadeandalucia.es\/ceipsotomayor\/wp-json\/wp\/v2\/pages\/871\/revisions"}],"predecessor-version":[{"id":1376,"href":"https:\/\/blogsaverroes.juntadeandalucia.es\/ceipsotomayor\/wp-json\/wp\/v2\/pages\/871\/revisions\/1376"}],"wp:attachment":[{"href":"https:\/\/blogsaverroes.juntadeandalucia.es\/ceipsotomayor\/wp-json\/wp\/v2\/media?parent=871"}],"curies":[{"name":"wp","href":"https:\/\/api.w.org\/{rel}","templated":true}]}}