{"id":836,"date":"2020-12-18T08:37:22","date_gmt":"2020-12-18T07:37:22","guid":{"rendered":"https:\/\/blogsaverroes.juntadeandalucia.es\/pre\/plantilla-pencil\/?page_id=836"},"modified":"2024-03-01T13:52:47","modified_gmt":"2024-03-01T12:52:47","slug":"proa","status":"publish","type":"page","link":"https:\/\/blogsaverroes.juntadeandalucia.es\/ceipsutefie\/proa\/","title":{"rendered":"PROA"},"content":{"rendered":"<p>[et_pb_section fb_built=&#8221;1&#8243; _builder_version=&#8221;3.23.3&#8243; custom_padding=&#8221;0px||0px|&#8221; z_index_tablet=&#8221;500&#8243; box_shadow_horizontal_tablet=&#8221;0px&#8221; box_shadow_vertical_tablet=&#8221;0px&#8221; box_shadow_blur_tablet=&#8221;40px&#8221; box_shadow_spread_tablet=&#8221;0px&#8221; global_colors_info=&#8221;{}&#8221;][et_pb_row _builder_version=&#8221;3.25&#8243; background_size=&#8221;initial&#8221; background_position=&#8221;top_left&#8221; background_repeat=&#8221;repeat&#8221; global_colors_info=&#8221;{}&#8221;][et_pb_column type=&#8221;4_4&#8243; _builder_version=&#8221;3.25&#8243; custom_padding=&#8221;|||&#8221; global_colors_info=&#8221;{}&#8221; custom_padding__hover=&#8221;|||&#8221;][et_pb_image src=&#8221;https:\/\/blogsaverroes.juntadeandalucia.es\/ceipsutefie\/files\/2024\/03\/proa.jpg&#8221; title_text=&#8221;proa&#8221; admin_label=&#8221;Imagen de la portada&#8221; _builder_version=&#8221;4.14.5&#8243; hover_enabled=&#8221;0&#8243; z_index_tablet=&#8221;500&#8243; box_shadow_horizontal_tablet=&#8221;0px&#8221; box_shadow_vertical_tablet=&#8221;0px&#8221; box_shadow_blur_tablet=&#8221;40px&#8221; box_shadow_spread_tablet=&#8221;0px&#8221; global_colors_info=&#8221;{}&#8221; sticky_enabled=&#8221;0&#8243;][\/et_pb_image][et_pb_text admin_label=&#8221;Texto descriptivo&#8221; _builder_version=&#8221;4.14.5&#8243; z_index_tablet=&#8221;500&#8243; text_text_shadow_horizontal_length_tablet=&#8221;0px&#8221; text_text_shadow_vertical_length_tablet=&#8221;0px&#8221; text_text_shadow_blur_strength_tablet=&#8221;1px&#8221; link_text_shadow_horizontal_length_tablet=&#8221;0px&#8221; link_text_shadow_vertical_length_tablet=&#8221;0px&#8221; link_text_shadow_blur_strength_tablet=&#8221;1px&#8221; ul_text_shadow_horizontal_length_tablet=&#8221;0px&#8221; ul_text_shadow_vertical_length_tablet=&#8221;0px&#8221; ul_text_shadow_blur_strength_tablet=&#8221;1px&#8221; ol_text_shadow_horizontal_length_tablet=&#8221;0px&#8221; ol_text_shadow_vertical_length_tablet=&#8221;0px&#8221; ol_text_shadow_blur_strength_tablet=&#8221;1px&#8221; quote_text_shadow_horizontal_length_tablet=&#8221;0px&#8221; quote_text_shadow_vertical_length_tablet=&#8221;0px&#8221; quote_text_shadow_blur_strength_tablet=&#8221;1px&#8221; header_text_shadow_horizontal_length_tablet=&#8221;0px&#8221; header_text_shadow_vertical_length_tablet=&#8221;0px&#8221; header_text_shadow_blur_strength_tablet=&#8221;1px&#8221; header_2_text_shadow_horizontal_length_tablet=&#8221;0px&#8221; header_2_text_shadow_vertical_length_tablet=&#8221;0px&#8221; header_2_text_shadow_blur_strength_tablet=&#8221;1px&#8221; header_3_text_shadow_horizontal_length_tablet=&#8221;0px&#8221; header_3_text_shadow_vertical_length_tablet=&#8221;0px&#8221; header_3_text_shadow_blur_strength_tablet=&#8221;1px&#8221; header_4_text_shadow_horizontal_length_tablet=&#8221;0px&#8221; header_4_text_shadow_vertical_length_tablet=&#8221;0px&#8221; header_4_text_shadow_blur_strength_tablet=&#8221;1px&#8221; header_5_text_shadow_horizontal_length_tablet=&#8221;0px&#8221; header_5_text_shadow_vertical_length_tablet=&#8221;0px&#8221; header_5_text_shadow_blur_strength_tablet=&#8221;1px&#8221; header_6_text_shadow_horizontal_length_tablet=&#8221;0px&#8221; header_6_text_shadow_vertical_length_tablet=&#8221;0px&#8221; header_6_text_shadow_blur_strength_tablet=&#8221;1px&#8221; box_shadow_horizontal_tablet=&#8221;0px&#8221; box_shadow_vertical_tablet=&#8221;0px&#8221; box_shadow_blur_tablet=&#8221;40px&#8221; box_shadow_spread_tablet=&#8221;0px&#8221; global_colors_info=&#8221;{}&#8221;]<\/p>\n<h2>PROA<\/h2>\n<p>El programa PROA (Programa de Refuerzo, Orientaci\u00f3n y Apoyo) impulsado por la Junta de Andaluc\u00eda es una iniciativa dise\u00f1ada para mejorar el rendimiento acad\u00e9mico de los estudiantes en colegios p\u00fablicos. Este programa tiene como objetivo principal ofrecer apoyo adicional y personalizado a aquellos alumnos que presentan dificultades de aprendizaje o que necesitan un impulso para alcanzar los objetivos educativos establecidos.<\/p>\n<p>El programa PROA se estructura en torno a varias l\u00edneas de actuaci\u00f3n, incluyendo el refuerzo educativo fuera del horario lectivo, la orientaci\u00f3n acad\u00e9mica y profesional, y el apoyo psicopedag\u00f3gico. Estas acciones se llevan a cabo mediante la organizaci\u00f3n de clases extraescolares, talleres, sesiones de tutor\u00eda y orientaci\u00f3n, y otras actividades dise\u00f1adas para atender las necesidades espec\u00edficas de cada estudiante.<\/p>\n<p>Una de las caracter\u00edsticas distintivas del programa PROA es su enfoque inclusivo y adaptativo, asegurando que todos los alumnos, independientemente de sus circunstancias personales, socioecon\u00f3micas o educativas, puedan beneficiarse de este apoyo adicional. El programa busca no solo mejorar el rendimiento acad\u00e9mico, sino tambi\u00e9n fomentar la igualdad de oportunidades educativas, la motivaci\u00f3n por el aprendizaje y el desarrollo de habilidades sociales y personales.<\/p>\n<p>Para implementar estas actividades, la Junta de Andaluc\u00eda colabora estrechamente con los centros educativos, proporcionando los recursos necesarios, tanto humanos como materiales, y asegurando la formaci\u00f3n continua del personal docente involucrado en el programa. Esto permite una intervenci\u00f3n educativa de calidad y altamente personalizada, adaptada a los desaf\u00edos y requerimientos del siglo XXI.<\/p>\n<p>[\/et_pb_text][\/et_pb_column][\/et_pb_row][\/et_pb_section]<\/p>\n","protected":false},"excerpt":{"rendered":"<p>PROA El programa PROA (Programa de Refuerzo, Orientaci\u00f3n y Apoyo) impulsado por la Junta de Andaluc\u00eda es una iniciativa dise\u00f1ada para mejorar el rendimiento acad\u00e9mico de los estudiantes en colegios p\u00fablicos. Este programa tiene como objetivo principal ofrecer apoyo adicional y personalizado a aquellos alumnos que presentan dificultades de aprendizaje o que necesitan un impulso [&hellip;]<\/p>\n","protected":false},"author":6881,"featured_media":0,"parent":0,"menu_order":0,"comment_status":"closed","ping_status":"closed","template":"","meta":{"_et_pb_use_builder":"on","_et_pb_old_content":"","_et_gb_content_width":"","ngg_post_thumbnail":0,"footnotes":""},"aioseo_notices":[],"_links":{"self":[{"href":"https:\/\/blogsaverroes.juntadeandalucia.es\/ceipsutefie\/wp-json\/wp\/v2\/pages\/836"}],"collection":[{"href":"https:\/\/blogsaverroes.juntadeandalucia.es\/ceipsutefie\/wp-json\/wp\/v2\/pages"}],"about":[{"href":"https:\/\/blogsaverroes.juntadeandalucia.es\/ceipsutefie\/wp-json\/wp\/v2\/types\/page"}],"author":[{"embeddable":true,"href":"https:\/\/blogsaverroes.juntadeandalucia.es\/ceipsutefie\/wp-json\/wp\/v2\/users\/6881"}],"replies":[{"embeddable":true,"href":"https:\/\/blogsaverroes.juntadeandalucia.es\/ceipsutefie\/wp-json\/wp\/v2\/comments?post=836"}],"version-history":[{"count":4,"href":"https:\/\/blogsaverroes.juntadeandalucia.es\/ceipsutefie\/wp-json\/wp\/v2\/pages\/836\/revisions"}],"predecessor-version":[{"id":1133,"href":"https:\/\/blogsaverroes.juntadeandalucia.es\/ceipsutefie\/wp-json\/wp\/v2\/pages\/836\/revisions\/1133"}],"wp:attachment":[{"href":"https:\/\/blogsaverroes.juntadeandalucia.es\/ceipsutefie\/wp-json\/wp\/v2\/media?parent=836"}],"curies":[{"name":"wp","href":"https:\/\/api.w.org\/{rel}","templated":true}]}}