{"id":177,"date":"2021-01-29T09:01:39","date_gmt":"2021-01-29T09:01:39","guid":{"rendered":"https:\/\/blogsaverroes.juntadeandalucia.es\/ceiptartessos\/?page_id=177"},"modified":"2025-04-28T08:38:08","modified_gmt":"2025-04-28T08:38:08","slug":"progprimaria","status":"publish","type":"page","link":"https:\/\/blogsaverroes.juntadeandalucia.es\/ceiptartessos\/progprimaria\/","title":{"rendered":"Programaciones de Educaci\u00f3n Primaria"},"content":{"rendered":"<p><strong><u>PRIMER CICLO<\/u><\/strong><\/p>\n<p><strong><u>SEGUNDO CICLO<\/u><\/strong><\/p>\n<p><strong><u>TERCER CICLO<\/u><\/strong><\/p>\n<p><a href=\"https:\/\/blogsaverroes.juntadeandalucia.es\/ceiptartessos\/files\/2025\/04\/Programacion-Didactica-Tercer-Ciclo-LEN.pdf\">Programaci\u00f3n Did\u00e1ctica Tercer Ciclo LEN<\/a><\/p>\n<p><a href=\"https:\/\/blogsaverroes.juntadeandalucia.es\/ceiptartessos\/files\/2025\/04\/Programacion-Didactica-Tercer-Ciclo-MAT.pdf\">Programaci\u00f3n Did\u00e1ctica Tercer Ciclo MAT<\/a><\/p>\n<p><a href=\"https:\/\/blogsaverroes.juntadeandalucia.es\/ceiptartessos\/files\/2025\/04\/Programacion-Didactica-Tercer-Ciclo-CMSNC.pdf\">Programaci\u00f3n Did\u00e1ctica Tercer Ciclo CMSNC<\/a><\/p>\n<p><a href=\"https:\/\/blogsaverroes.juntadeandalucia.es\/ceiptartessos\/files\/2025\/04\/Programacion-Didactica-Tercer-Ciclo-ART-Musica.pdf\">Programaci\u00f3n Did\u00e1ctica Tercer Ciclo ART M\u00fasica<\/a><\/p>\n<p><a href=\"https:\/\/blogsaverroes.juntadeandalucia.es\/ceiptartessos\/files\/2025\/04\/Programacion-Didactica-Tercer-Ciclo-ART-Plastica.pdf\">Programaci\u00f3n Did\u00e1ctica Tercer Ciclo ART Pl\u00e1stica<\/a><\/p>\n<p><a href=\"https:\/\/blogsaverroes.juntadeandalucia.es\/ceiptartessos\/files\/2025\/04\/Programacion-Didactica-Tercer-Ciclo-VCE.pdf\">Programaci\u00f3n Did\u00e1ctica Tercer Ciclo VCE<\/a><\/p>\n<p><a href=\"https:\/\/blogsaverroes.juntadeandalucia.es\/ceiptartessos\/files\/2025\/04\/Programacion-Didactica-Tercer-Ciclo-LEX-Frances.pdf\">Programaci\u00f3n Did\u00e1ctica Tercer Ciclo LEX Franc\u00e9s<\/a><\/p>\n<p>&nbsp;<\/p>\n","protected":false},"excerpt":{"rendered":"<p>PRIMER CICLO SEGUNDO CICLO TERCER CICLO Programaci\u00f3n Did\u00e1ctica Tercer Ciclo LEN Programaci\u00f3n Did\u00e1ctica Tercer Ciclo MAT Programaci\u00f3n Did\u00e1ctica Tercer Ciclo CMSNC Programaci\u00f3n Did\u00e1ctica Tercer Ciclo ART M\u00fasica Programaci\u00f3n Did\u00e1ctica Tercer Ciclo ART Pl\u00e1stica Programaci\u00f3n&#46;&#46;&#46;<\/p>\n","protected":false},"author":11117,"featured_media":0,"parent":0,"menu_order":0,"comment_status":"closed","ping_status":"closed","template":"","meta":{"ngg_post_thumbnail":0,"footnotes":""},"aioseo_notices":[],"post_mailing_queue_ids":[],"_links":{"self":[{"href":"https:\/\/blogsaverroes.juntadeandalucia.es\/ceiptartessos\/wp-json\/wp\/v2\/pages\/177"}],"collection":[{"href":"https:\/\/blogsaverroes.juntadeandalucia.es\/ceiptartessos\/wp-json\/wp\/v2\/pages"}],"about":[{"href":"https:\/\/blogsaverroes.juntadeandalucia.es\/ceiptartessos\/wp-json\/wp\/v2\/types\/page"}],"author":[{"embeddable":true,"href":"https:\/\/blogsaverroes.juntadeandalucia.es\/ceiptartessos\/wp-json\/wp\/v2\/users\/11117"}],"replies":[{"embeddable":true,"href":"https:\/\/blogsaverroes.juntadeandalucia.es\/ceiptartessos\/wp-json\/wp\/v2\/comments?post=177"}],"version-history":[{"count":11,"href":"https:\/\/blogsaverroes.juntadeandalucia.es\/ceiptartessos\/wp-json\/wp\/v2\/pages\/177\/revisions"}],"predecessor-version":[{"id":1478,"href":"https:\/\/blogsaverroes.juntadeandalucia.es\/ceiptartessos\/wp-json\/wp\/v2\/pages\/177\/revisions\/1478"}],"wp:attachment":[{"href":"https:\/\/blogsaverroes.juntadeandalucia.es\/ceiptartessos\/wp-json\/wp\/v2\/media?parent=177"}],"curies":[{"name":"wp","href":"https:\/\/api.w.org\/{rel}","templated":true}]}}