{"id":187,"date":"2021-01-29T09:13:01","date_gmt":"2021-01-29T09:13:01","guid":{"rendered":"https:\/\/blogsaverroes.juntadeandalucia.es\/ceiptartessos\/?page_id=187"},"modified":"2026-04-20T08:22:01","modified_gmt":"2026-04-20T08:22:01","slug":"escolarizacion","status":"publish","type":"page","link":"https:\/\/blogsaverroes.juntadeandalucia.es\/ceiptartessos\/escolarizacion\/","title":{"rendered":"Escolarizaci\u00f3n 26\/27"},"content":{"rendered":"<h2>Escolarizaci\u00f3n 26\/27<\/h2>\n<h3 class=\"panel-title\" style=\"text-align: left\"><a href=\"https:\/\/secretariavirtual.juntadeandalucia.es\/secretariavirtual\/accesoConsultas\/2490\/\" target=\"_blank\" rel=\"noopener\"><span style=\"font-size: 24pt\">Novedad: Acceso a Consulta del baremo del proceso de admisi\u00f3n en las ense\u00f1anzas de segundo ciclo de educaci\u00f3n infantil, educaci\u00f3n primaria, educaci\u00f3n especial, educaci\u00f3n secundaria obligatoria y bachillerato para el curso 2026\/2027.<\/span><\/a><\/h3>\n<p>&nbsp;<\/p>\n<p style=\"text-align: left\"><span style=\"font-size: 24pt\"><a href=\"https:\/\/www.juntadeandalucia.es\/educacion\/secretariavirtual\/accesoTramite\/543\/\" target=\"_blank\" rel=\"noopener\"><strong>Enlace a presentaci\u00f3n online de solicitudes<\/strong><\/a><\/span><\/p>\n<p>&nbsp;<\/p>\n<h3 class=\"panel-title\">&nbsp;<\/h3>\n<p>&nbsp;<\/p>\n<p><img loading=\"lazy\" decoding=\"async\" class=\"alignnone size-full wp-image-1547\" src=\"https:\/\/blogsaverroes.juntadeandalucia.es\/ceiptartessos\/files\/2026\/02\/IMG-20260219-WA0007.jpg\" alt=\"\" width=\"1920\" height=\"1080\" srcset=\"https:\/\/blogsaverroes.juntadeandalucia.es\/ceiptartessos\/files\/2026\/02\/IMG-20260219-WA0007.jpg 1920w, https:\/\/blogsaverroes.juntadeandalucia.es\/ceiptartessos\/files\/2026\/02\/IMG-20260219-WA0007-300x169.jpg 300w, https:\/\/blogsaverroes.juntadeandalucia.es\/ceiptartessos\/files\/2026\/02\/IMG-20260219-WA0007-1024x576.jpg 1024w, https:\/\/blogsaverroes.juntadeandalucia.es\/ceiptartessos\/files\/2026\/02\/IMG-20260219-WA0007-768x432.jpg 768w, https:\/\/blogsaverroes.juntadeandalucia.es\/ceiptartessos\/files\/2026\/02\/IMG-20260219-WA0007-1536x864.jpg 1536w\" sizes=\"(max-width: 1920px) 100vw, 1920px\" \/><\/p>\n<p>&nbsp;<\/p>\n<p>&nbsp;<\/p>\n<p style=\"text-align: center\"><span style=\"font-size: 24pt\"><a href=\"https:\/\/www.juntadeandalucia.es\/educacion\/secretariavirtual\/accesoTramite\/543\/\" target=\"_blank\" rel=\"noopener\"><strong>Enlace a presentaci\u00f3n online de solicitudes<\/strong><\/a><\/span><\/p>\n<p>&nbsp;<\/p>\n<p>&nbsp;<\/p>\n<p><strong>-DOCUMENTACI\u00d3N INICIAL<\/strong><\/p>\n<ul style=\"list-style-type: circle\">\n<li><a href=\"https:\/\/blogsaverroes.juntadeandalucia.es\/ceiptartessos\/files\/2026\/03\/Plazas-vacantes-ofertadas.pdf\" target=\"_blank\" rel=\"noopener\"><span style=\"font-family: Calibri, sans-serif\"><span style=\"font-size: small\">Vacantes ofertadas<\/span><\/span><\/a><\/li>\n<li><a href=\"https:\/\/blogsaverroes.juntadeandalucia.es\/ceiptartessos\/files\/2026\/03\/Area-de-influencia.pdf\" target=\"_blank\" rel=\"noopener\"><span style=\"font-family: Calibri, sans-serif;font-size: small\">Mapa \u00e1rea de influencia<\/span><\/a><\/li>\n<li><a href=\"https:\/\/blogsaverroes.juntadeandalucia.es\/ceiptartessos\/files\/2026\/03\/Callejero.pdf\" target=\"_blank\" rel=\"noopener\"><span style=\"font-family: Calibri, sans-serif\"><span style=\"font-size: small\">Callejero<\/span><\/span><\/a><\/li>\n<li><a href=\"https:\/\/blogsaverroes.juntadeandalucia.es\/ceiptartessos\/files\/2026\/03\/Cartel-para-centros-Atencion-a-los-usuarios.pdf\" target=\"_blank\" rel=\"noopener\"><span style=\"font-family: Calibri, sans-serif\"><span style=\"font-size: small\">Protocolo de Atenci\u00f3n al Usuario<\/span><\/span><\/a><\/li>\n<li><a href=\"https:\/\/blogsaverroes.juntadeandalucia.es\/ceiptartessos\/files\/2026\/03\/Documento-de-Atencion-a-las-familias.pdf\" target=\"_blank\" rel=\"noopener\"><span style=\"font-family: Calibri, sans-serif\"><span style=\"font-size: small\">Documento relacionado para gestionar la atenci\u00f3n a las familias ante cualquier informaci\u00f3n, duda o incidencia, relacionada con el procedimiento de escolarizaci\u00f3n.<\/span><\/span><\/a><\/li>\n<li><a href=\"https:\/\/blogsaverroes.juntadeandalucia.es\/ceiptartessos\/files\/2026\/03\/Normativa-basica-de-referencia-para-curso-26-27.pdf\" target=\"_blank\" rel=\"noopener\"><span style=\"font-family: Calibri, sans-serif\"><span style=\"font-size: small\">Normativa B\u00e1sica de Referencia a tener en cuenta en el procedimiento ordinario de admisi\u00f3n.<\/span><\/span><\/a><\/li>\n<li><a href=\"https:\/\/blogsaverroes.juntadeandalucia.es\/ceiptartessos\/files\/2026\/03\/Resolucion-BOJA-calendario-escolarizacion-26-27.pdf\" target=\"_blank\" rel=\"noopener\"><span style=\"font-family: Calibri, sans-serif\"><span style=\"font-size: small\"><b>Resoluci\u00f3n de&nbsp;<\/b><b>19<\/b><b>&nbsp;<\/b><b>de&nbsp;<\/b><b>en<\/b><b>ero de 202<\/b><b>6<\/b>, de la Direcci\u00f3n General de Planificaci\u00f3n, Centros y Ense\u00f1anza Concertada, por la que se establece el&nbsp;<b>calendario<\/b>&nbsp;de actuaciones del procedimiento ordinario de admisi\u00f3n del alumnado en los centros docentes p\u00fablicos y privados concertados para cursar las ense\u00f1anzas de segundo ciclo de educaci\u00f3n infantil, educaci\u00f3n primaria, educaci\u00f3n especial, educaci\u00f3n secundaria obligatoria y bachillerato para el curso escolar&nbsp;<b>202<\/b><b>6<\/b><b>\/2<\/b><b>7<\/b>.<\/span><\/span><\/a><\/li>\n<li><a href=\"https:\/\/blogsaverroes.juntadeandalucia.es\/ceiptartessos\/files\/2026\/03\/Resolucion-BOJA-CORRECCION-calendario-escolarizacion-26-27.pdf\" target=\"_blank\" rel=\"noopener\"><span style=\"font-family: Calibri, sans-serif\"><span style=\"font-size: small\"><b>Correcci\u00f3n de errores de la Resoluci\u00f3n de 19 de enero de 2026<\/b>, de la Direcci\u00f3n General de Planificaci\u00f3n, Centros y Ense\u00f1anza Concertada, por la que se establece el calendario de actuaciones del procedimiento ordinario de admisi\u00f3n del alumnado en los centros docentes p\u00fablicos y privados concertados para cursar las ense\u00f1anzas de segundo ciclo de educaci\u00f3n infantil, educaci\u00f3n primaria, educaci\u00f3n especial, educaci\u00f3n secundaria obligatoria y bachillerato para el curso escolar 2026\/27 (BOJA n\u00fam. 16, de 26.1.2026).<\/span><\/span><\/a><\/li>\n<li><a href=\"https:\/\/blogsaverroes.juntadeandalucia.es\/ceiptartessos\/files\/2026\/03\/Resolucion-Areas-de-influencia-2026-27.pdf\" target=\"_blank\" rel=\"noopener\"><span style=\"font-family: Calibri, sans-serif\"><span style=\"font-size: small\"><b>Resoluci\u00f3n de&nbsp;<\/b><b>17<\/b><b>&nbsp;de&nbsp;<\/b><b>febrero<\/b><b>&nbsp;de 202<\/b><b>6<\/b>, de la Delegaci\u00f3n Territorial de&nbsp;Desarrollo&nbsp;Educativo&nbsp;y&nbsp;Formaci\u00f3n Profesional&nbsp;de C\u00e1diz, por la que se delimitan las&nbsp;<b>\u00e1reas de influencia y lim\u00edtrofes<\/b>, a efectos de escolarizaci\u00f3n de los centros docentes p\u00fablicos y privados concertados que imparten ense\u00f1anzas sostenidas con fondos p\u00fablicos de Segundo Ciclo de Educaci\u00f3n Infantil, Educaci\u00f3n Primaria&nbsp;<b>202<\/b><b>6<\/b><b>\/2<\/b><b>7<\/b><b>.<\/b><\/span><\/span><\/a><\/li>\n<li><a href=\"https:\/\/blogsaverroes.juntadeandalucia.es\/ceiptartessos\/files\/2026\/03\/RESOLU4.pdf\" target=\"_blank\" rel=\"noopener\"><span style=\"font-family: Calibri, sans-serif\"><span style=\"font-size: small\"><b>Resoluci\u00f3n de 1<\/b><b>1<\/b><b>&nbsp;de febrero de 202<\/b><b>6<\/b><b>,<\/b>&nbsp;de la Direcci\u00f3n General de Planificaci\u00f3n, Centros&nbsp;y Ense\u00f1anza Concertada, por la que se publica el listado de institutos de educaci\u00f3n secundaria en los que tendr\u00e1&nbsp;<b>prioridad en la admisi\u00f3n<\/b>&nbsp;el alumnado que curse simult\u00e1neamente educaci\u00f3n secundaria y ense\u00f1anzas profesionales de m\u00fasica y danza o el que siga programas deportivos incluidos en los niveles del deporte de rendimiento en Andaluc\u00eda, sea deportista de alto nivel o alto rendimiento, o disponga de licencia deportiva de una sociedad an\u00f3nima deportiva andaluza que compita en la m\u00e1xima categor\u00eda nacional, para el curso escolar&nbsp;<b>202<\/b><b>6<\/b><b>\/2<\/b><b>7<\/b>.<\/span><\/span><\/a><\/li>\n<\/ul>\n","protected":false},"excerpt":{"rendered":"<p>Escolarizaci\u00f3n 26\/27 Novedad: Acceso a Consulta del baremo del proceso de admisi\u00f3n en las ense\u00f1anzas de segundo ciclo de educaci\u00f3n infantil, educaci\u00f3n primaria, educaci\u00f3n especial, educaci\u00f3n secundaria obligatoria y bachillerato para el curso 2026\/2027.&#46;&#46;&#46;<\/p>\n","protected":false},"author":11117,"featured_media":633,"parent":0,"menu_order":0,"comment_status":"closed","ping_status":"closed","template":"","meta":{"ngg_post_thumbnail":0,"footnotes":""},"aioseo_notices":[],"post_mailing_queue_ids":[],"_links":{"self":[{"href":"https:\/\/blogsaverroes.juntadeandalucia.es\/ceiptartessos\/wp-json\/wp\/v2\/pages\/187"}],"collection":[{"href":"https:\/\/blogsaverroes.juntadeandalucia.es\/ceiptartessos\/wp-json\/wp\/v2\/pages"}],"about":[{"href":"https:\/\/blogsaverroes.juntadeandalucia.es\/ceiptartessos\/wp-json\/wp\/v2\/types\/page"}],"author":[{"embeddable":true,"href":"https:\/\/blogsaverroes.juntadeandalucia.es\/ceiptartessos\/wp-json\/wp\/v2\/users\/11117"}],"replies":[{"embeddable":true,"href":"https:\/\/blogsaverroes.juntadeandalucia.es\/ceiptartessos\/wp-json\/wp\/v2\/comments?post=187"}],"version-history":[{"count":63,"href":"https:\/\/blogsaverroes.juntadeandalucia.es\/ceiptartessos\/wp-json\/wp\/v2\/pages\/187\/revisions"}],"predecessor-version":[{"id":1575,"href":"https:\/\/blogsaverroes.juntadeandalucia.es\/ceiptartessos\/wp-json\/wp\/v2\/pages\/187\/revisions\/1575"}],"wp:featuredmedia":[{"embeddable":true,"href":"https:\/\/blogsaverroes.juntadeandalucia.es\/ceiptartessos\/wp-json\/wp\/v2\/media\/633"}],"wp:attachment":[{"href":"https:\/\/blogsaverroes.juntadeandalucia.es\/ceiptartessos\/wp-json\/wp\/v2\/media?parent=187"}],"curies":[{"name":"wp","href":"https:\/\/api.w.org\/{rel}","templated":true}]}}

Escolarización 26/27

<h2>Escolarización 26/27</h2>
<h3 class="panel-title" style="text-align: left"><a href="https://secretariavirtual.juntadeandalucia.es/secretariavirtual/accesoConsultas/2490/" target="_blank" rel="noopener"><span style="font-size: 24pt">Novedad: Acceso a Consulta del baremo del proceso de admisión en las enseñanzas de segundo ciclo de educación infantil, educación primaria, educación especial, educación secundaria obligatoria y bachillerato para el curso 2026/2027.</span></a></h3>
<p>&nbsp;</p>
<p style="text-align: left"><span style="font-size: 24pt"><a href="https://www.juntadeandalucia.es/educacion/secretariavirtual/accesoTramite/543/" target="_blank" rel="noopener"><strong>Enlace a presentación online de solicitudes</strong></a></span></p>
<p>&nbsp;</p>
<h3 class="panel-title">&nbsp;</h3>
<p>&nbsp;</p>
<p><img loading="lazy" decoding="async" class="alignnone size-full wp-image-1547" src="https://blogsaverroes.juntadeandalucia.es/ceiptartessos/files/2026/02/IMG-20260219-WA0007.jpg" alt="" width="1920" height="1080" srcset="https://blogsaverroes.juntadeandalucia.es/ceiptartessos/files/2026/02/IMG-20260219-WA0007.jpg 1920w, https://blogsaverroes.juntadeandalucia.es/ceiptartessos/files/2026/02/IMG-20260219-WA0007-300x169.jpg 300w, https://blogsaverroes.juntadeandalucia.es/ceiptartessos/files/2026/02/IMG-20260219-WA0007-1024x576.jpg 1024w, https://blogsaverroes.juntadeandalucia.es/ceiptartessos/files/2026/02/IMG-20260219-WA0007-768x432.jpg 768w, https://blogsaverroes.juntadeandalucia.es/ceiptartessos/files/2026/02/IMG-20260219-WA0007-1536x864.jpg 1536w" sizes="(max-width: 1920px) 100vw, 1920px" /></p>
<p>&nbsp;</p>
<p>&nbsp;</p>
<p style="text-align: center"><span style="font-size: 24pt"><a href="https://www.juntadeandalucia.es/educacion/secretariavirtual/accesoTramite/543/" target="_blank" rel="noopener"><strong>Enlace a presentación online de solicitudes</strong></a></span></p>
<p>&nbsp;</p>
<p>&nbsp;</p>
<p><strong>-DOCUMENTACIÓN INICIAL</strong></p>
<ul style="list-style-type: circle">
<li><a href="https://blogsaverroes.juntadeandalucia.es/ceiptartessos/files/2026/03/Plazas-vacantes-ofertadas.pdf" target="_blank" rel="noopener"><span style="font-family: Calibri, sans-serif"><span style="font-size: small">Vacantes ofertadas</span></span></a></li>
<li><a href="https://blogsaverroes.juntadeandalucia.es/ceiptartessos/files/2026/03/Area-de-influencia.pdf" target="_blank" rel="noopener"><span style="font-family: Calibri, sans-serif;font-size: small">Mapa área de influencia</span></a></li>
<li><a href="https://blogsaverroes.juntadeandalucia.es/ceiptartessos/files/2026/03/Callejero.pdf" target="_blank" rel="noopener"><span style="font-family: Calibri, sans-serif"><span style="font-size: small">Callejero</span></span></a></li>
<li><a href="https://blogsaverroes.juntadeandalucia.es/ceiptartessos/files/2026/03/Cartel-para-centros-Atencion-a-los-usuarios.pdf" target="_blank" rel="noopener"><span style="font-family: Calibri, sans-serif"><span style="font-size: small">Protocolo de Atención al Usuario</span></span></a></li>
<li><a href="https://blogsaverroes.juntadeandalucia.es/ceiptartessos/files/2026/03/Documento-de-Atencion-a-las-familias.pdf" target="_blank" rel="noopener"><span style="font-family: Calibri, sans-serif"><span style="font-size: small">Documento relacionado para gestionar la atención a las familias ante cualquier información, duda o incidencia, relacionada con el procedimiento de escolarización.</span></span></a></li>
<li><a href="https://blogsaverroes.juntadeandalucia.es/ceiptartessos/files/2026/03/Normativa-basica-de-referencia-para-curso-26-27.pdf" target="_blank" rel="noopener"><span style="font-family: Calibri, sans-serif"><span style="font-size: small">Normativa Básica de Referencia a tener en cuenta en el procedimiento ordinario de admisión.</span></span></a></li>
<li><a href="https://blogsaverroes.juntadeandalucia.es/ceiptartessos/files/2026/03/Resolucion-BOJA-calendario-escolarizacion-26-27.pdf" target="_blank" rel="noopener"><span style="font-family: Calibri, sans-serif"><span style="font-size: small"><b>Resolución de&nbsp;</b><b>19</b><b>&nbsp;</b><b>de&nbsp;</b><b>en</b><b>ero de 202</b><b>6</b>, de la Dirección General de Planificación, Centros y Enseñanza Concertada, por la que se establece el&nbsp;<b>calendario</b>&nbsp;de actuaciones del procedimiento ordinario de admisión del alumnado en los centros docentes públicos y privados concertados para cursar las enseñanzas de segundo ciclo de educación infantil, educación primaria, educación especial, educación secundaria obligatoria y bachillerato para el curso escolar&nbsp;<b>202</b><b>6</b><b>/2</b><b>7</b>.</span></span></a></li>
<li><a href="https://blogsaverroes.juntadeandalucia.es/ceiptartessos/files/2026/03/Resolucion-BOJA-CORRECCION-calendario-escolarizacion-26-27.pdf" target="_blank" rel="noopener"><span style="font-family: Calibri, sans-serif"><span style="font-size: small"><b>Corrección de errores de la Resolución de 19 de enero de 2026</b>, de la Dirección General de Planificación, Centros y Enseñanza Concertada, por la que se establece el calendario de actuaciones del procedimiento ordinario de admisión del alumnado en los centros docentes públicos y privados concertados para cursar las enseñanzas de segundo ciclo de educación infantil, educación primaria, educación especial, educación secundaria obligatoria y bachillerato para el curso escolar 2026/27 (BOJA núm. 16, de 26.1.2026).</span></span></a></li>
<li><a href="https://blogsaverroes.juntadeandalucia.es/ceiptartessos/files/2026/03/Resolucion-Areas-de-influencia-2026-27.pdf" target="_blank" rel="noopener"><span style="font-family: Calibri, sans-serif"><span style="font-size: small"><b>Resolución de&nbsp;</b><b>17</b><b>&nbsp;de&nbsp;</b><b>febrero</b><b>&nbsp;de 202</b><b>6</b>, de la Delegación Territorial de&nbsp;Desarrollo&nbsp;Educativo&nbsp;y&nbsp;Formación Profesional&nbsp;de Cádiz, por la que se delimitan las&nbsp;<b>áreas de influencia y limítrofes</b>, a efectos de escolarización de los centros docentes públicos y privados concertados que imparten enseñanzas sostenidas con fondos públicos de Segundo Ciclo de Educación Infantil, Educación Primaria&nbsp;<b>202</b><b>6</b><b>/2</b><b>7</b><b>.</b></span></span></a></li>
<li><a href="https://blogsaverroes.juntadeandalucia.es/ceiptartessos/files/2026/03/RESOLU4.pdf" target="_blank" rel="noopener"><span style="font-family: Calibri, sans-serif"><span style="font-size: small"><b>Resolución de 1</b><b>1</b><b>&nbsp;de febrero de 202</b><b>6</b><b>,</b>&nbsp;de la Dirección General de Planificación, Centros&nbsp;y Enseñanza Concertada, por la que se publica el listado de institutos de educación secundaria en los que tendrá&nbsp;<b>prioridad en la admisión</b>&nbsp;el alumnado que curse simultáneamente educación secundaria y enseñanzas profesionales de música y danza o el que siga programas deportivos incluidos en los niveles del deporte de rendimiento en Andalucía, sea deportista de alto nivel o alto rendimiento, o disponga de licencia deportiva de una sociedad anónima deportiva andaluza que compita en la máxima categoría nacional, para el curso escolar&nbsp;<b>202</b><b>6</b><b>/2</b><b>7</b>.</span></span></a></li>
</ul>

<p>Escolarización 26/27 Novedad: Acceso a Consulta del baremo del proceso de admisión en las enseñanzas de segundo ciclo de educación infantil, educación primaria, educación especial, educación secundaria obligatoria y bachillerato para el curso 2026/2027.&#46;&#46;&#46;</p>
