{"id":2018,"date":"2015-06-08T12:56:23","date_gmt":"2015-06-08T12:56:23","guid":{"rendered":"http:\/\/blogsaverroes.juntadeandalucia.es\/temahueman\/?page_id=2018"},"modified":"2024-02-29T09:47:46","modified_gmt":"2024-02-29T09:47:46","slug":"calendario","status":"publish","type":"page","link":"https:\/\/blogsaverroes.juntadeandalucia.es\/ceiptartessospedrera\/calendario\/","title":{"rendered":"Calendario"},"content":{"rendered":"<p>Calendario escolar curso 23\/24<\/p>\n<p>A continuaci\u00f3n se adjunta el calendario escolar para este curso 2023\/24. Adem\u00e1s hay que a\u00f1adir&nbsp; los 2 d\u00edas de libre disposici\u00f3n que se han establecido en el consejo escolar municipal. Estos dos d\u00edas no lectivos son los siguientes:<\/p>\n<p>-13\/10\/2023<\/p>\n<p>-16\/02\/2024<\/p>\n<p><a href=\"https:\/\/blogsaverroes.juntadeandalucia.es\/ceiptartessospedrera\/files\/2024\/02\/Calendario-Escolar-2023_2024-Sevilla.pdf\">Calendario-Escolar-2023_2024 Sevilla<\/a><\/p>\n<p>&nbsp;<\/p>\n<p>&nbsp;<\/p>\n","protected":false},"excerpt":{"rendered":"<p>Calendario escolar curso 23\/24 A continuaci\u00f3n se adjunta el calendario escolar para este curso 2023\/24. Adem\u00e1s hay que a\u00f1adir&nbsp; los 2 d\u00edas de libre disposici\u00f3n que se han establecido en el consejo escolar municipal.&#46;&#46;&#46;<\/p>\n","protected":false},"author":1,"featured_media":0,"parent":0,"menu_order":0,"comment_status":"open","ping_status":"closed","template":"","meta":{"ngg_post_thumbnail":0,"footnotes":"","_mc_calendar":[]},"aioseo_notices":[],"_links":{"self":[{"href":"https:\/\/blogsaverroes.juntadeandalucia.es\/ceiptartessospedrera\/wp-json\/wp\/v2\/pages\/2018"}],"collection":[{"href":"https:\/\/blogsaverroes.juntadeandalucia.es\/ceiptartessospedrera\/wp-json\/wp\/v2\/pages"}],"about":[{"href":"https:\/\/blogsaverroes.juntadeandalucia.es\/ceiptartessospedrera\/wp-json\/wp\/v2\/types\/page"}],"author":[{"embeddable":true,"href":"https:\/\/blogsaverroes.juntadeandalucia.es\/ceiptartessospedrera\/wp-json\/wp\/v2\/users\/1"}],"replies":[{"embeddable":true,"href":"https:\/\/blogsaverroes.juntadeandalucia.es\/ceiptartessospedrera\/wp-json\/wp\/v2\/comments?post=2018"}],"version-history":[{"count":9,"href":"https:\/\/blogsaverroes.juntadeandalucia.es\/ceiptartessospedrera\/wp-json\/wp\/v2\/pages\/2018\/revisions"}],"predecessor-version":[{"id":2992,"href":"https:\/\/blogsaverroes.juntadeandalucia.es\/ceiptartessospedrera\/wp-json\/wp\/v2\/pages\/2018\/revisions\/2992"}],"wp:attachment":[{"href":"https:\/\/blogsaverroes.juntadeandalucia.es\/ceiptartessospedrera\/wp-json\/wp\/v2\/media?parent=2018"}],"curies":[{"name":"wp","href":"https:\/\/api.w.org\/{rel}","templated":true}]}}