{"id":144,"date":"2020-11-09T20:30:28","date_gmt":"2020-11-09T19:30:28","guid":{"rendered":"http:\/\/blogsaverroes.juntadeandalucia.es\/pre\/ceip\/?page_id=144"},"modified":"2020-11-09T21:37:35","modified_gmt":"2020-11-09T20:37:35","slug":"orientacion","status":"publish","type":"page","link":"https:\/\/blogsaverroes.juntadeandalucia.es\/ceiptetuan\/orientacion\/","title":{"rendered":"E.O.E"},"content":{"rendered":"<p>El Equipo de Orientaci\u00f3n Educativa Zonal de Linares lo componen 12 miembros, 6 orientadoras, 2 m\u00e9dicos , 2 maestras de A.L. , una educadora social y una maestra de Compensaci\u00f3n Educativa, y es coordinado por una de las orientadoras.<\/p>\n<p>La sede del E.O. E se encuentra situada en C\/ Corredera de San Marcos, 40 , Linares:<\/p>\n<p>&nbsp;<a href=\"https:\/\/blogsaverroes.juntadeandalucia.es\/ceiptetuan\/files\/2020\/11\/E.O.E.jpg\"><img loading=\"lazy\" decoding=\"async\" class=\"creative commos, reconocimiento no comercial, compartir igual aligncenter wp-image-4575 size-large\" title=\"Equipo de Orientaci\u00f3n Educativa.\" src=\"https:\/\/blogsaverroes.juntadeandalucia.es\/ceiptetuan\/files\/2020\/11\/E.O.E-1024x431.jpg\" alt=\"\" width=\"782\" height=\"329\" srcset=\"https:\/\/blogsaverroes.juntadeandalucia.es\/ceiptetuan\/files\/2020\/11\/E.O.E-1024x431.jpg 1024w, https:\/\/blogsaverroes.juntadeandalucia.es\/ceiptetuan\/files\/2020\/11\/E.O.E-300x126.jpg 300w, https:\/\/blogsaverroes.juntadeandalucia.es\/ceiptetuan\/files\/2020\/11\/E.O.E-768x323.jpg 768w, https:\/\/blogsaverroes.juntadeandalucia.es\/ceiptetuan\/files\/2020\/11\/E.O.E-24x10.jpg 24w, https:\/\/blogsaverroes.juntadeandalucia.es\/ceiptetuan\/files\/2020\/11\/E.O.E-36x15.jpg 36w, https:\/\/blogsaverroes.juntadeandalucia.es\/ceiptetuan\/files\/2020\/11\/E.O.E-48x20.jpg 48w, https:\/\/blogsaverroes.juntadeandalucia.es\/ceiptetuan\/files\/2020\/11\/E.O.E.jpg 1485w\" sizes=\"(max-width: 782px) 100vw, 782px\" \/><\/a><\/p>\n<p>El Equipo de Orientaci\u00f3n Educativa&nbsp; &nbsp;de nuestro centro est\u00e1 formado por los siguientes profesionales, :<\/p>\n<p>1 Orientadora.&nbsp;<\/p>\n<p>1 M\u00e9dico.<\/p>\n<p>1 Maestra de Audici\u00f3n y Lenguaje.<\/p>\n<p>1 Maestra de Compensaci\u00f3n Educativa.<\/p>\n","protected":false},"excerpt":{"rendered":"<p>El Equipo de Orientaci\u00f3n Educativa Zonal de Linares lo componen 12 miembros, 6 orientadoras, 2 m\u00e9dicos , 2 maestras de A.L. , una educadora social y una maestra de Compensaci\u00f3n Educativa, y es coordinado&#46;&#46;&#46;<\/p>\n","protected":false},"author":10292,"featured_media":0,"parent":0,"menu_order":0,"comment_status":"closed","ping_status":"closed","template":"page-c.php","meta":{"ngg_post_thumbnail":0,"footnotes":"","_mc_calendar":[]},"aioseo_notices":[],"_links":{"self":[{"href":"https:\/\/blogsaverroes.juntadeandalucia.es\/ceiptetuan\/wp-json\/wp\/v2\/pages\/144"}],"collection":[{"href":"https:\/\/blogsaverroes.juntadeandalucia.es\/ceiptetuan\/wp-json\/wp\/v2\/pages"}],"about":[{"href":"https:\/\/blogsaverroes.juntadeandalucia.es\/ceiptetuan\/wp-json\/wp\/v2\/types\/page"}],"author":[{"embeddable":true,"href":"https:\/\/blogsaverroes.juntadeandalucia.es\/ceiptetuan\/wp-json\/wp\/v2\/users\/10292"}],"replies":[{"embeddable":true,"href":"https:\/\/blogsaverroes.juntadeandalucia.es\/ceiptetuan\/wp-json\/wp\/v2\/comments?post=144"}],"version-history":[{"count":8,"href":"https:\/\/blogsaverroes.juntadeandalucia.es\/ceiptetuan\/wp-json\/wp\/v2\/pages\/144\/revisions"}],"predecessor-version":[{"id":4598,"href":"https:\/\/blogsaverroes.juntadeandalucia.es\/ceiptetuan\/wp-json\/wp\/v2\/pages\/144\/revisions\/4598"}],"wp:attachment":[{"href":"https:\/\/blogsaverroes.juntadeandalucia.es\/ceiptetuan\/wp-json\/wp\/v2\/media?parent=144"}],"curies":[{"name":"wp","href":"https:\/\/api.w.org\/{rel}","templated":true}]}}