{"id":4471,"date":"2020-11-07T23:08:18","date_gmt":"2020-11-07T22:08:18","guid":{"rendered":"https:\/\/blogsaverroes.juntadeandalucia.es\/ceiptetuan\/?page_id=4471"},"modified":"2024-06-26T10:12:28","modified_gmt":"2024-06-26T08:12:28","slug":"sobre-nosotros","status":"publish","type":"page","link":"https:\/\/blogsaverroes.juntadeandalucia.es\/ceiptetuan\/sobre-nosotros\/","title":{"rendered":"Sobre Nosotros"},"content":{"rendered":"<p><a href=\"https:\/\/blogsaverroes.juntadeandalucia.es\/ceiptetuan\/files\/2020\/11\/cpt111001.jpg\"><img loading=\"lazy\" decoding=\"async\" class=\"size-full wp-image-4476 aligncenter\" src=\"https:\/\/blogsaverroes.juntadeandalucia.es\/ceiptetuan\/files\/2020\/11\/cpt111001.jpg\" alt=\"\" width=\"800\" height=\"600\" srcset=\"https:\/\/blogsaverroes.juntadeandalucia.es\/ceiptetuan\/files\/2020\/11\/cpt111001.jpg 800w, https:\/\/blogsaverroes.juntadeandalucia.es\/ceiptetuan\/files\/2020\/11\/cpt111001-300x225.jpg 300w, https:\/\/blogsaverroes.juntadeandalucia.es\/ceiptetuan\/files\/2020\/11\/cpt111001-768x576.jpg 768w, https:\/\/blogsaverroes.juntadeandalucia.es\/ceiptetuan\/files\/2020\/11\/cpt111001-24x18.jpg 24w, https:\/\/blogsaverroes.juntadeandalucia.es\/ceiptetuan\/files\/2020\/11\/cpt111001-36x27.jpg 36w, https:\/\/blogsaverroes.juntadeandalucia.es\/ceiptetuan\/files\/2020\/11\/cpt111001-48x36.jpg 48w\" sizes=\"(max-width: 800px) 100vw, 800px\" \/><\/a><\/p>\n<h4 style=\"text-align: justify\">El colegio Tetu\u00e1n es uno de los colegios m\u00e1s antiguos de Linares y tambi\u00e9n de Andaluc\u00eda y ha mantenido su labor educativa en activo desde su puesta en funcionamiento en el a\u00f1o1887.<\/h4>\n<h4 style=\"text-align: justify\">Siempre ha sido un referente educativo en la ciudad, no s\u00f3lo por su dilata trayectoria sino tambi\u00e9n con su \u00abcar\u00e1cter innovador\u00bb, al ser el primer centro TIC de la ciudad linarense.<\/h4>\n<h4 style=\"text-align: justify\">Sus aulas han sido escenario para la formaci\u00f3n de grandes hombres y mujeres de Linares y de la provincia de Ja\u00e9n, gracias al esfuerzo de la Comunidad Educativa de este hist\u00f3rico centro en el desarrollo de programas dirigidos a mejorar la educaci\u00f3n que reciben los alumnos y alumnas.<\/h4>\n<h4 style=\"text-align: justify\">Su antig\u00fcedad y su fachada de piedra han hecho que est\u00e9 incluido dentro del Cat\u00e1logo General de Patrimonio Hist\u00f3rico Andaluz con el grado de catalogaci\u00f3n general colectiva.<\/h4>\n<h4>&nbsp;<\/h4>\n<h4 style=\"text-align: justify\">Tras la presentaci\u00f3n de nuestro colegio, queremos responder a las siguientes cuestiones sobre este blog, que es la web oficial del CEIP Tetu\u00e1n:<\/h4>\n<ul id=\"yui_3_17_2_1_1604782579696_47\" style=\"text-align: justify\">\n<li>\n<h4 align=\"justify\"><strong>\u00bfQu\u00e9 pretendemos que este blog aporte al d\u00eda a d\u00eda de nuestro centro?<\/strong><\/h4>\n<\/li>\n<\/ul>\n<h4 style=\"text-align: justify\">Desde aqu\u00ed queremos establecer un contacto permanente con toda la Comunidad Educativa y deseamos que sea un punto de encuentro de todos\/as, donde cada cual aporte todo lo necesario para que nuestro alumnado disfrute de una educaci\u00f3n de calidad desde el respeto y el coraz\u00f3n. Aportaremos informaci\u00f3n, transmisi\u00f3n de valores, participaci\u00f3n del blog e invitamos a retroalimentarlo con los comentarios de nuestros lectores\/as.<\/h4>\n<ul style=\"text-align: justify\">\n<li id=\"yui_3_17_2_1_1604782579696_45\">\n<h4><strong>\u00bfCu\u00e1l es nuestro p\u00fablico o a qui\u00e9n va dirigido?<\/strong><\/h4>\n<\/li>\n<\/ul>\n<h4 style=\"text-align: justify\">Todo las publicaciones ir\u00e1n dirigidas a las personas que forman, directa o indirectamente, parte del CEIP Tetu\u00e1n; todas las que, con una funci\u00f3n u otra, hacen sus contribuciones individuales para conseguir un fin colectivo: hacer de nuestro alumnado buenas personas, con ansias de un futuro mejor, que tengan claras sus metas, porque ya encontrar\u00e1n los medios para alcanzarlas, si entre toda la Comunidad les vamos mostrando el camino hacia ellas.<\/h4>\n<ul id=\"yui_3_17_2_1_1604782579696_47\" style=\"text-align: justify\">\n<li>\n<h4 align=\"justify\"><strong>Nos gustar\u00eda que este fuera un blog colaborativo. \u00bfQui\u00e9n m\u00e1s podr\u00eda participar en \u00e9l, elaborando contenidos y dinamiz\u00e1ndolo ?&nbsp;<\/strong><\/h4>\n<\/li>\n<\/ul>\n<h4 style=\"text-align: justify\">Nos gustar\u00eda que participaran en \u00e9l todos los sectores que confluyen en el centro: alumnado, profesorado, monitoras, familias, AMPA, Equipo de Orientaci\u00f3n, personal de administraci\u00f3n y servicios, de comedor, Aula Matinal&#8230; porque todos\/as tenemos muchos valores que aportar.<\/h4>\n<ul id=\"yui_3_17_2_1_1604782579696_47\" style=\"text-align: justify\">\n<li>\n<h4 align=\"justify\"><strong>\u00bfQu\u00e9 tem\u00e1ticas vamos a tratar en esta web?<\/strong><\/h4>\n<\/li>\n<\/ul>\n<h4 style=\"text-align: justify\">Por supuesto, dado que este es un blog educativo de centro escolar, los temas girar\u00e1n siempre entorno a la vida del mismo y a lo que repercute directamente en la formaci\u00f3n de nuestro alumnado que, al fin y a la postre, es el objetivo \u00faltimo&nbsp; de la escuela.<\/h4>\n<h4 style=\"text-align: justify\">Le vamos a dar una gran importancia a los d\u00edas mundiales e internacionales, para tratar de sensibilizar a toda la Comunidad Educativa de cuestiones de inter\u00e9s, tales como los Derechos Humanos, el Desarrollo sostenible o la Salud. Al mismo tiempo aportar nuestro grano de arena, llamando la atenci\u00f3n a los medios de comunicaci\u00f3n, para que publiquen todos estos temas y proclamen que algunos est\u00e1n sin resolver, exigiendo a los gobiernos que act\u00faen.<\/h4>\n<h4 style=\"text-align: justify\">Tambi\u00e9n tendr\u00e1n transparencia todos los documentos del centro, public\u00e1ndolos a la Comunidad Educativa, as\u00ed como la informaci\u00f3n respecto a los Planes y Programas Educativos que llevamos a cabo, sin olvidar las novedades de la Consejer\u00eda de Educaci\u00f3n.<\/h4>\n<h4 style=\"text-align: justify\">Bas\u00e1ndonos en las Buenas Pr\u00e1cticas Educativas, recomendamos blogs educativos que sirvan tanto al profesorado como al alumnado y a las familias, para enriquecernos tanto a nivel profesional como de aprendizaje y familiar, con temas de actualidad dirigidos a todos los sectores.<\/h4>\n<h4 style=\"text-align: justify\">Entre ellos, vamos a recomendar los siguientes blogs de centros educativos por su calidad, transparencia, innovaci\u00f3n, ilusi\u00f3n y entusiasmo por la Escuela P\u00fablica, son:&nbsp;<\/h4>\n<p><strong><a href=\"https:\/\/blogsaverroes.juntadeandalucia.es\/ceipsanpedrodealcantara\/\">-https:\/\/blogsaverroes.juntadeandalucia.es\/ceipsanpedrodealcantara\/<\/a><\/strong><\/p>\n<p><strong><a href=\"https:\/\/blogsaverroes.juntadeandalucia.es\/ceipfedericogarcialorcacordoba\/2020\/11\/\">-https:\/\/blogsaverroes.juntadeandalucia.es\/ceipfedericogarcialorcacordoba\/2020\/11\/<\/a><\/strong><\/p>\n<p><strong><a href=\"https:\/\/blogsaverroes.juntadeandalucia.es\/colegioandalucia\/\">-https:\/\/blogsaverroes.juntadeandalucia.es\/colegioandalucia\/<\/a><\/strong><\/p>\n<p><a href=\"https:\/\/blogsaverroes.juntadeandalucia.es\/sitiowebceipnuevanerja\/\"><strong>https:\/\/blogsaverroes.juntadeandalucia.es\/sitiowebceipnuevanerja\/<\/strong><\/a><\/p>\n<p>&nbsp; &nbsp; &nbsp; &nbsp; &nbsp; &nbsp; &nbsp; &nbsp; &nbsp; &nbsp; &nbsp; &nbsp; &nbsp; &nbsp; &nbsp; &nbsp; &nbsp; &nbsp; &nbsp; &nbsp; &nbsp; &nbsp; &nbsp; &nbsp; &nbsp; &nbsp; &nbsp; &nbsp; &nbsp; &nbsp; &nbsp; &nbsp; &nbsp; &nbsp; &nbsp; &nbsp; &nbsp; <a href=\"https:\/\/blogsaverroes.juntadeandalucia.es\/ceiptetuan\/files\/2020\/11\/descarga-6.jpg\"><img loading=\"lazy\" decoding=\"async\" class=\"alignnone size-full wp-image-4506\" src=\"https:\/\/blogsaverroes.juntadeandalucia.es\/ceiptetuan\/files\/2020\/11\/descarga-6.jpg\" alt=\"\" width=\"228\" height=\"221\" srcset=\"https:\/\/blogsaverroes.juntadeandalucia.es\/ceiptetuan\/files\/2020\/11\/descarga-6.jpg 228w, https:\/\/blogsaverroes.juntadeandalucia.es\/ceiptetuan\/files\/2020\/11\/descarga-6-24x24.jpg 24w, https:\/\/blogsaverroes.juntadeandalucia.es\/ceiptetuan\/files\/2020\/11\/descarga-6-36x36.jpg 36w, https:\/\/blogsaverroes.juntadeandalucia.es\/ceiptetuan\/files\/2020\/11\/descarga-6-48x48.jpg 48w\" sizes=\"(max-width: 228px) 100vw, 228px\" \/><\/a><\/p>\n<p>&nbsp;<\/p>\n<p>&nbsp;<\/p>\n","protected":false},"excerpt":{"rendered":"<p>El colegio Tetu\u00e1n es uno de los colegios m\u00e1s antiguos de Linares y tambi\u00e9n de Andaluc\u00eda y ha mantenido su labor educativa en activo desde su puesta en funcionamiento en el a\u00f1o1887. Siempre ha&#46;&#46;&#46;<\/p>\n","protected":false},"author":10292,"featured_media":0,"parent":0,"menu_order":0,"comment_status":"closed","ping_status":"closed","template":"page-cs.php","meta":{"ngg_post_thumbnail":0,"footnotes":"","_mc_calendar":[]},"aioseo_notices":[],"_links":{"self":[{"href":"https:\/\/blogsaverroes.juntadeandalucia.es\/ceiptetuan\/wp-json\/wp\/v2\/pages\/4471"}],"collection":[{"href":"https:\/\/blogsaverroes.juntadeandalucia.es\/ceiptetuan\/wp-json\/wp\/v2\/pages"}],"about":[{"href":"https:\/\/blogsaverroes.juntadeandalucia.es\/ceiptetuan\/wp-json\/wp\/v2\/types\/page"}],"author":[{"embeddable":true,"href":"https:\/\/blogsaverroes.juntadeandalucia.es\/ceiptetuan\/wp-json\/wp\/v2\/users\/10292"}],"replies":[{"embeddable":true,"href":"https:\/\/blogsaverroes.juntadeandalucia.es\/ceiptetuan\/wp-json\/wp\/v2\/comments?post=4471"}],"version-history":[{"count":17,"href":"https:\/\/blogsaverroes.juntadeandalucia.es\/ceiptetuan\/wp-json\/wp\/v2\/pages\/4471\/revisions"}],"predecessor-version":[{"id":9024,"href":"https:\/\/blogsaverroes.juntadeandalucia.es\/ceiptetuan\/wp-json\/wp\/v2\/pages\/4471\/revisions\/9024"}],"wp:attachment":[{"href":"https:\/\/blogsaverroes.juntadeandalucia.es\/ceiptetuan\/wp-json\/wp\/v2\/media?parent=4471"}],"curies":[{"name":"wp","href":"https:\/\/api.w.org\/{rel}","templated":true}]}}