{"id":869,"date":"2021-08-13T16:03:52","date_gmt":"2021-08-13T14:03:52","guid":{"rendered":"http:\/\/blogsaverroes.juntadeandalucia.es\/pre\/ceip\/?page_id=84"},"modified":"2023-09-11T12:12:07","modified_gmt":"2023-09-11T10:12:07","slug":"calendario-escolar","status":"publish","type":"page","link":"https:\/\/blogsaverroes.juntadeandalucia.es\/ceiptetuan\/calendario-escolar\/","title":{"rendered":"Calendario Escolar"},"content":{"rendered":"<p>El Consejo Escolar Provincial de Ja\u00e9n ha difundido ya el&nbsp;<strong>Calendario Escolar para el curso que viene<\/strong>, el cual ofrecemos a continuaci\u00f3n.<\/p>\n<p><a href=\"https:\/\/blogsaverroes.juntadeandalucia.es\/ceiptetuan\/files\/2023\/09\/Calendario-Ja\u00e9n-2023-2024-faltan-d\u00edas-LD.pdf\">&nbsp;LD<\/a><a href=\"https:\/\/drive.google.com\/file\/d\/1V2EdkNE0nU_M7fTDve82Vk3YW9ivyU0x\/view?usp=sharing\">https:\/\/drive.google.com\/file\/d\/1V2EdkNE0nU_M7fTDve82Vk3YW9ivyU0x\/view?usp=sharing<\/a><\/p>\n<p>&nbsp;<\/p>\n<p style=\"text-align: left\"><img loading=\"lazy\" decoding=\"async\" class=\"size-full wp-image-8916 aligncenter\" src=\"https:\/\/blogsaverroes.juntadeandalucia.es\/ceiptetuan\/files\/2023\/09\/calendario.jpg\" alt=\"\" width=\"530\" height=\"713\" srcset=\"https:\/\/blogsaverroes.juntadeandalucia.es\/ceiptetuan\/files\/2023\/09\/calendario.jpg 530w, https:\/\/blogsaverroes.juntadeandalucia.es\/ceiptetuan\/files\/2023\/09\/calendario-223x300.jpg 223w\" sizes=\"(max-width: 530px) 100vw, 530px\" \/><\/p>\n<p>Debe tenerse en cuenta que para este curso 2023\/2024<strong>&nbsp;los d\u00edas de libre disposici\u00f3n ser\u00e1n tres<\/strong> y entre ellos deben de incluirse las fiestas locales que coincidan con d\u00edas lectivos del curso escolar, respetando, en consecuencia, el n\u00famero de d\u00edas lectivos que para cada ense\u00f1anza fija el Decreto 301\/2009 de 14 de julio. Dichos d\u00edas tendr\u00e1n la consideraci\u00f3n de d\u00edas festivos para todos los miembros de la Comunidad Educativa (alumnos\/as, profesorado, PAS de la Junta de Andaluc\u00eda, \u2026).Los d\u00edas fijados de libre disposici\u00f3n para este curso escolar son el<strong> 13 de octubre de 2023, el 1 de marzo y el 29 de abril de 2024<\/strong><\/p>\n<p>&nbsp;<\/p>\n<p><a href=\"https:\/\/blogsaverroes.juntadeandalucia.es\/ceiptetuan\/files\/2023\/09\/calendario-ja\u00e9n-d\u00edas-libre-ubicaci\u00f3n.jpg\"><img loading=\"lazy\" decoding=\"async\" class=\"alignnone size-full wp-image-8917\" src=\"https:\/\/blogsaverroes.juntadeandalucia.es\/ceiptetuan\/files\/2023\/09\/calendario-ja\u00e9n-d\u00edas-libre-ubicaci\u00f3n.jpg\" alt=\"\" width=\"1112\" height=\"548\" srcset=\"https:\/\/blogsaverroes.juntadeandalucia.es\/ceiptetuan\/files\/2023\/09\/calendario-ja\u00e9n-d\u00edas-libre-ubicaci\u00f3n.jpg 1112w, https:\/\/blogsaverroes.juntadeandalucia.es\/ceiptetuan\/files\/2023\/09\/calendario-ja\u00e9n-d\u00edas-libre-ubicaci\u00f3n-300x148.jpg 300w, https:\/\/blogsaverroes.juntadeandalucia.es\/ceiptetuan\/files\/2023\/09\/calendario-ja\u00e9n-d\u00edas-libre-ubicaci\u00f3n-1024x505.jpg 1024w, https:\/\/blogsaverroes.juntadeandalucia.es\/ceiptetuan\/files\/2023\/09\/calendario-ja\u00e9n-d\u00edas-libre-ubicaci\u00f3n-768x378.jpg 768w\" sizes=\"(max-width: 1112px) 100vw, 1112px\" \/><\/a><\/p>\n","protected":false},"excerpt":{"rendered":"<p>El Consejo Escolar Provincial de Ja\u00e9n ha difundido ya el&nbsp;Calendario Escolar para el curso que viene, el cual ofrecemos a continuaci\u00f3n. &nbsp;LDhttps:\/\/drive.google.com\/file\/d\/1V2EdkNE0nU_M7fTDve82Vk3YW9ivyU0x\/view?usp=sharing &nbsp; Debe tenerse en cuenta que para este curso 2023\/2024&nbsp;los d\u00edas de&#46;&#46;&#46;<\/p>\n","protected":false},"author":1,"featured_media":0,"parent":0,"menu_order":0,"comment_status":"closed","ping_status":"open","template":"page-cs.php","meta":{"ngg_post_thumbnail":0,"footnotes":"","_mc_calendar":[]},"aioseo_notices":[],"_links":{"self":[{"href":"https:\/\/blogsaverroes.juntadeandalucia.es\/ceiptetuan\/wp-json\/wp\/v2\/pages\/869"}],"collection":[{"href":"https:\/\/blogsaverroes.juntadeandalucia.es\/ceiptetuan\/wp-json\/wp\/v2\/pages"}],"about":[{"href":"https:\/\/blogsaverroes.juntadeandalucia.es\/ceiptetuan\/wp-json\/wp\/v2\/types\/page"}],"author":[{"embeddable":true,"href":"https:\/\/blogsaverroes.juntadeandalucia.es\/ceiptetuan\/wp-json\/wp\/v2\/users\/1"}],"replies":[{"embeddable":true,"href":"https:\/\/blogsaverroes.juntadeandalucia.es\/ceiptetuan\/wp-json\/wp\/v2\/comments?post=869"}],"version-history":[{"count":25,"href":"https:\/\/blogsaverroes.juntadeandalucia.es\/ceiptetuan\/wp-json\/wp\/v2\/pages\/869\/revisions"}],"predecessor-version":[{"id":8918,"href":"https:\/\/blogsaverroes.juntadeandalucia.es\/ceiptetuan\/wp-json\/wp\/v2\/pages\/869\/revisions\/8918"}],"wp:attachment":[{"href":"https:\/\/blogsaverroes.juntadeandalucia.es\/ceiptetuan\/wp-json\/wp\/v2\/media?parent=869"}],"curies":[{"name":"wp","href":"https:\/\/api.w.org\/{rel}","templated":true}]}}