{"id":2800,"date":"2019-01-31T11:57:34","date_gmt":"2019-01-31T11:57:34","guid":{"rendered":"http:\/\/blogsaverroes.juntadeandalucia.es\/ceiptiernogalvan\/?page_id=2800"},"modified":"2019-01-31T12:03:14","modified_gmt":"2019-01-31T12:03:14","slug":"aula-especifica","status":"publish","type":"page","link":"https:\/\/blogsaverroes.juntadeandalucia.es\/ceiptiernogalvan\/aula-especifica\/","title":{"rendered":"Aula Espec\u00edfica"},"content":{"rendered":"<p><strong>Aula Espec\u00edfica de Polidiscapacitados<\/strong> de nuestro centro se cre\u00f3 en el curso 2015\/2016 con una ratio de 6-7 alumnos\/as. Funciona como un centro espec\u00edfico s\u00f3lo que se encuentra en un centro ordinario. El alumnado que est\u00e1 en modalidad C son alumnos y alumnas de centro espec\u00edfico, pero que re\u00fanen una serie de caracter\u00edsticas por las que su relaci\u00f3n con&nbsp; el alumnado de un centro ordinario le puede ser muy beneficiosa para su desarrollo personal, social y educativo.<\/p>\n<p>El aula espec\u00edfica realiza <strong>una programaci\u00f3n de aula<\/strong> general para todo el grupo-clase, que se incorpora en el proyecto educativo de centro cada a\u00f1o. Adem\u00e1s, de cada alumno\/a, se realiza una <strong>Adaptaci\u00f3n Curricular Individualizada<\/strong> (ACI), en la que se establece una programaci\u00f3n personalizada para cada uno, y unos <strong>Programas Espec\u00edficos<\/strong> dirigidos al alumnado que lo necesite. Al final de cada trimestre se hace un <strong>informe de evaluaci\u00f3n<\/strong> que se entrega a las familias.<\/p>\n<p>El aula <strong>se organiza curricularmente en tres \u00e1mbitos<\/strong>: <strong>Conocimiento Corporal y Construcci\u00f3n de la Identidad, Conocimiento y Participaci\u00f3n en el Medio F\u00edsico y Social, Comunicaci\u00f3n y Lenguaje.<\/strong><\/p>\n<p><strong>El espacio en el aula&nbsp; se organiza por rincones<\/strong>: rinc\u00f3n del juego simb\u00f3lico, rinc\u00f3n de la asamblea, rinc\u00f3n de trabajar, rinc\u00f3n del ordenador<strong>\u2026 Se trabaja por rutinas<\/strong>: asamblea, ba\u00f1o, trabajo en mesa, desayuno, ba\u00f1o, recreo, relajaci\u00f3n y cuento, talleres (psicomotricidad, estimulaci\u00f3n sensorial, pl\u00e1stica, ordenador, m\u00fasicoterapia), aseo y rincones.<\/p>\n<p>Los <strong>recursos personales<\/strong> con los que cuenta el aula espec\u00edfica son:&nbsp;<\/p>\n<ul>\n<li>una <strong>maestra de pedagog\u00eda terape\u00fatica<\/strong> (tutora)<\/li>\n<li>una <strong>monitora<\/strong> que se encarga del aseo y limpieza, vestido, salud y seguridad del alumnado; la atenci\u00f3n y acompa\u00f1amiento en los desplazamientos, en los recreos, entradas y salidas adem\u00e1s de favorecer la aplicaci\u00f3n de las adaptaciones curriculares y el desarrollo de las capacidades del alumnado.<\/li>\n<\/ul>\n<p>Todos los alumnos\/as que acuden al aula requieren adem\u00e1s de la atenci\u00f3n de la <strong>maestra de Audici\u00f3n y Lenguaje<\/strong> para trabajar todos los aspectos relacionados con la comunicaci\u00f3n y el lenguaje. Adem\u00e1s se cuenta con el asesoramiento y coordinaci\u00f3n del Equipo de Orientaci\u00f3n Educativa (orientadora, m\u00e9dico y t\u00e9cnico de audici\u00f3n y lenguaje), del Equipo especialista en Mot\u00f3ricos y Autismo de C\u00e1diz.<\/p>\n","protected":false},"excerpt":{"rendered":"<p>Aula Espec\u00edfica de Polidiscapacitados de nuestro centro se cre\u00f3 en el curso 2015\/2016 con una ratio de 6-7 alumnos\/as. Funciona como un centro espec\u00edfico s\u00f3lo que se encuentra en un centro ordinario. El alumnado&#46;&#46;&#46;<\/p>\n","protected":false},"author":2434,"featured_media":0,"parent":0,"menu_order":0,"comment_status":"closed","ping_status":"closed","template":"","meta":{"ngg_post_thumbnail":0,"footnotes":"","_mc_calendar":[]},"aioseo_notices":[],"_links":{"self":[{"href":"https:\/\/blogsaverroes.juntadeandalucia.es\/ceiptiernogalvan\/wp-json\/wp\/v2\/pages\/2800"}],"collection":[{"href":"https:\/\/blogsaverroes.juntadeandalucia.es\/ceiptiernogalvan\/wp-json\/wp\/v2\/pages"}],"about":[{"href":"https:\/\/blogsaverroes.juntadeandalucia.es\/ceiptiernogalvan\/wp-json\/wp\/v2\/types\/page"}],"author":[{"embeddable":true,"href":"https:\/\/blogsaverroes.juntadeandalucia.es\/ceiptiernogalvan\/wp-json\/wp\/v2\/users\/2434"}],"replies":[{"embeddable":true,"href":"https:\/\/blogsaverroes.juntadeandalucia.es\/ceiptiernogalvan\/wp-json\/wp\/v2\/comments?post=2800"}],"version-history":[{"count":3,"href":"https:\/\/blogsaverroes.juntadeandalucia.es\/ceiptiernogalvan\/wp-json\/wp\/v2\/pages\/2800\/revisions"}],"predecessor-version":[{"id":2806,"href":"https:\/\/blogsaverroes.juntadeandalucia.es\/ceiptiernogalvan\/wp-json\/wp\/v2\/pages\/2800\/revisions\/2806"}],"wp:attachment":[{"href":"https:\/\/blogsaverroes.juntadeandalucia.es\/ceiptiernogalvan\/wp-json\/wp\/v2\/media?parent=2800"}],"curies":[{"name":"wp","href":"https:\/\/api.w.org\/{rel}","templated":true}]}}