{"id":3104,"date":"2021-02-02T16:34:42","date_gmt":"2021-02-02T16:34:42","guid":{"rendered":"https:\/\/blogsaverroes.juntadeandalucia.es\/ceiptiernogalvan\/?page_id=3104"},"modified":"2021-02-02T16:34:42","modified_gmt":"2021-02-02T16:34:42","slug":"agregar-libros-digitales-a-moodle","status":"publish","type":"page","link":"https:\/\/blogsaverroes.juntadeandalucia.es\/ceiptiernogalvan\/agregar-libros-digitales-a-moodle\/","title":{"rendered":"Agregar libros digitales a Moodle"},"content":{"rendered":"<p>&nbsp;<\/p>\n<p><img loading=\"lazy\" decoding=\"async\" class=\"alignnone wp-image-228 size-full\" src=\"https:\/\/blogsaverroes.juntadeandalucia.es\/transformaciondigital\/files\/2021\/02\/aa.png\" alt=\"\" width=\"675\" height=\"295\"><\/p>\n<p><img loading=\"lazy\" decoding=\"async\" class=\"alignnone wp-image-229 size-full\" src=\"https:\/\/blogsaverroes.juntadeandalucia.es\/transformaciondigital\/files\/2021\/02\/bb.png\" alt=\"\" width=\"786\" height=\"345\"><\/p>\n<p><img loading=\"lazy\" decoding=\"async\" class=\"alignnone wp-image-239 size-full\" src=\"https:\/\/blogsaverroes.juntadeandalucia.es\/transformaciondigital\/files\/2021\/02\/cc-1.png\" alt=\"\" width=\"1047\" height=\"377\"><\/p>\n<p><img loading=\"lazy\" decoding=\"async\" class=\"alignnone wp-image-240 size-full\" src=\"https:\/\/blogsaverroes.juntadeandalucia.es\/transformaciondigital\/files\/2021\/02\/dd-1.png\" alt=\"\" width=\"943\" height=\"434\"><\/p>\n<p>Esta operaci\u00f3n habr\u00eda que hacerla con cada uno de los libros que vayamos a a\u00f1adir.<\/p>\n","protected":false},"excerpt":{"rendered":"<p>&nbsp; Esta operaci\u00f3n habr\u00eda que hacerla con cada uno de los libros que vayamos a a\u00f1adir.<\/p>\n","protected":false},"author":2434,"featured_media":0,"parent":0,"menu_order":0,"comment_status":"closed","ping_status":"closed","template":"","meta":{"ngg_post_thumbnail":0,"footnotes":"","_mc_calendar":[]},"aioseo_notices":[],"_links":{"self":[{"href":"https:\/\/blogsaverroes.juntadeandalucia.es\/ceiptiernogalvan\/wp-json\/wp\/v2\/pages\/3104"}],"collection":[{"href":"https:\/\/blogsaverroes.juntadeandalucia.es\/ceiptiernogalvan\/wp-json\/wp\/v2\/pages"}],"about":[{"href":"https:\/\/blogsaverroes.juntadeandalucia.es\/ceiptiernogalvan\/wp-json\/wp\/v2\/types\/page"}],"author":[{"embeddable":true,"href":"https:\/\/blogsaverroes.juntadeandalucia.es\/ceiptiernogalvan\/wp-json\/wp\/v2\/users\/2434"}],"replies":[{"embeddable":true,"href":"https:\/\/blogsaverroes.juntadeandalucia.es\/ceiptiernogalvan\/wp-json\/wp\/v2\/comments?post=3104"}],"version-history":[{"count":1,"href":"https:\/\/blogsaverroes.juntadeandalucia.es\/ceiptiernogalvan\/wp-json\/wp\/v2\/pages\/3104\/revisions"}],"predecessor-version":[{"id":3105,"href":"https:\/\/blogsaverroes.juntadeandalucia.es\/ceiptiernogalvan\/wp-json\/wp\/v2\/pages\/3104\/revisions\/3105"}],"wp:attachment":[{"href":"https:\/\/blogsaverroes.juntadeandalucia.es\/ceiptiernogalvan\/wp-json\/wp\/v2\/media?parent=3104"}],"curies":[{"name":"wp","href":"https:\/\/api.w.org\/{rel}","templated":true}]}}