{"id":3434,"date":"2022-02-17T18:49:17","date_gmt":"2022-02-17T17:49:17","guid":{"rendered":"https:\/\/blogsaverroes.juntadeandalucia.es\/ceiptiernogalvanarmilla\/?page_id=3434"},"modified":"2025-03-05T22:25:27","modified_gmt":"2025-03-05T21:25:27","slug":"videos","status":"publish","type":"page","link":"https:\/\/blogsaverroes.juntadeandalucia.es\/ceiptiernogalvanarmilla\/videos\/","title":{"rendered":"V\u00eddeos"},"content":{"rendered":"<p>Selecciona uno de los v\u00eddeos del men\u00fa para obtener m\u00e1s informaci\u00f3n del centro.<\/p>\n<p>&nbsp;<\/p>\n<h3>&nbsp; &nbsp; <a href=\"https:\/\/youtu.be\/JqKXM_Hea_Y\" target=\"_blank\" rel=\"noopener\">Visita virtual<\/a><\/h3>\n<h3>&nbsp; &nbsp; <a href=\"https:\/\/www.youtube.com\/watch?v=wjCxCOQtn88\" target=\"_blank\" rel=\"noopener\">Muestra de actividades<\/a><\/h3>\n","protected":false},"excerpt":{"rendered":"<p>Selecciona uno de los v\u00eddeos del men\u00fa para obtener m\u00e1s informaci\u00f3n del centro. &nbsp; &nbsp; &nbsp; Visita virtual &nbsp; &nbsp; Muestra de actividades<\/p>\n","protected":false},"author":2632,"featured_media":0,"parent":0,"menu_order":0,"comment_status":"closed","ping_status":"closed","template":"","meta":{"ngg_post_thumbnail":0,"footnotes":"","_mc_calendar":[]},"aioseo_notices":[],"_links":{"self":[{"href":"https:\/\/blogsaverroes.juntadeandalucia.es\/ceiptiernogalvanarmilla\/wp-json\/wp\/v2\/pages\/3434"}],"collection":[{"href":"https:\/\/blogsaverroes.juntadeandalucia.es\/ceiptiernogalvanarmilla\/wp-json\/wp\/v2\/pages"}],"about":[{"href":"https:\/\/blogsaverroes.juntadeandalucia.es\/ceiptiernogalvanarmilla\/wp-json\/wp\/v2\/types\/page"}],"author":[{"embeddable":true,"href":"https:\/\/blogsaverroes.juntadeandalucia.es\/ceiptiernogalvanarmilla\/wp-json\/wp\/v2\/users\/2632"}],"replies":[{"embeddable":true,"href":"https:\/\/blogsaverroes.juntadeandalucia.es\/ceiptiernogalvanarmilla\/wp-json\/wp\/v2\/comments?post=3434"}],"version-history":[{"count":8,"href":"https:\/\/blogsaverroes.juntadeandalucia.es\/ceiptiernogalvanarmilla\/wp-json\/wp\/v2\/pages\/3434\/revisions"}],"predecessor-version":[{"id":3757,"href":"https:\/\/blogsaverroes.juntadeandalucia.es\/ceiptiernogalvanarmilla\/wp-json\/wp\/v2\/pages\/3434\/revisions\/3757"}],"wp:attachment":[{"href":"https:\/\/blogsaverroes.juntadeandalucia.es\/ceiptiernogalvanarmilla\/wp-json\/wp\/v2\/media?parent=3434"}],"curies":[{"name":"wp","href":"https:\/\/api.w.org\/{rel}","templated":true}]}}