{"id":3820,"date":"2025-06-10T16:36:18","date_gmt":"2025-06-10T15:36:18","guid":{"rendered":"https:\/\/blogsaverroes.juntadeandalucia.es\/ceiptiernogalvanarmilla\/?page_id=3820"},"modified":"2025-08-29T17:33:03","modified_gmt":"2025-08-29T16:33:03","slug":"calendario-escolar-2","status":"publish","type":"page","link":"https:\/\/blogsaverroes.juntadeandalucia.es\/ceiptiernogalvanarmilla\/calendario-escolar-2\/","title":{"rendered":"Calendario escolar"},"content":{"rendered":"<p style=\"text-align: left\"><strong>Aqu\u00ed puede consultar el&nbsp;calendario escolar&nbsp;<\/strong><strong>del presente curso y&nbsp;la resoluci\u00f3n correspondiente.&nbsp;<\/strong><\/p>\n<p style=\"text-align: left\"><a href=\"https:\/\/drive.google.com\/file\/d\/1JKpvX-jfUxwOUPwTWg8iGTU-9B254HxZ\/view?usp=sharing\" target=\"_blank\" rel=\"noopener noreferrer\">Calendario escolar 2025-2026<\/a><\/p>\n<p style=\"text-align: left\"><a href=\"https:\/\/drive.google.com\/file\/d\/1Z6QxrEWNKaYwJNI1WX2xuA1VexDB4Eix\/view?usp=sharing\" target=\"_blank\" rel=\"noopener noreferrer\">Resoluci\u00f3n calendario escolar<\/a><\/p>\n","protected":false},"excerpt":{"rendered":"<p>Aqu\u00ed puede consultar el&nbsp;calendario escolar&nbsp;del presente curso y&nbsp;la resoluci\u00f3n correspondiente.&nbsp; Calendario escolar 2025-2026 Resoluci\u00f3n calendario escolar<\/p>\n","protected":false},"author":2632,"featured_media":0,"parent":0,"menu_order":0,"comment_status":"closed","ping_status":"closed","template":"","meta":{"ngg_post_thumbnail":0,"footnotes":"","_mc_calendar":[]},"aioseo_notices":[],"_links":{"self":[{"href":"https:\/\/blogsaverroes.juntadeandalucia.es\/ceiptiernogalvanarmilla\/wp-json\/wp\/v2\/pages\/3820"}],"collection":[{"href":"https:\/\/blogsaverroes.juntadeandalucia.es\/ceiptiernogalvanarmilla\/wp-json\/wp\/v2\/pages"}],"about":[{"href":"https:\/\/blogsaverroes.juntadeandalucia.es\/ceiptiernogalvanarmilla\/wp-json\/wp\/v2\/types\/page"}],"author":[{"embeddable":true,"href":"https:\/\/blogsaverroes.juntadeandalucia.es\/ceiptiernogalvanarmilla\/wp-json\/wp\/v2\/users\/2632"}],"replies":[{"embeddable":true,"href":"https:\/\/blogsaverroes.juntadeandalucia.es\/ceiptiernogalvanarmilla\/wp-json\/wp\/v2\/comments?post=3820"}],"version-history":[{"count":6,"href":"https:\/\/blogsaverroes.juntadeandalucia.es\/ceiptiernogalvanarmilla\/wp-json\/wp\/v2\/pages\/3820\/revisions"}],"predecessor-version":[{"id":3883,"href":"https:\/\/blogsaverroes.juntadeandalucia.es\/ceiptiernogalvanarmilla\/wp-json\/wp\/v2\/pages\/3820\/revisions\/3883"}],"wp:attachment":[{"href":"https:\/\/blogsaverroes.juntadeandalucia.es\/ceiptiernogalvanarmilla\/wp-json\/wp\/v2\/media?parent=3820"}],"curies":[{"name":"wp","href":"https:\/\/api.w.org\/{rel}","templated":true}]}}

<p style="text-align: left"><strong>Aquí puede consultar el&nbsp;calendario escolar&nbsp;</strong><strong>del presente curso y&nbsp;la resolución correspondiente.&nbsp;</strong></p>
<p style="text-align: left"><a href="https://drive.google.com/file/d/1JKpvX-jfUxwOUPwTWg8iGTU-9B254HxZ/view?usp=sharing" target="_blank" rel="noopener noreferrer">Calendario escolar 2025-2026</a></p>
<p style="text-align: left"><a href="https://drive.google.com/file/d/1Z6QxrEWNKaYwJNI1WX2xuA1VexDB4Eix/view?usp=sharing" target="_blank" rel="noopener noreferrer">Resolución calendario escolar</a></p>

<p>Aquí puede consultar el&nbsp;calendario escolar&nbsp;del presente curso y&nbsp;la resolución correspondiente.&nbsp; Calendario escolar 2025-2026 Resolución calendario escolar</p>
