{"id":99,"date":"2015-03-16T07:22:54","date_gmt":"2015-03-16T07:22:54","guid":{"rendered":"http:\/\/blogsaverroes.juntadeandalucia.es\/pre\/ceip\/?page_id=99"},"modified":"2023-08-09T21:52:19","modified_gmt":"2023-08-09T20:52:19","slug":"comedor-escolar","status":"publish","type":"page","link":"https:\/\/blogsaverroes.juntadeandalucia.es\/ceiptiernogalvanarmilla\/comedor-escolar\/","title":{"rendered":"Comedor escolar"},"content":{"rendered":"<h4>Informaci\u00f3n sobre el comedor escolar<\/h4>\n<h4><a href=\"http:\/\/blogsaverroes.juntadeandalucia.es\/ceiptiernogalvanarmilla\/files\/2015\/03\/comida.jpg\"><img loading=\"lazy\" decoding=\"async\" class=\"aligncenter wp-image-238 \" src=\"http:\/\/blogsaverroes.juntadeandalucia.es\/ceiptiernogalvanarmilla\/files\/2015\/03\/comida.jpg\" alt=\"\" width=\"582\" height=\"341\"><\/a><\/h4>\n<p>&nbsp;<\/p>\n<p>Los comedores escolares de los centros p\u00fablicos andaluces promueven una alimentaci\u00f3n saludable que est\u00e1 supervisada por nutricionistas y que, entre otros aspectos, se caracteriza por:<\/p>\n<p>Una mayor proporci\u00f3n de verdura en los men\u00fas<\/p>\n<p>Fruta fresca como postre al menos cuatro d\u00edas a la semana<\/p>\n<p>Uso de aceite de oliva virgen extra<\/p>\n<p>M\u00e1s pescado que carne, que debe ser magra<\/p>\n<p>Prohibici\u00f3n de los alimentos precocinados y limitaci\u00f3n de los fritos<\/p>\n<p>Apuesta por la dieta mediterr\u00e1nea y los productos ecol\u00f3gicos<\/p>\n<p><strong>Informaci\u00f3n&nbsp;a tener en cuenta<\/strong><\/p>\n<p>El horario es de 14:00 a 16:00 horas. Las familias deben de ser muy puntuales a la hora de recoger a sus hijos\/hijas al t\u00e9rmino del servicio.<\/p>\n<p>La empresa&nbsp; adjudicataria de este servicio para el presente curso es<\/p>\n<p>Aramark<\/p>\n<p>El precio del men\u00fa diario es de 4,98 \u20ac. Esta cantidad se podr\u00e1 ver reducida, si se solicita bonificaci\u00f3n en tiempo y forma, &nbsp;seg\u00fan el porcentaje &nbsp;asignado por la Administraci\u00f3n.<\/p>\n<p>El pago del servicio del comedor escolar se realizar\u00e1 directamente al Catering&nbsp; mediante domiciliaci\u00f3n bancaria.<\/p>\n<p><strong>Solicitudes<\/strong>: se realizar\u00e1n en la Secretar\u00eda del centro en los plazos de hacer la matr\u00edcula. Junto con la solicitud de comedor se presentar\u00e1n los documentos necesarios que acrediten la situaci\u00f3n laboral-familiar, con el fin de que se puedan establecer las prioridades que dar\u00e1n lugar a la obtenci\u00f3n de plaza.<\/p>\n<p><strong>Admisi\u00f3n de usuarios<\/strong>: la Administraci\u00f3n Educativa, teniendo en cuenta las circunstancias familiares acreditadas con la solicitud, adjudicar\u00e1 las plazas seg\u00fan el orden de prioridades establecido en la normativa que regula el procedimiento.<\/p>\n<p>Las familias habr\u00e1n de consultar los listados (tanto provisionales como definitivos) que se har\u00e1n p\u00fablicos en el tabl\u00f3n de anuncios del centro, en las fechas que establezca la Delegaci\u00f3n&nbsp; Territorial de Educaci\u00f3n. En caso de no estar de acuerdo con las mismas, tendr\u00e1n tres d\u00edas h\u00e1biles (en el caso de las provisionales) para presentar las alegaciones que consideren oportunas. Contra las definitivas podr\u00e1n interponer recurso de alzada (en el plazo de un mes)<\/p>\n<p><strong>Baja en el servicio<\/strong>: Ser\u00e1 comunicada en la Secretar\u00eda. Las familias habr\u00e1n de firmar la renuncia. Tambi\u00e9n ser\u00e1 motivo de baja la ausencia injustificada&nbsp; durante cinco d\u00edas consecutivos&nbsp; o el impago de dos recibos.<\/p>\n<p><strong>Bonificaciones<\/strong>: la solicitud de bonificaci\u00f3n se presentar\u00e1 en las fechas establecidas por la Administraci\u00f3n (la primera semana del mes de septiembre).<\/p>\n<p>Una vez hechas las oportunas diligencias y comprobadas las circunstancias familiares, la Consejer\u00eda conceder\u00e1, si procede, la bonificaci\u00f3n que corresponda seg\u00fan la informaci\u00f3n recibida de la AEAT.<\/p>\n<p><strong>Las bonificaciones provisionales se har\u00e1n p\u00fablicas en los tablones de anuncios del centro.<\/strong> Contra las mismas se podr\u00e1n presentar alegaciones o aportar los documentos requeridos para solucionar las posibles incidencias que puedan resultar. (El plazo para ello ser\u00e1 de tres d\u00edas h\u00e1biles contados a partir del siguiente a la publicaci\u00f3n de las mismas).<\/p>\n<p>Una vez hechas definitivas, se emitir\u00e1n las correspondientes notificaciones a las familias en donde constar\u00e1 la bonificaci\u00f3n otorgada.(Se podr\u00e1n retirar de Secretar\u00eda) El plazo de recurso de alzada ser\u00e1 de un mes a partir de la notificaci\u00f3n.<\/p>\n<p><strong>Algunas consideraciones a tener en cuenta:<\/strong><\/p>\n<ul>\n<li>La ausencia a clase implica la no asistencia a comedor en ese d\u00eda.<\/li>\n<li>Si un alumno\/a no va a asistir a comedor habiendo estado en clase, deber\u00e1n venir a recogerlo a la salida de clase y hacerlo saber en Secretar\u00eda.)<\/li>\n<li>Debemos transmitir a los ni\u00f1os y ni\u00f1as el respeto tanto a las personas que les ayudan dentro del comedor como a sus compa\u00f1eros\/as.<\/li>\n<li>Cualquier consulta sobre temas relacionados con el Servicio de Comedor deber\u00e1n hacerla en Direcci\u00f3n o Secretar\u00eda.<\/li>\n<\/ul>\n","protected":false},"excerpt":{"rendered":"<p>Informaci\u00f3n sobre el comedor escolar &nbsp; Los comedores escolares de los centros p\u00fablicos andaluces promueven una alimentaci\u00f3n saludable que est\u00e1 supervisada por nutricionistas y que, entre otros aspectos, se caracteriza por: Una mayor proporci\u00f3n&#46;&#46;&#46;<\/p>\n","protected":false},"author":1,"featured_media":0,"parent":0,"menu_order":0,"comment_status":"closed","ping_status":"open","template":"","meta":{"ngg_post_thumbnail":0,"footnotes":"","_mc_calendar":[]},"aioseo_notices":[],"_links":{"self":[{"href":"https:\/\/blogsaverroes.juntadeandalucia.es\/ceiptiernogalvanarmilla\/wp-json\/wp\/v2\/pages\/99"}],"collection":[{"href":"https:\/\/blogsaverroes.juntadeandalucia.es\/ceiptiernogalvanarmilla\/wp-json\/wp\/v2\/pages"}],"about":[{"href":"https:\/\/blogsaverroes.juntadeandalucia.es\/ceiptiernogalvanarmilla\/wp-json\/wp\/v2\/types\/page"}],"author":[{"embeddable":true,"href":"https:\/\/blogsaverroes.juntadeandalucia.es\/ceiptiernogalvanarmilla\/wp-json\/wp\/v2\/users\/1"}],"replies":[{"embeddable":true,"href":"https:\/\/blogsaverroes.juntadeandalucia.es\/ceiptiernogalvanarmilla\/wp-json\/wp\/v2\/comments?post=99"}],"version-history":[{"count":12,"href":"https:\/\/blogsaverroes.juntadeandalucia.es\/ceiptiernogalvanarmilla\/wp-json\/wp\/v2\/pages\/99\/revisions"}],"predecessor-version":[{"id":3592,"href":"https:\/\/blogsaverroes.juntadeandalucia.es\/ceiptiernogalvanarmilla\/wp-json\/wp\/v2\/pages\/99\/revisions\/3592"}],"wp:attachment":[{"href":"https:\/\/blogsaverroes.juntadeandalucia.es\/ceiptiernogalvanarmilla\/wp-json\/wp\/v2\/media?parent=99"}],"curies":[{"name":"wp","href":"https:\/\/api.w.org\/{rel}","templated":true}]}}