{"id":259,"date":"2017-06-23T09:56:29","date_gmt":"2017-06-23T09:56:29","guid":{"rendered":"http:\/\/blogsaverroes.juntadeandalucia.es\/ceiptiernogalvancadiz\/?page_id=259"},"modified":"2017-06-27T10:23:30","modified_gmt":"2017-06-27T10:23:30","slug":"programa-educacion-deportiva-infantil","status":"publish","type":"page","link":"https:\/\/blogsaverroes.juntadeandalucia.es\/ceiptiernogalvancadiz\/programa-educacion-deportiva-infantil\/","title":{"rendered":"C. D. Lagunense"},"content":{"rendered":"<p>El Club de f\u00fatbol del barrio \u00abLa Laguna\u00bb realiza actividades en nuestro centro para fomentar la modalidad deportiva de f\u00fatbol sala entre los m\u00e1s peque\u00f1os.<\/p>\n<p>Los participantes rondan los 60 ni\u00f1@s, de edades comprendidas entre los 4-12 a\u00f1os y se llevan a cabo en las pistas del colegio.<\/p>\n<p>Los entrenamientos ser\u00edan en horario de ma\u00f1ana, desde las 9.30h a las 13.00h.<\/p>\n<p style=\"text-align: center\">Informaci\u00f3n : <span style=\"text-decoration: underline\"><strong><a href=\"http:\/\/www.avvlalaguna.com\/\">AAVV La Laguna<\/a><\/strong><\/span><\/p>\n","protected":false},"excerpt":{"rendered":"<p>El Club de f\u00fatbol del barrio \u00abLa Laguna\u00bb realiza actividades en nuestro centro para fomentar la modalidad deportiva de f\u00fatbol sala entre los m\u00e1s peque\u00f1os. Los participantes rondan los 60 ni\u00f1@s, de edades comprendidas entre los 4-12 a\u00f1os y se llevan a cabo en las pistas del colegio. Los entrenamientos&#46;&#46;&#46;<\/p>\n","protected":false},"author":3206,"featured_media":0,"parent":0,"menu_order":0,"comment_status":"closed","ping_status":"closed","template":"","meta":{"ngg_post_thumbnail":0,"footnotes":""},"aioseo_notices":[],"_links":{"self":[{"href":"https:\/\/blogsaverroes.juntadeandalucia.es\/ceiptiernogalvancadiz\/wp-json\/wp\/v2\/pages\/259"}],"collection":[{"href":"https:\/\/blogsaverroes.juntadeandalucia.es\/ceiptiernogalvancadiz\/wp-json\/wp\/v2\/pages"}],"about":[{"href":"https:\/\/blogsaverroes.juntadeandalucia.es\/ceiptiernogalvancadiz\/wp-json\/wp\/v2\/types\/page"}],"author":[{"embeddable":true,"href":"https:\/\/blogsaverroes.juntadeandalucia.es\/ceiptiernogalvancadiz\/wp-json\/wp\/v2\/users\/3206"}],"replies":[{"embeddable":true,"href":"https:\/\/blogsaverroes.juntadeandalucia.es\/ceiptiernogalvancadiz\/wp-json\/wp\/v2\/comments?post=259"}],"version-history":[{"count":3,"href":"https:\/\/blogsaverroes.juntadeandalucia.es\/ceiptiernogalvancadiz\/wp-json\/wp\/v2\/pages\/259\/revisions"}],"predecessor-version":[{"id":270,"href":"https:\/\/blogsaverroes.juntadeandalucia.es\/ceiptiernogalvancadiz\/wp-json\/wp\/v2\/pages\/259\/revisions\/270"}],"wp:attachment":[{"href":"https:\/\/blogsaverroes.juntadeandalucia.es\/ceiptiernogalvancadiz\/wp-json\/wp\/v2\/media?parent=259"}],"curies":[{"name":"wp","href":"https:\/\/api.w.org\/{rel}","templated":true}]}}

<p>El Club de fútbol del barrio «La Laguna» realiza actividades en nuestro centro para fomentar la modalidad deportiva de fútbol sala entre los más pequeños.</p>
<p>Los participantes rondan los 60 niñ@s, de edades comprendidas entre los 4-12 años y se llevan a cabo en las pistas del colegio.</p>
<p>Los entrenamientos serían en horario de mañana, desde las 9.30h a las 13.00h.</p>
<p style="text-align: center">Información : <span style="text-decoration: underline"><strong><a href="http://www.avvlalaguna.com/">AAVV La Laguna</a></strong></span></p>

<p>El Club de fútbol del barrio «La Laguna» realiza actividades en nuestro centro para fomentar la modalidad deportiva de fútbol sala entre los más pequeños. Los participantes rondan los 60 niñ@s, de edades comprendidas entre los 4-12 años y se llevan a cabo en las pistas del colegio. Los entrenamientos&#46;&#46;&#46;</p>
