{"id":383,"date":"2017-06-29T09:27:58","date_gmt":"2017-06-29T09:27:58","guid":{"rendered":"http:\/\/blogsaverroes.juntadeandalucia.es\/ceiptiernogalvancadiz\/?page_id=383"},"modified":"2020-09-14T14:23:05","modified_gmt":"2020-09-14T14:23:05","slug":"horario","status":"publish","type":"page","link":"https:\/\/blogsaverroes.juntadeandalucia.es\/ceiptiernogalvancadiz\/horario\/","title":{"rendered":"Horario"},"content":{"rendered":"<p lang=\"zxx\" align=\"justify\"><span style=\"font-family: Times New Roman,serif\"><span style=\"font-size: small\">ADMINISTRACI\u00d3N: Lunes a viernes, de 9:30 a 11:15 <strong>S\u00d3LO BAJO PETICI\u00d3N DE CITA PREVIA.<\/strong><\/span><\/span><\/p>\n<p align=\"justify\"><span style=\"font-size: small\"><span style=\"font-family: Times New Roman,serif\"><span lang=\"zxx\">SECRETARIO (Equipo Directivo): Martes de 12:00 a 13:00. <strong>S\u00d3LO BAJO PETICI\u00d3N DE CITA PREVIA<\/strong><\/span><\/span><\/span><\/p>\n","protected":false},"excerpt":{"rendered":"<p>ADMINISTRACI\u00d3N: Lunes a viernes, de 9:30 a 11:15 S\u00d3LO BAJO PETICI\u00d3N DE CITA PREVIA. SECRETARIO (Equipo Directivo): Martes de 12:00 a 13:00. S\u00d3LO BAJO PETICI\u00d3N DE CITA PREVIA<\/p>\n","protected":false},"author":3206,"featured_media":0,"parent":0,"menu_order":0,"comment_status":"closed","ping_status":"closed","template":"","meta":{"ngg_post_thumbnail":0,"footnotes":""},"aioseo_notices":[],"_links":{"self":[{"href":"https:\/\/blogsaverroes.juntadeandalucia.es\/ceiptiernogalvancadiz\/wp-json\/wp\/v2\/pages\/383"}],"collection":[{"href":"https:\/\/blogsaverroes.juntadeandalucia.es\/ceiptiernogalvancadiz\/wp-json\/wp\/v2\/pages"}],"about":[{"href":"https:\/\/blogsaverroes.juntadeandalucia.es\/ceiptiernogalvancadiz\/wp-json\/wp\/v2\/types\/page"}],"author":[{"embeddable":true,"href":"https:\/\/blogsaverroes.juntadeandalucia.es\/ceiptiernogalvancadiz\/wp-json\/wp\/v2\/users\/3206"}],"replies":[{"embeddable":true,"href":"https:\/\/blogsaverroes.juntadeandalucia.es\/ceiptiernogalvancadiz\/wp-json\/wp\/v2\/comments?post=383"}],"version-history":[{"count":3,"href":"https:\/\/blogsaverroes.juntadeandalucia.es\/ceiptiernogalvancadiz\/wp-json\/wp\/v2\/pages\/383\/revisions"}],"predecessor-version":[{"id":1024,"href":"https:\/\/blogsaverroes.juntadeandalucia.es\/ceiptiernogalvancadiz\/wp-json\/wp\/v2\/pages\/383\/revisions\/1024"}],"wp:attachment":[{"href":"https:\/\/blogsaverroes.juntadeandalucia.es\/ceiptiernogalvancadiz\/wp-json\/wp\/v2\/media?parent=383"}],"curies":[{"name":"wp","href":"https:\/\/api.w.org\/{rel}","templated":true}]}}

<p lang="zxx" align="justify"><span style="font-family: Times New Roman,serif"><span style="font-size: small">ADMINISTRACIÓN: Lunes a viernes, de 9:30 a 11:15 <strong>SÓLO BAJO PETICIÓN DE CITA PREVIA.</strong></span></span></p>
<p align="justify"><span style="font-size: small"><span style="font-family: Times New Roman,serif"><span lang="zxx">SECRETARIO (Equipo Directivo): Martes de 12:00 a 13:00. <strong>SÓLO BAJO PETICIÓN DE CITA PREVIA</strong></span></span></span></p>

<p>ADMINISTRACIÓN: Lunes a viernes, de 9:30 a 11:15 SÓLO BAJO PETICIÓN DE CITA PREVIA. SECRETARIO (Equipo Directivo): Martes de 12:00 a 13:00. SÓLO BAJO PETICIÓN DE CITA PREVIA</p>
